{"id":10154,"date":"2021-10-03T13:35:21","date_gmt":"2021-10-03T11:35:21","guid":{"rendered":"https:\/\/www.maria-koenigin.de\/?page_id=10154"},"modified":"2025-11-24T16:03:19","modified_gmt":"2025-11-24T15:03:19","slug":"digitalisierung","status":"publish","type":"page","link":"http:\/\/www.maria-koenigin.de\/?page_id=10154","title":{"rendered":"Digitalisierung"},"content":{"rendered":"<p style=\"text-align: justify;\">In dieser Rubrik m\u00f6chten wir aktuelle Informationen aus dem Bereich der Digitalisierung geben. Dabei werden die Informationen stetig aktualisiert und erweitert, so dass sich ein erneuter Besuch sicherlich lohnen wird.<\/p>\n<p style=\"text-align: justify;\"><strong>Informationen zu sch\u00fclereigenen Endger\u00e4ten<\/strong><\/p>\n<p><img loading=\"lazy\" decoding=\"async\" class=\"alignnone size-full wp-image-10186\" src=\"http:\/\/www.maria-koenigin.de\/wordpress\/wp-content\/uploads\/2021\/10\/flyer_ipad_21.jpg\" alt=\"\" width=\"650\" height=\"463\" srcset=\"http:\/\/www.maria-koenigin.de\/wordpress\/wp-content\/uploads\/2021\/10\/flyer_ipad_21.jpg 650w, http:\/\/www.maria-koenigin.de\/wordpress\/wp-content\/uploads\/2021\/10\/flyer_ipad_21-300x214.jpg 300w, http:\/\/www.maria-koenigin.de\/wordpress\/wp-content\/uploads\/2021\/10\/flyer_ipad_21-624x444.jpg 624w\" sizes=\"auto, (max-width: 650px) 100vw, 650px\" \/><\/p>\n<p>Mit Beginn des Schuljahres 2021\/22 wurde die Nutzung von sch\u00fclereigenen iPads eingef\u00fchrt. Inzwischen nutzen alle Sch\u00fclerinnen und Sch\u00fcler der Jahrgangsstufen 7 bis Q2 am Gymnasium Maria K\u00f6nigin in den Unterrichtsr\u00e4umen und Zuhause ihr eigenes iPad.\u00a0 Um weitere Eindr\u00fccke und Informationen zu geben, haben wir einen Flyer sowie ein Video erstellt.<\/p>\n<p><strong>Downloads\/Links<br \/>\n<\/strong><\/p>\n<p><a href=\"http:\/\/www.maria-koenigin.de\/wordpress\/wp-content\/inhalte\/sonstiges\/flyer_ipad_mk.pdf\" target=\"_blank\" rel=\"noopener\">Flyer zum iPad<\/a><\/p>\n<p>Video zum Einsatz der iPads an MK:<\/p>\n<p><iframe loading=\"lazy\" title=\"Sch\u00fclereigene iPads an MK\" width=\"625\" height=\"352\" src=\"https:\/\/www.youtube.com\/embed\/gJgKK4QRYzE?feature=oembed\" frameborder=\"0\" allow=\"accelerometer; autoplay; clipboard-write; encrypted-media; gyroscope; picture-in-picture; web-share\" referrerpolicy=\"strict-origin-when-cross-origin\" allowfullscreen><\/iframe><\/p>\n<p><a href=\"https:\/\/gfdb.smartsupport.de\/service\/device\" target=\"_blank\" rel=\"noopener\">Serviceportal der GfdB<\/a><\/p>\n<p><strong>Digitale Ger\u00e4te im Unterricht und im Schulalltag (Bildschirmzeit)<\/strong><\/p>\n<p style=\"text-align: justify;\">Digitale Medien geh\u00f6ren heute selbstverst\u00e4ndlich zum Alltag unserer Sch\u00fclerinnen und Sch\u00fcler \u2013 sowohl im Unterricht als auch in der Freizeit. Smartphones, Tablets und digitale Tafeln er\u00f6ffnen neue Lernwege, erleichtern den Zugang zu Informationen und unterst\u00fctzen kreative Arbeitsformen. Gleichzeitig ist uns bewusst, dass ein ausgewogener und reflektierter Umgang mit der Bildschirmzeit entscheidend f\u00fcr die Gesundheit, das Wohlbefinden und den Lernerfolg unserer Sch\u00fclerinnen und Sch\u00fcler ist.<span class=\"Apple-converted-space\">\u00a0<\/span>Daher achten wir auf eine p\u00e4dagogisch sinnvolle Balance zwischen analogen und digitalen Arbeitsphasen. Ziel ist es, den Lernprozess zu unterst\u00fctzen um den Lernerfolg zu optimieren \u2013 nicht die Bildschirmzeit zu maximieren.<span class=\"Apple-converted-space\">\u00a0<\/span><\/p>\n<p><strong>Ansprechpartner bei Fragen<\/strong><\/p>\n<p>Andr\u00e9 Bertels<\/p>\n<p>Fragen speziell zum Tablet k\u00f6nnen an die Adresse tablet[at]maria-koenigin.de gerichtet werden.<\/p>\n<p><strong>Arbeitskreis sch\u00fclereigene Endger\u00e4te<\/strong><\/p>\n<p>Zur Planung und Einf\u00fchrung sch\u00fclereigener Endger\u00e4te wurde im Schuljahr 2020\/21 ein Arbeitskreis bestehend aus Eltern, Sch\u00fclern, Lehrern und der Schulleitung gegr\u00fcndet. Ein abschlie\u00dfend entwickeltes Konzept wurde durch die Schulkonferenz beschlossen, so dass seit dem Schuljahr 2021\/22 alle Sch\u00fclerinnen und Sch\u00fcler ab der Jahrgangsstufe 7 \u00fcber ein eigenes Ger\u00e4t verf\u00fcgen.<\/p>\n<p><img loading=\"lazy\" decoding=\"async\" class=\"alignnone size-full wp-image-10271\" src=\"http:\/\/www.maria-koenigin.de\/wordpress\/wp-content\/uploads\/2021\/12\/iPad_Bild.jpg\" alt=\"\" width=\"650\" height=\"488\" srcset=\"http:\/\/www.maria-koenigin.de\/wordpress\/wp-content\/uploads\/2021\/12\/iPad_Bild.jpg 650w, http:\/\/www.maria-koenigin.de\/wordpress\/wp-content\/uploads\/2021\/12\/iPad_Bild-300x225.jpg 300w, http:\/\/www.maria-koenigin.de\/wordpress\/wp-content\/uploads\/2021\/12\/iPad_Bild-624x468.jpg 624w\" sizes=\"auto, (max-width: 650px) 100vw, 650px\" \/><\/p>\n<p style=\"text-align: justify;\"><strong>Arbeitskreis Digitalisierung<\/strong><\/p>\n<p style=\"text-align: justify;\">Der Arbeitskreis Digitalisierung besch\u00e4ftigt sich mit dem Thema Digitalisierung an unserer Schule. Die Treffen wurden im Schuljahr 2020\/2021 durch die Gr\u00fcndung des Arbeitskreises sch\u00fclereigene Endger\u00e4te und Corona ausgesetzt. Aktuell besteht der Arbeitskreis aus Eltern, Lehrern sowie Vertretern der Schulleitung. Sollten Sie an einer Teilnahme interessiert sein, k\u00f6nnen Sie sich an das Sekretariat wenden.<\/p>\n<p><strong>Ansprechpartner bei Fragen<\/strong><\/p>\n<p>Andr\u00e9 Bertels<\/p>\n","protected":false},"excerpt":{"rendered":"<p>In dieser Rubrik m\u00f6chten wir aktuelle Informationen aus dem Bereich der Digitalisierung geben. Dabei werden die Informationen stetig aktualisiert und erweitert, so dass sich ein erneuter Besuch sicherlich lohnen wird. Informationen zu sch\u00fclereigenen Endger\u00e4ten Mit Beginn des Schuljahres 2021\/22 wurde die Nutzung von sch\u00fclereigenen iPads eingef\u00fchrt. Inzwischen nutzen alle Sch\u00fclerinnen und Sch\u00fcler der Jahrgangsstufen 7 [&hellip;]<\/p>\n","protected":false},"author":1,"featured_media":0,"parent":0,"menu_order":0,"comment_status":"closed","ping_status":"closed","template":"","meta":{"ngg_post_thumbnail":0,"_mc_calendar":[],"footnotes":""},"class_list":["post-10154","page","type-page","status-publish","hentry"],"_links":{"self":[{"href":"http:\/\/www.maria-koenigin.de\/index.php?rest_route=\/wp\/v2\/pages\/10154","targetHints":{"allow":["GET"]}}],"collection":[{"href":"http:\/\/www.maria-koenigin.de\/index.php?rest_route=\/wp\/v2\/pages"}],"about":[{"href":"http:\/\/www.maria-koenigin.de\/index.php?rest_route=\/wp\/v2\/types\/page"}],"author":[{"embeddable":true,"href":"http:\/\/www.maria-koenigin.de\/index.php?rest_route=\/wp\/v2\/users\/1"}],"replies":[{"embeddable":true,"href":"http:\/\/www.maria-koenigin.de\/index.php?rest_route=%2Fwp%2Fv2%2Fcomments&post=10154"}],"version-history":[{"count":11,"href":"http:\/\/www.maria-koenigin.de\/index.php?rest_route=\/wp\/v2\/pages\/10154\/revisions"}],"predecessor-version":[{"id":17256,"href":"http:\/\/www.maria-koenigin.de\/index.php?rest_route=\/wp\/v2\/pages\/10154\/revisions\/17256"}],"wp:attachment":[{"href":"http:\/\/www.maria-koenigin.de\/index.php?rest_route=%2Fwp%2Fv2%2Fmedia&parent=10154"}],"curies":[{"name":"wp","href":"https:\/\/api.w.org\/{rel}","templated":true}]}}

<p style="text-align: justify;">In dieser Rubrik möchten wir aktuelle Informationen aus dem Bereich der Digitalisierung geben. Dabei werden die Informationen stetig aktualisiert und erweitert, so dass sich ein erneuter Besuch sicherlich lohnen wird.</p>
<p style="text-align: justify;"><strong>Informationen zu schülereigenen Endgeräten</strong></p>
<p><img loading="lazy" decoding="async" class="alignnone size-full wp-image-10186" src="http://www.maria-koenigin.de/wordpress/wp-content/uploads/2021/10/flyer_ipad_21.jpg" alt="" width="650" height="463" srcset="http://www.maria-koenigin.de/wordpress/wp-content/uploads/2021/10/flyer_ipad_21.jpg 650w, http://www.maria-koenigin.de/wordpress/wp-content/uploads/2021/10/flyer_ipad_21-300x214.jpg 300w, http://www.maria-koenigin.de/wordpress/wp-content/uploads/2021/10/flyer_ipad_21-624x444.jpg 624w" sizes="auto, (max-width: 650px) 100vw, 650px" /></p>
<p>Mit Beginn des Schuljahres 2021/22 wurde die Nutzung von schülereigenen iPads eingeführt. Inzwischen nutzen alle Schülerinnen und Schüler der Jahrgangsstufen 7 bis Q2 am Gymnasium Maria Königin in den Unterrichtsräumen und Zuhause ihr eigenes iPad.  Um weitere Eindrücke und Informationen zu geben, haben wir einen Flyer sowie ein Video erstellt.</p>
<p><strong>Downloads/Links<br />
</strong></p>
<p><a href="http://www.maria-koenigin.de/wordpress/wp-content/inhalte/sonstiges/flyer_ipad_mk.pdf" target="_blank" rel="noopener">Flyer zum iPad</a></p>
<p>Video zum Einsatz der iPads an MK:</p>
<p><iframe loading="lazy" title="Schülereigene iPads an MK" width="625" height="352" src="https://www.youtube.com/embed/gJgKK4QRYzE?feature=oembed" frameborder="0" allow="accelerometer; autoplay; clipboard-write; encrypted-media; gyroscope; picture-in-picture; web-share" referrerpolicy="strict-origin-when-cross-origin" allowfullscreen></iframe></p>
<p><a href="https://gfdb.smartsupport.de/service/device" target="_blank" rel="noopener">Serviceportal der GfdB</a></p>
<p><strong>Digitale Geräte im Unterricht und im Schulalltag (Bildschirmzeit)</strong></p>
<p style="text-align: justify;">Digitale Medien gehören heute selbstverständlich zum Alltag unserer Schülerinnen und Schüler – sowohl im Unterricht als auch in der Freizeit. Smartphones, Tablets und digitale Tafeln eröffnen neue Lernwege, erleichtern den Zugang zu Informationen und unterstützen kreative Arbeitsformen. Gleichzeitig ist uns bewusst, dass ein ausgewogener und reflektierter Umgang mit der Bildschirmzeit entscheidend für die Gesundheit, das Wohlbefinden und den Lernerfolg unserer Schülerinnen und Schüler ist.<span class="Apple-converted-space"> </span>Daher achten wir auf eine pädagogisch sinnvolle Balance zwischen analogen und digitalen Arbeitsphasen. Ziel ist es, den Lernprozess zu unterstützen um den Lernerfolg zu optimieren – nicht die Bildschirmzeit zu maximieren.<span class="Apple-converted-space"> </span></p>
<p><strong>Ansprechpartner bei Fragen</strong></p>
<p>André Bertels</p>
<p>Fragen speziell zum Tablet können an die Adresse tablet[at]maria-koenigin.de gerichtet werden.</p>
<p><strong>Arbeitskreis schülereigene Endgeräte</strong></p>
<p>Zur Planung und Einführung schülereigener Endgeräte wurde im Schuljahr 2020/21 ein Arbeitskreis bestehend aus Eltern, Schülern, Lehrern und der Schulleitung gegründet. Ein abschließend entwickeltes Konzept wurde durch die Schulkonferenz beschlossen, so dass seit dem Schuljahr 2021/22 alle Schülerinnen und Schüler ab der Jahrgangsstufe 7 über ein eigenes Gerät verfügen.</p>
<p><img loading="lazy" decoding="async" class="alignnone size-full wp-image-10271" src="http://www.maria-koenigin.de/wordpress/wp-content/uploads/2021/12/iPad_Bild.jpg" alt="" width="650" height="488" srcset="http://www.maria-koenigin.de/wordpress/wp-content/uploads/2021/12/iPad_Bild.jpg 650w, http://www.maria-koenigin.de/wordpress/wp-content/uploads/2021/12/iPad_Bild-300x225.jpg 300w, http://www.maria-koenigin.de/wordpress/wp-content/uploads/2021/12/iPad_Bild-624x468.jpg 624w" sizes="auto, (max-width: 650px) 100vw, 650px" /></p>
<p style="text-align: justify;"><strong>Arbeitskreis Digitalisierung</strong></p>
<p style="text-align: justify;">Der Arbeitskreis Digitalisierung beschäftigt sich mit dem Thema Digitalisierung an unserer Schule. Die Treffen wurden im Schuljahr 2020/2021 durch die Gründung des Arbeitskreises schülereigene Endgeräte und Corona ausgesetzt. Aktuell besteht der Arbeitskreis aus Eltern, Lehrern sowie Vertretern der Schulleitung. Sollten Sie an einer Teilnahme interessiert sein, können Sie sich an das Sekretariat wenden.</p>
<p><strong>Ansprechpartner bei Fragen</strong></p>
<p>André Bertels</p>

<p>In dieser Rubrik möchten wir aktuelle Informationen aus dem Bereich der Digitalisierung geben. Dabei werden die Informationen stetig aktualisiert und erweitert, so dass sich ein erneuter Besuch sicherlich lohnen wird. Informationen zu schülereigenen Endgeräten Mit Beginn des Schuljahres 2021/22 wurde die Nutzung von schülereigenen iPads eingeführt. Inzwischen nutzen alle Schülerinnen und Schüler der Jahrgangsstufen 7 [&hellip;]</p>
