{"id":11480,"date":"2022-12-22T08:42:57","date_gmt":"2022-12-22T07:42:57","guid":{"rendered":"http:\/\/www.maria-koenigin.de\/?page_id=11480"},"modified":"2024-04-12T09:42:37","modified_gmt":"2024-04-12T07:42:37","slug":"chemie-ag","status":"publish","type":"page","link":"http:\/\/www.maria-koenigin.de\/?page_id=11480","title":{"rendered":"Chemie AG"},"content":{"rendered":"<h1>Interesse an der Chemie AG?<\/h1>\n<h1><img loading=\"lazy\" decoding=\"async\" class=\"alignnone wp-image-12699\" src=\"http:\/\/www.maria-koenigin.de\/wordpress\/wp-content\/uploads\/2023\/09\/20230505_100912738_iOS-225x300.png\" alt=\"\" width=\"350\" height=\"467\" srcset=\"http:\/\/www.maria-koenigin.de\/wordpress\/wp-content\/uploads\/2023\/09\/20230505_100912738_iOS-225x300.png 225w, http:\/\/www.maria-koenigin.de\/wordpress\/wp-content\/uploads\/2023\/09\/20230505_100912738_iOS-768x1024.png 768w, http:\/\/www.maria-koenigin.de\/wordpress\/wp-content\/uploads\/2023\/09\/20230505_100912738_iOS-1152x1536.png 1152w, http:\/\/www.maria-koenigin.de\/wordpress\/wp-content\/uploads\/2023\/09\/20230505_100912738_iOS-1536x2048.png 1536w, http:\/\/www.maria-koenigin.de\/wordpress\/wp-content\/uploads\/2023\/09\/20230505_100912738_iOS-624x832.png 624w\" sizes=\"auto, (max-width: 350px) 100vw, 350px\" \/><\/h1>\n<p style=\"text-align: justify;\">Die Chemie AG steht allen Sch\u00fclerinnen und Sch\u00fclern unserer Schule ab der Klassenstufe 7 offen. Hier kann unabh\u00e4ngig vom Lehrplan projektorientiert experimentiert werden. F\u00fcr uns stehen dabei die Durchf\u00fchrung interessanter Experimente im Vordergrund, f\u00fcr die im normalen Unterricht kein Platz ist. Unter der Anleitung der Chemielehrerinnen und Chemielehrern k\u00f6nnt ihr die ausgew\u00e4hlten Versuche ausprobieren oder auch eigene Projekte durchf\u00fchren. Besonderer Beliebtheit erfreuen sich unsere Chemie AG, wenn es auf die Adventszeit zugeht und die Sch\u00fclerinnen und Sch\u00fcler eine selbst geplante Chemie-Show durchf\u00fchren. Im Rahmen der Chemie AG besteht auch die M\u00f6glichkeit Unterst\u00fctzung f\u00fcr Wettbewerbe wie Jugend forscht oder Chemieolympiade zu bekommen. Des Weiteren k\u00f6nnten Exkursionen zu der naturwissenschaftlichen Abteilung der Chemie Didaktik der Universit\u00e4ten Siegen durchgef\u00fchrt werden.\u00a0 Wenn auch du Interesse an der Chemie AG hast, dann kannst du uns gerne darauf ansprechen oder kommst einfach vorbei, wenn es wieder los geht.<\/p>\n<p><a href=\"http:\/\/www.maria-koenigin.de\/?page_id=12732\">zur\u00fcck<\/a> zur AG \u00dcbersicht<\/p>\n<p>&nbsp;<\/p>\n","protected":false},"excerpt":{"rendered":"<p>Interesse an der Chemie AG? Die Chemie AG steht allen Sch\u00fclerinnen und Sch\u00fclern unserer Schule ab der Klassenstufe 7 offen. Hier kann unabh\u00e4ngig vom Lehrplan projektorientiert experimentiert werden. F\u00fcr uns stehen dabei die Durchf\u00fchrung interessanter Experimente im Vordergrund, f\u00fcr die im normalen Unterricht kein Platz ist. Unter der Anleitung der Chemielehrerinnen und Chemielehrern k\u00f6nnt ihr [&hellip;]<\/p>\n","protected":false},"author":14,"featured_media":0,"parent":0,"menu_order":0,"comment_status":"closed","ping_status":"closed","template":"","meta":{"ngg_post_thumbnail":0,"_mc_calendar":[],"footnotes":""},"class_list":["post-11480","page","type-page","status-publish","hentry"],"_links":{"self":[{"href":"http:\/\/www.maria-koenigin.de\/index.php?rest_route=\/wp\/v2\/pages\/11480","targetHints":{"allow":["GET"]}}],"collection":[{"href":"http:\/\/www.maria-koenigin.de\/index.php?rest_route=\/wp\/v2\/pages"}],"about":[{"href":"http:\/\/www.maria-koenigin.de\/index.php?rest_route=\/wp\/v2\/types\/page"}],"author":[{"embeddable":true,"href":"http:\/\/www.maria-koenigin.de\/index.php?rest_route=\/wp\/v2\/users\/14"}],"replies":[{"embeddable":true,"href":"http:\/\/www.maria-koenigin.de\/index.php?rest_route=%2Fwp%2Fv2%2Fcomments&post=11480"}],"version-history":[{"count":10,"href":"http:\/\/www.maria-koenigin.de\/index.php?rest_route=\/wp\/v2\/pages\/11480\/revisions"}],"predecessor-version":[{"id":14163,"href":"http:\/\/www.maria-koenigin.de\/index.php?rest_route=\/wp\/v2\/pages\/11480\/revisions\/14163"}],"wp:attachment":[{"href":"http:\/\/www.maria-koenigin.de\/index.php?rest_route=%2Fwp%2Fv2%2Fmedia&parent=11480"}],"curies":[{"name":"wp","href":"https:\/\/api.w.org\/{rel}","templated":true}]}}