{"id":12358,"date":"2023-10-05T11:07:39","date_gmt":"2023-10-05T09:07:39","guid":{"rendered":"http:\/\/www.maria-koenigin.de\/?page_id=12358"},"modified":"2025-04-23T15:33:54","modified_gmt":"2025-04-23T13:33:54","slug":"zdi-roboterwettbewerb","status":"publish","type":"page","link":"http:\/\/www.maria-koenigin.de\/?page_id=12358","title":{"rendered":"ZDI Roboterwettbewerb"},"content":{"rendered":"<p><strong>ZDI Roboterwettbewerb &#8211; bauen, programmieren, Spa\u00df haben!<\/strong><\/p>\n<p style=\"text-align: left;\">Zukunft durch Innovation.NRW (kurz: zdi) ist eine Gemeinschaftsoffensive zur F\u00f6rderung des naturwissenschaftlich-technischen Nachwuchses in Nordrhein-Westfalen.<\/p>\n<p><img loading=\"lazy\" decoding=\"async\" class=\"alignnone wp-image-12364 size-large\" src=\"http:\/\/www.maria-koenigin.de\/wordpress\/wp-content\/uploads\/2023\/07\/20230425_095639-1024x768.jpg\" alt=\"\" width=\"625\" height=\"469\" srcset=\"http:\/\/www.maria-koenigin.de\/wordpress\/wp-content\/uploads\/2023\/07\/20230425_095639-1024x768.jpg 1024w, http:\/\/www.maria-koenigin.de\/wordpress\/wp-content\/uploads\/2023\/07\/20230425_095639-300x225.jpg 300w, http:\/\/www.maria-koenigin.de\/wordpress\/wp-content\/uploads\/2023\/07\/20230425_095639-768x576.jpg 768w, http:\/\/www.maria-koenigin.de\/wordpress\/wp-content\/uploads\/2023\/07\/20230425_095639-1536x1152.jpg 1536w, http:\/\/www.maria-koenigin.de\/wordpress\/wp-content\/uploads\/2023\/07\/20230425_095639-2048x1536.jpg 2048w, http:\/\/www.maria-koenigin.de\/wordpress\/wp-content\/uploads\/2023\/07\/20230425_095639-624x468.jpg 624w\" sizes=\"auto, (max-width: 625px) 100vw, 625px\" \/><\/p>\n<p style=\"text-align: justify;\">Im Rahmen des ZDI-Roboterwettbewerbs k\u00f6nnen Sch\u00fclerinnen und Sch\u00fcler eigene LEGO-Roboter bauen, diese programmieren und gegen Teams von anderen Schulen antreten. Die Regionalrunde des Wettbewerbs wird vom ZDI-Netzwerk Olpe ausgerichtet. Bei einem entsprechend guten Abschneiden, geht es bis zum Finale in \u00fcberregionalen Wettbewerben in NRW weiter. Es geht hier aber nicht nur um das Gewinnen, sondern vor allen Dingen um die Teamarbeit und den Spa\u00df beim Ausprobieren, Weiterentwickeln und der anwendungsbezogenen Auseinandersetzung mit Informatik und Technik in einer lockeren Atmosph\u00e4re.<\/p>\n<p><img loading=\"lazy\" decoding=\"async\" class=\"alignnone wp-image-12365 size-large\" src=\"http:\/\/www.maria-koenigin.de\/wordpress\/wp-content\/uploads\/2023\/07\/20230425_102621-1024x768.jpg\" alt=\"\" width=\"625\" height=\"469\" srcset=\"http:\/\/www.maria-koenigin.de\/wordpress\/wp-content\/uploads\/2023\/07\/20230425_102621-1024x768.jpg 1024w, http:\/\/www.maria-koenigin.de\/wordpress\/wp-content\/uploads\/2023\/07\/20230425_102621-300x225.jpg 300w, http:\/\/www.maria-koenigin.de\/wordpress\/wp-content\/uploads\/2023\/07\/20230425_102621-768x576.jpg 768w, http:\/\/www.maria-koenigin.de\/wordpress\/wp-content\/uploads\/2023\/07\/20230425_102621-1536x1152.jpg 1536w, http:\/\/www.maria-koenigin.de\/wordpress\/wp-content\/uploads\/2023\/07\/20230425_102621-2048x1536.jpg 2048w, http:\/\/www.maria-koenigin.de\/wordpress\/wp-content\/uploads\/2023\/07\/20230425_102621-624x468.jpg 624w\" sizes=\"auto, (max-width: 625px) 100vw, 625px\" \/><\/p>\n<p style=\"text-align: justify;\">Der Wettbewerb bietet dabei das \u201eRobot Game\u201c an, bei dem gemischte Teams auf einer Wettkampfmatte mit ihrem selbst entworfenen Roboter in einer vorgegebenen Zeit verschiedene Aufgaben erledigen m\u00fcssen. Seit neuestem gibt es auch den Wettkampfmodus \u201eRobo-Performance\u201c, bei der ausschlie\u00dflich M\u00e4dchengruppen teilnehmen d\u00fcrfen, um mit ihrem Roboter eine Choreographie einzustudieren. Hier ein Eindruck unseres Laufs beim Landes finale in M\u00fclheim a.d. Ruhr, wo wir den 7.Platz belegten:<\/p>\n<p><a href=\"https:\/\/magentacloud.de\/s\/3zcBmfYQqJaLxYM\" target=\"_blank\" rel=\"noopener\">Video_Link<\/a><\/p>\n<p><img loading=\"lazy\" decoding=\"async\" class=\"alignnone wp-image-15511 size-full\" src=\"http:\/\/www.maria-koenigin.de\/wordpress\/wp-content\/uploads\/2025\/03\/07_Lennestadt_Gymnasium-Maria-Koenigin_MK-1_02.jpg\" alt=\"\" width=\"1024\" height=\"683\" srcset=\"http:\/\/www.maria-koenigin.de\/wordpress\/wp-content\/uploads\/2025\/03\/07_Lennestadt_Gymnasium-Maria-Koenigin_MK-1_02.jpg 1024w, http:\/\/www.maria-koenigin.de\/wordpress\/wp-content\/uploads\/2025\/03\/07_Lennestadt_Gymnasium-Maria-Koenigin_MK-1_02-300x200.jpg 300w, http:\/\/www.maria-koenigin.de\/wordpress\/wp-content\/uploads\/2025\/03\/07_Lennestadt_Gymnasium-Maria-Koenigin_MK-1_02-768x512.jpg 768w, http:\/\/www.maria-koenigin.de\/wordpress\/wp-content\/uploads\/2025\/03\/07_Lennestadt_Gymnasium-Maria-Koenigin_MK-1_02-624x416.jpg 624w\" sizes=\"auto, (max-width: 1024px) 100vw, 1024px\" \/><\/p>\n<p>Im kommenden Jahr steht der Wettbewerb unter dem Motto<strong> \u201eFuture Food &#8211; Die Zukunft isst mit: Ein Blick auf die Ern\u00e4hrung von morgen.&#8220;<\/strong> Dabei stellen wir uns die Fragen: Was wird in Zukunft auf unseren Tellern liegen? Welche Innovationen pr\u00e4gen die Lebensmittelproduktion? Oder wie k\u00f6nnen wir alle satt werden, ohne dabei die Umwelt und unseren Lebensraum zu sch\u00e4digen?<\/p>\n<p style=\"text-align: justify;\">Der ZDI-Roboterwettbewerb richtet sich an alle Sch\u00fclerinnen und Sch\u00fcler der Klassen 7-10. Die Vorbereitung auf den Wettbewerb findet an unserer Schule im AG Bereich der Digital AG statt . Dabei m\u00fcsst ihr aber nicht zwingend an der AG in der 5.\/6. Klasse teilgenommen haben. Au\u00dferdem ist im Regelunterricht der Junior Ingenieur Akademie der Klasse 9 vorgesehen, am Roboter Wettbewerb teilzunehmen.<\/p>\n<p style=\"text-align: justify;\">Bist du kreativ und hast du Lust deinen eigenen Roboter zu entwerfen und zu programmieren? Arbeitest du gerne im Team und m\u00f6chtest dich gerne mit Gleichaltrigen messen? Dann ist der ZDI-Roboterwettbewerb genau das Richtige. Falls du Interesse hast kannst du mich gerne ansprechen!<\/p>\n<p><strong>Ansprechpartner:<\/strong> Matthias Walter<\/p>\n<p><a href=\"http:\/\/www.maria-koenigin.de\/?page_id=12734\">zur\u00fcck<\/a> zur \u00dcbersicht der Wettbewerbe<\/p>\n","protected":false},"excerpt":{"rendered":"<p>ZDI Roboterwettbewerb &#8211; bauen, programmieren, Spa\u00df haben! Zukunft durch Innovation.NRW (kurz: zdi) ist eine Gemeinschaftsoffensive zur F\u00f6rderung des naturwissenschaftlich-technischen Nachwuchses in Nordrhein-Westfalen. Im Rahmen des ZDI-Roboterwettbewerbs k\u00f6nnen Sch\u00fclerinnen und Sch\u00fcler eigene LEGO-Roboter bauen, diese programmieren und gegen Teams von anderen Schulen antreten. Die Regionalrunde des Wettbewerbs wird vom ZDI-Netzwerk Olpe ausgerichtet. Bei einem entsprechend guten [&hellip;]<\/p>\n","protected":false},"author":14,"featured_media":0,"parent":0,"menu_order":0,"comment_status":"closed","ping_status":"closed","template":"","meta":{"ngg_post_thumbnail":0,"_mc_calendar":[],"footnotes":""},"class_list":["post-12358","page","type-page","status-publish","hentry"],"_links":{"self":[{"href":"http:\/\/www.maria-koenigin.de\/index.php?rest_route=\/wp\/v2\/pages\/12358","targetHints":{"allow":["GET"]}}],"collection":[{"href":"http:\/\/www.maria-koenigin.de\/index.php?rest_route=\/wp\/v2\/pages"}],"about":[{"href":"http:\/\/www.maria-koenigin.de\/index.php?rest_route=\/wp\/v2\/types\/page"}],"author":[{"embeddable":true,"href":"http:\/\/www.maria-koenigin.de\/index.php?rest_route=\/wp\/v2\/users\/14"}],"replies":[{"embeddable":true,"href":"http:\/\/www.maria-koenigin.de\/index.php?rest_route=%2Fwp%2Fv2%2Fcomments&post=12358"}],"version-history":[{"count":17,"href":"http:\/\/www.maria-koenigin.de\/index.php?rest_route=\/wp\/v2\/pages\/12358\/revisions"}],"predecessor-version":[{"id":12820,"href":"http:\/\/www.maria-koenigin.de\/index.php?rest_route=\/wp\/v2\/pages\/12358\/revisions\/12820"}],"wp:attachment":[{"href":"http:\/\/www.maria-koenigin.de\/index.php?rest_route=%2Fwp%2Fv2%2Fmedia&parent=12358"}],"curies":[{"name":"wp","href":"https:\/\/api.w.org\/{rel}","templated":true}]}}