{"id":12372,"date":"2023-10-09T19:51:11","date_gmt":"2023-10-09T17:51:11","guid":{"rendered":"http:\/\/www.maria-koenigin.de\/?page_id=12372"},"modified":"2025-04-23T15:43:45","modified_gmt":"2025-04-23T13:43:45","slug":"mint-on-tour","status":"publish","type":"page","link":"http:\/\/www.maria-koenigin.de\/?page_id=12372","title":{"rendered":"MINT on Tour"},"content":{"rendered":"<p><strong>Interesse an Naturwissenschaften wecken und f\u00f6rdern!<\/strong><\/p>\n<p style=\"text-align: justify;\"><img loading=\"lazy\" decoding=\"async\" class=\"alignnone wp-image-15627 size-full\" src=\"http:\/\/www.maria-koenigin.de\/wordpress\/wp-content\/uploads\/2025\/03\/20240311_121249-scaled.jpg\" alt=\"\" width=\"2560\" height=\"1920\" srcset=\"http:\/\/www.maria-koenigin.de\/wordpress\/wp-content\/uploads\/2025\/03\/20240311_121249-scaled.jpg 2560w, http:\/\/www.maria-koenigin.de\/wordpress\/wp-content\/uploads\/2025\/03\/20240311_121249-300x225.jpg 300w, http:\/\/www.maria-koenigin.de\/wordpress\/wp-content\/uploads\/2025\/03\/20240311_121249-1024x768.jpg 1024w, http:\/\/www.maria-koenigin.de\/wordpress\/wp-content\/uploads\/2025\/03\/20240311_121249-768x576.jpg 768w, http:\/\/www.maria-koenigin.de\/wordpress\/wp-content\/uploads\/2025\/03\/20240311_121249-1536x1152.jpg 1536w, http:\/\/www.maria-koenigin.de\/wordpress\/wp-content\/uploads\/2025\/03\/20240311_121249-2048x1536.jpg 2048w, http:\/\/www.maria-koenigin.de\/wordpress\/wp-content\/uploads\/2025\/03\/20240311_121249-624x468.jpg 624w\" sizes=\"auto, (max-width: 2560px) 100vw, 2560px\" \/><\/p>\n<p style=\"text-align: justify;\">Durch das Programm \u201eMINT on Tour\u201c, das von der Universit\u00e4t Siegen unterst\u00fctzt und vom ZDI-Netzwerk Olpe gef\u00f6rdert wird, werden seit 2016 Sch\u00fclerinnen und Sch\u00fcler an unserer Schule f\u00fcr die MINT-F\u00e4cher begeistert. Besonders zeichnet sich das Programm durch seinen hohen Praxisanteil und die intensive, qualifizierte Betreuung durch Studierende des Fachbereichs Didaktik der Universit\u00e4t Siegen aus. Zudem erhalten die Sch\u00fclerinnen wertvolle Einblicke in verschiedene Berufsfelder und profitieren von einer gezielten Berufsorientierung.<\/p>\n<p><img loading=\"lazy\" decoding=\"async\" class=\"alignnone wp-image-12375\" src=\"http:\/\/www.maria-koenigin.de\/wordpress\/wp-content\/uploads\/2023\/07\/20230323_142256-225x300.jpg\" alt=\"\" width=\"300\" height=\"400\" srcset=\"http:\/\/www.maria-koenigin.de\/wordpress\/wp-content\/uploads\/2023\/07\/20230323_142256-225x300.jpg 225w, http:\/\/www.maria-koenigin.de\/wordpress\/wp-content\/uploads\/2023\/07\/20230323_142256-768x1024.jpg 768w, http:\/\/www.maria-koenigin.de\/wordpress\/wp-content\/uploads\/2023\/07\/20230323_142256-1152x1536.jpg 1152w, http:\/\/www.maria-koenigin.de\/wordpress\/wp-content\/uploads\/2023\/07\/20230323_142256-1536x2048.jpg 1536w, http:\/\/www.maria-koenigin.de\/wordpress\/wp-content\/uploads\/2023\/07\/20230323_142256-624x832.jpg 624w, http:\/\/www.maria-koenigin.de\/wordpress\/wp-content\/uploads\/2023\/07\/20230323_142256-scaled.jpg 1920w\" sizes=\"auto, (max-width: 300px) 100vw, 300px\" \/><\/p>\n<p style=\"text-align: justify;\">An Maria K\u00f6nigin findet das Projekt jedes Fr\u00fchjahr an zwei aufeinanderfolgenden Tagen in der Jahrgangsstufe 7 statt. Die vielf\u00e4ltigen Experimente insbesondere aus den F\u00e4chern Chemie und Physik werden von den Sch\u00fclerinnen und Sch\u00fcler selbst durchgef\u00fchrt. Die dabei entstehenden Produkte \u2013 beispielsweise ein selbstgebauter Elektromotor, eine Sch\u00fctteltaschenlampe oder ein W\u00e4rmekissen \u2013 k\u00f6nnen anschlie\u00dfend mit nach Hause genommen werden.<\/p>\n<p style=\"text-align: justify;\"><img loading=\"lazy\" decoding=\"async\" class=\"alignnone wp-image-15625 size-full\" src=\"http:\/\/www.maria-koenigin.de\/wordpress\/wp-content\/uploads\/2025\/03\/MintOT-MK-HQ-7.jpg\" alt=\"\" width=\"2000\" height=\"1333\" srcset=\"http:\/\/www.maria-koenigin.de\/wordpress\/wp-content\/uploads\/2025\/03\/MintOT-MK-HQ-7.jpg 2000w, http:\/\/www.maria-koenigin.de\/wordpress\/wp-content\/uploads\/2025\/03\/MintOT-MK-HQ-7-300x200.jpg 300w, http:\/\/www.maria-koenigin.de\/wordpress\/wp-content\/uploads\/2025\/03\/MintOT-MK-HQ-7-1024x682.jpg 1024w, http:\/\/www.maria-koenigin.de\/wordpress\/wp-content\/uploads\/2025\/03\/MintOT-MK-HQ-7-768x512.jpg 768w, http:\/\/www.maria-koenigin.de\/wordpress\/wp-content\/uploads\/2025\/03\/MintOT-MK-HQ-7-1536x1024.jpg 1536w, http:\/\/www.maria-koenigin.de\/wordpress\/wp-content\/uploads\/2025\/03\/MintOT-MK-HQ-7-624x416.jpg 624w\" sizes=\"auto, (max-width: 2000px) 100vw, 2000px\" \/><\/p>\n<p data-start=\"56\" data-end=\"422\">Das Programm zielt darauf ab, ein nachhaltiges Interesse an MINT zu f\u00f6rdern. Durch das eigene Erleben von Wissenschaft und Technik wird die Neugier auf MINT-F\u00e4cher deutlich st\u00e4rker geweckt als durch rein vermittelnde Lehrmethoden. Zudem erhalten die MINT-Lehrkr\u00e4fte unserer Schule durch \u201eMINT on Tour\u201c wertvolle Impulse f\u00fcr die Weiterentwicklung ihres Unterrichts.<\/p>\n<p data-start=\"424\" data-end=\"572\">Alle Sch\u00fclerinnen und Sch\u00fcler der 7. Klasse werden zu Beginn des 2. Halbjahres rechtzeitig und umfassend \u00fcber den Ablauf des \u201eMINT on Tour\u201c-Tages informiert.<\/p>\n<p><strong>Ansprechpartner:<\/strong> Matthias Walter<\/p>\n<p style=\"text-align: justify;\">Weitere Impressionen von MINT on Tour sind in den folgenden Berichten zu finden:<\/p>\n<p><a href=\"https:\/\/www.maria-koenigin.de\/?p=15659#more-15659\" target=\"_blank\" rel=\"noopener\">MINT on Tour 2025<\/a><\/p>\n<p><a href=\"https:\/\/www.maria-koenigin.de\/?p=14187\" target=\"_blank\" rel=\"noopener\">MINT on Tour 2024<\/a><\/p>\n<p><a href=\"http:\/\/www.maria-koenigin.de\/?p=12126\" target=\"_blank\" rel=\"noopener\">MINT on Tour 2023<\/a><\/p>\n<p><a href=\"http:\/\/www.maria-koenigin.de\/?p=10802\" target=\"_blank\" rel=\"noopener\">MINT on Tour 2022<\/a><\/p>\n<p><a href=\"http:\/\/www.maria-koenigin.de\/?p=8198\" target=\"_blank\" rel=\"noopener\">MINT on Tour 2019<\/a><\/p>\n<p><a href=\"http:\/\/www.maria-koenigin.de\/?p=6960\" target=\"_blank\" rel=\"noopener\">MINT on Tour 2018<\/a><\/p>\n<p><a href=\"http:\/\/www.maria-koenigin.de\/?p=5710\" target=\"_blank\" rel=\"noopener\">MINT on Tour 2017<\/a><\/p>\n<p><a href=\"http:\/\/www.maria-koenigin.de\/?p=4786\" target=\"_blank\" rel=\"noopener\">MINT on Tour 2016<\/a><\/p>\n<p><a href=\"http:\/\/www.maria-koenigin.de\/?page_id=12736\">zur\u00fcck<\/a> zur \u00dcbersicht der Angebote<\/p>\n","protected":false},"excerpt":{"rendered":"<p>Interesse an Naturwissenschaften wecken und f\u00f6rdern! Durch das Programm \u201eMINT on Tour\u201c, das von der Universit\u00e4t Siegen unterst\u00fctzt und vom ZDI-Netzwerk Olpe gef\u00f6rdert wird, werden seit 2016 Sch\u00fclerinnen und Sch\u00fcler an unserer Schule f\u00fcr die MINT-F\u00e4cher begeistert. Besonders zeichnet sich das Programm durch seinen hohen Praxisanteil und die intensive, qualifizierte Betreuung durch Studierende des Fachbereichs [&hellip;]<\/p>\n","protected":false},"author":14,"featured_media":0,"parent":0,"menu_order":0,"comment_status":"closed","ping_status":"closed","template":"","meta":{"ngg_post_thumbnail":0,"_mc_calendar":[],"footnotes":""},"class_list":["post-12372","page","type-page","status-publish","hentry"],"_links":{"self":[{"href":"http:\/\/www.maria-koenigin.de\/index.php?rest_route=\/wp\/v2\/pages\/12372","targetHints":{"allow":["GET"]}}],"collection":[{"href":"http:\/\/www.maria-koenigin.de\/index.php?rest_route=\/wp\/v2\/pages"}],"about":[{"href":"http:\/\/www.maria-koenigin.de\/index.php?rest_route=\/wp\/v2\/types\/page"}],"author":[{"embeddable":true,"href":"http:\/\/www.maria-koenigin.de\/index.php?rest_route=\/wp\/v2\/users\/14"}],"replies":[{"embeddable":true,"href":"http:\/\/www.maria-koenigin.de\/index.php?rest_route=%2Fwp%2Fv2%2Fcomments&post=12372"}],"version-history":[{"count":21,"href":"http:\/\/www.maria-koenigin.de\/index.php?rest_route=\/wp\/v2\/pages\/12372\/revisions"}],"predecessor-version":[{"id":13322,"href":"http:\/\/www.maria-koenigin.de\/index.php?rest_route=\/wp\/v2\/pages\/12372\/revisions\/13322"}],"wp:attachment":[{"href":"http:\/\/www.maria-koenigin.de\/index.php?rest_route=%2Fwp%2Fv2%2Fmedia&parent=12372"}],"curies":[{"name":"wp","href":"https:\/\/api.w.org\/{rel}","templated":true}]}}