{"id":12633,"date":"2023-10-09T20:12:57","date_gmt":"2023-10-09T18:12:57","guid":{"rendered":"http:\/\/www.maria-koenigin.de\/?page_id=12633"},"modified":"2025-04-23T15:57:15","modified_gmt":"2025-04-23T13:57:15","slug":"exkursion-leistungskurse-physik","status":"publish","type":"page","link":"http:\/\/www.maria-koenigin.de\/?page_id=12633","title":{"rendered":"Exkursion Leistungskurse Physik"},"content":{"rendered":"<p><strong> Forschungsluft schnuppern und praktisch arbeiten!<br \/>\n<\/strong><\/p>\n<p><img loading=\"lazy\" decoding=\"async\" class=\"alignnone wp-image-8900 size-full\" src=\"http:\/\/www.maria-koenigin.de\/wordpress\/wp-content\/uploads\/2019\/11\/desy_3.jpg\" alt=\"\" width=\"650\" height=\"436\" srcset=\"http:\/\/www.maria-koenigin.de\/wordpress\/wp-content\/uploads\/2019\/11\/desy_3.jpg 650w, http:\/\/www.maria-koenigin.de\/wordpress\/wp-content\/uploads\/2019\/11\/desy_3-300x201.jpg 300w, http:\/\/www.maria-koenigin.de\/wordpress\/wp-content\/uploads\/2019\/11\/desy_3-624x419.jpg 624w\" sizes=\"auto, (max-width: 650px) 100vw, 650px\" \/><\/p>\n<p style=\"text-align: justify;\">Aktuelle Forschung und Forschungseinrich-tungen hautnah erleben, Universit\u00e4tsluft schnuppern oder Experimente in Sch\u00fcler-laboren nochmal aus einem ganz anderen Blickwinkel betrachten. Das ist in den verschiedenen regelm\u00e4\u00dfigen Exkursionen der Physik-Leistungskurse an MK m\u00f6glich.<\/p>\n<p style=\"text-align: justify;\"><img loading=\"lazy\" decoding=\"async\" class=\"alignnone wp-image-12589\" src=\"http:\/\/www.maria-koenigin.de\/wordpress\/wp-content\/uploads\/2023\/08\/Exkursion-Muenchen-3-klein-225x300.jpg\" alt=\"\" width=\"350\" height=\"466\" srcset=\"http:\/\/www.maria-koenigin.de\/wordpress\/wp-content\/uploads\/2023\/08\/Exkursion-Muenchen-3-klein-225x300.jpg 225w, http:\/\/www.maria-koenigin.de\/wordpress\/wp-content\/uploads\/2023\/08\/Exkursion-Muenchen-3-klein-624x832.jpg 624w, http:\/\/www.maria-koenigin.de\/wordpress\/wp-content\/uploads\/2023\/08\/Exkursion-Muenchen-3-klein.jpg 640w\" sizes=\"auto, (max-width: 350px) 100vw, 350px\" \/><\/p>\n<p style=\"text-align: justify;\">Die Bandbreite erstreckt sich dabei von k\u00fcrzeren eint\u00e4gigen Exkursionen, wie zum DELTA in Dortmund (Dortmunder ELekTronenspeicherring-Anlage), bis zu mehrt\u00e4gigen Fahrten nach Hamburg zum DESY (Deutsches Elektron Synchrotron), dem Forschungsreaktor FRMII in Garching bei M\u00fcnchen oder dem CERN (Europ\u00e4ische Organisation f\u00fcr Kernforschung) in Genf.<\/p>\n<p style=\"text-align: justify;\">Die mehrt\u00e4gigen Fahrten laden dabei nat\u00fcrlich auch immer dazu ein, die au\u00dferphysikalischen M\u00f6glichkeiten und Vorz\u00fcge der besuchten St\u00e4dte und Orte zu nutzen. Inhaltlich steht im Fokus der Exkursionen immer einen anderen Blick auf die Inhalte des Physikunterrichts zu erm\u00f6glichen und Einblicke zu bieten, die man normalerweise wohl nicht erh\u00e4lt \u2013 sei es durch spannende Vortr\u00e4ge zu Teilchenfallen an der Universit\u00e4t Siegen, eigenen Experimente im DESY-Sch\u00fclerlabor zu Michelson-Interferometern oder dem Bau von Nebelkammern im S\u2019Cool LAB des CERN.<\/p>\n<p><img loading=\"lazy\" decoding=\"async\" class=\"alignnone wp-image-12638 size-full\" src=\"http:\/\/www.maria-koenigin.de\/wordpress\/wp-content\/uploads\/2023\/09\/Exkursionen3.jpg\" alt=\"\" width=\"650\" height=\"488\" srcset=\"http:\/\/www.maria-koenigin.de\/wordpress\/wp-content\/uploads\/2023\/09\/Exkursionen3.jpg 650w, http:\/\/www.maria-koenigin.de\/wordpress\/wp-content\/uploads\/2023\/09\/Exkursionen3-300x225.jpg 300w, http:\/\/www.maria-koenigin.de\/wordpress\/wp-content\/uploads\/2023\/09\/Exkursionen3-624x468.jpg 624w\" sizes=\"auto, (max-width: 650px) 100vw, 650px\" \/><\/p>\n<p><img loading=\"lazy\" decoding=\"async\" class=\"alignnone wp-image-8898 size-full\" src=\"http:\/\/www.maria-koenigin.de\/wordpress\/wp-content\/uploads\/2019\/11\/desy_1.jpg\" alt=\"\" width=\"650\" height=\"366\" srcset=\"http:\/\/www.maria-koenigin.de\/wordpress\/wp-content\/uploads\/2019\/11\/desy_1.jpg 650w, http:\/\/www.maria-koenigin.de\/wordpress\/wp-content\/uploads\/2019\/11\/desy_1-300x169.jpg 300w, http:\/\/www.maria-koenigin.de\/wordpress\/wp-content\/uploads\/2019\/11\/desy_1-624x351.jpg 624w\" sizes=\"auto, (max-width: 650px) 100vw, 650px\" \/><\/p>\n<p>Einen Einblick der letzten Exkursionen liefert die folgende \u00dcbersicht:<\/p>\n<ul>\n<li>Exkursion des Physik-LKs und Projektkurses Technik nach M\u00fcnchen (2023):<br \/>\n<a href=\"https:\/\/www.maria-koenigin.de\/?p=12586\" target=\"_blank\" rel=\"noopener\">https:\/\/www.maria-koenigin.de\/?p=12586<\/a><\/li>\n<li>Exkursion der beiden Physik-LKs zum DELTA, Dortmund (2022):<br \/>\n<a href=\"http:\/\/www.maria-koenigin.de\/?p=10747\" target=\"_blank\" rel=\"noopener\">http:\/\/www.maria-koenigin.de\/?p=10747<\/a><\/li>\n<li>Exkursion des Physik-LKs zum DESY, Hamburg (2019):<br \/>\n<a href=\"http:\/\/www.maria-koenigin.de\/?p=8897\" target=\"_blank\" rel=\"noopener\">http:\/\/www.maria-koenigin.de\/?p=8897<\/a><\/li>\n<li>Exkursion verschiedener Physik Kurse der Oberstufe zum \u201eStudientag Physik\u201c, Universit\u00e4t Siegen (2019):<br \/>\n<a href=\"http:\/\/www.maria-koenigin.de\/?p=7967\" target=\"_blank\" rel=\"noopener\">http:\/\/www.maria-koenigin.de\/?p=7967<\/a><\/li>\n<li>Exkursion des Physik-LKs zum CERN, Genf, Schweiz (2018):<br \/>\n<a href=\"http:\/\/www.maria-koenigin.de\/?p=7234\" target=\"_blank\" rel=\"noopener\">http:\/\/www.maria-koenigin.de\/?p=7234<\/a><\/li>\n<\/ul>\n<p><strong>Ansprechpartner:<br \/>\n<\/strong>Eure Physik LK Lehrer<\/p>\n<p><a href=\"http:\/\/www.maria-koenigin.de\/?page_id=12736\">zur\u00fcck<\/a> zur \u00dcbersicht der Angebote<\/p>\n","protected":false},"excerpt":{"rendered":"<p>Forschungsluft schnuppern und praktisch arbeiten! Aktuelle Forschung und Forschungseinrich-tungen hautnah erleben, Universit\u00e4tsluft schnuppern oder Experimente in Sch\u00fcler-laboren nochmal aus einem ganz anderen Blickwinkel betrachten. Das ist in den verschiedenen regelm\u00e4\u00dfigen Exkursionen der Physik-Leistungskurse an MK m\u00f6glich. Die Bandbreite erstreckt sich dabei von k\u00fcrzeren eint\u00e4gigen Exkursionen, wie zum DELTA in Dortmund (Dortmunder ELekTronenspeicherring-Anlage), bis zu mehrt\u00e4gigen [&hellip;]<\/p>\n","protected":false},"author":14,"featured_media":0,"parent":0,"menu_order":0,"comment_status":"closed","ping_status":"closed","template":"","meta":{"ngg_post_thumbnail":0,"_mc_calendar":[],"footnotes":""},"class_list":["post-12633","page","type-page","status-publish","hentry"],"_links":{"self":[{"href":"http:\/\/www.maria-koenigin.de\/index.php?rest_route=\/wp\/v2\/pages\/12633","targetHints":{"allow":["GET"]}}],"collection":[{"href":"http:\/\/www.maria-koenigin.de\/index.php?rest_route=\/wp\/v2\/pages"}],"about":[{"href":"http:\/\/www.maria-koenigin.de\/index.php?rest_route=\/wp\/v2\/types\/page"}],"author":[{"embeddable":true,"href":"http:\/\/www.maria-koenigin.de\/index.php?rest_route=\/wp\/v2\/users\/14"}],"replies":[{"embeddable":true,"href":"http:\/\/www.maria-koenigin.de\/index.php?rest_route=%2Fwp%2Fv2%2Fcomments&post=12633"}],"version-history":[{"count":10,"href":"http:\/\/www.maria-koenigin.de\/index.php?rest_route=\/wp\/v2\/pages\/12633\/revisions"}],"predecessor-version":[{"id":15052,"href":"http:\/\/www.maria-koenigin.de\/index.php?rest_route=\/wp\/v2\/pages\/12633\/revisions\/15052"}],"wp:attachment":[{"href":"http:\/\/www.maria-koenigin.de\/index.php?rest_route=%2Fwp%2Fv2%2Fmedia&parent=12633"}],"curies":[{"name":"wp","href":"https:\/\/api.w.org\/{rel}","templated":true}]}}