{"id":12730,"date":"2023-09-22T08:44:45","date_gmt":"2023-09-22T06:44:45","guid":{"rendered":"http:\/\/www.maria-koenigin.de\/?page_id=12730"},"modified":"2025-07-08T15:26:50","modified_gmt":"2025-07-08T13:26:50","slug":"mint-an-mk","status":"publish","type":"page","link":"http:\/\/www.maria-koenigin.de\/?page_id=12730","title":{"rendered":"MINT an MK"},"content":{"rendered":"<h1><strong>Willkommen im <span style=\"color: #33cccc;\">MINT<\/span>-Bereich unserer Schule!<\/strong><\/h1>\n<p style=\"text-align: justify;\"><img loading=\"lazy\" decoding=\"async\" class=\"alignnone wp-image-16470 size-full\" src=\"http:\/\/www.maria-koenigin.de\/wordpress\/wp-content\/uploads\/2025\/07\/MINT-EC-SCHULE_Logo-1.jpg\" alt=\"\" width=\"832\" height=\"308\" srcset=\"http:\/\/www.maria-koenigin.de\/wordpress\/wp-content\/uploads\/2025\/07\/MINT-EC-SCHULE_Logo-1.jpg 832w, http:\/\/www.maria-koenigin.de\/wordpress\/wp-content\/uploads\/2025\/07\/MINT-EC-SCHULE_Logo-1-300x111.jpg 300w, http:\/\/www.maria-koenigin.de\/wordpress\/wp-content\/uploads\/2025\/07\/MINT-EC-SCHULE_Logo-1-768x284.jpg 768w, http:\/\/www.maria-koenigin.de\/wordpress\/wp-content\/uploads\/2025\/07\/MINT-EC-SCHULE_Logo-1-624x231.jpg 624w\" sizes=\"auto, (max-width: 832px) 100vw, 832px\" \/><\/p>\n<p style=\"text-align: justify;\">Wir freuen uns, Sie auf unserer Homepage begr\u00fc\u00dfen zu d\u00fcrfen und Ihnen einen Einblick in unsere Angebote der faszinierenden Welt von Mathematik, Informatik, Naturwissenschaften und Technik zu geben. Der MINT-Bereich ist ein zentraler Bestandteil unseres schulischen Lebens, der von engagierten Lehrpersonen gestaltet wird, um die Neugier f\u00fcr die Wissenschaften zu wecken, kritisches Denken zu f\u00f6rdern und die Sch\u00fclerinnen und Sch\u00fcler auf die Herausforderungen der modernen Welt vorzubereiten.<\/p>\n<p style=\"text-align: justify;\"><img loading=\"lazy\" decoding=\"async\" class=\"alignnone wp-image-13007 size-full\" src=\"http:\/\/www.maria-koenigin.de\/wordpress\/wp-content\/uploads\/2023\/10\/mfs-logo-ehrung_20-23.jpg\" alt=\"\" width=\"1064\" height=\"533\" srcset=\"http:\/\/www.maria-koenigin.de\/wordpress\/wp-content\/uploads\/2023\/10\/mfs-logo-ehrung_20-23.jpg 1064w, http:\/\/www.maria-koenigin.de\/wordpress\/wp-content\/uploads\/2023\/10\/mfs-logo-ehrung_20-23-300x150.jpg 300w, http:\/\/www.maria-koenigin.de\/wordpress\/wp-content\/uploads\/2023\/10\/mfs-logo-ehrung_20-23-1024x513.jpg 1024w, http:\/\/www.maria-koenigin.de\/wordpress\/wp-content\/uploads\/2023\/10\/mfs-logo-ehrung_20-23-768x385.jpg 768w, http:\/\/www.maria-koenigin.de\/wordpress\/wp-content\/uploads\/2023\/10\/mfs-logo-ehrung_20-23-624x313.jpg 624w\" sizes=\"auto, (max-width: 1064px) 100vw, 1064px\" \/><\/p>\n<p style=\"text-align: justify;\">Das Gymnasium Maria K\u00f6nigin bietet einen vielseitigen MINT-Bereich, der alle relevanten Disziplinen &#8211; <span style=\"color: #33cccc;\">M<\/span>athematik,\u00a0<span style=\"color: #33cccc;\">I<\/span>nformatik, <span style=\"color: #33cccc;\">N<\/span>aturwissenschaften und <span style=\"color: #33cccc;\">T<\/span>echnik &#8211; in den Fokus r\u00fcckt. Dabei legen wir besonderen Wert auf die Ausgewogenheit und Ganzheitlichkeit der MINT-Bildung. Unser Ziel ist eine praxisnahe und ganzheitliche Ausbildung, die alle MINT-Bereiche gleicherma\u00dfen abdeckt. Nach der Auszeichnung als \u201eMINT-freundliche Schule\u201c im Jahr 2020 wurde das Gymnasium Maria K\u00f6nigin 2025 in das nationale Excellence-Schulnetzwerk MINT-EC aufgenommen. Beide Auszeichnungen verstehen wir nicht als blo\u00dfe Siegel, sondern vielmehr als Verpflichtung und Motivation, unseren MINT-Bereich in enger Zusammenarbeit mit Lehrkr\u00e4ften, Sch\u00fclern, Eltern sowie externen Partnern kontinuierlich weiterzuentwickeln. Um diesen Prozess strukturiert zu gestalten, wurde bereits 2021 der schulinterne Arbeitskreis MINT gegr\u00fcndet. Dar\u00fcber hinaus pflegen wir einen regelm\u00e4\u00dfigen und engen Austausch mit unseren regionalen Partnern aus Wissenschaft und Wirtschaft.<\/p>\n<h1><strong>Unsere MINT-<span style=\"color: #33cccc;\">GOALS<\/span>:<\/strong><\/h1>\n<p style=\"text-align: justify;\"><span style=\"color: #33cccc;\"><strong>G<\/strong><\/span><strong>anzheitlicher Ansatz<\/strong>: Wir integrieren Mathematik, Informatik, Naturwissenschaften und Technik in alle Aspekte unserer MINT-Ausbildung, um sicherzustellen, dass unsere Sch\u00fclerinnen und Sch\u00fcler ein umfassendes Verst\u00e4ndnis f\u00fcr die MINT-Disziplinen entwickeln.<\/p>\n<p style=\"text-align: justify;\"><strong><span style=\"color: #33cccc;\">A<\/span>ktivit\u00e4ten<\/strong>: F\u00fcr Sch\u00fclerinnen und Sch\u00fcler, die sich besonders f\u00fcr MINT-Themen interessieren, gibt es regelm\u00e4\u00dfige, au\u00dferunterrichtliche Aktivit\u00e4ten, die das Engagement in diesen Bereichen f\u00f6rdern. Unsere Schule nimmt au\u00dferdem an verschiedenen MINT-Wettbewerben teil.<\/p>\n<p style=\"text-align: justify;\"><strong><span style=\"color: #33cccc;\">O<\/span>rientierung:<\/strong> Wir bieten Unterst\u00fctzung bei der Studien- und Berufsorientierung im MINT-Bereich und erm\u00f6glichen den Sch\u00fclerinnen und Sch\u00fclern, ihre Interessen und Talente zu erkunden.<\/p>\n<p style=\"text-align: justify;\"><span style=\"color: #33cccc;\"><strong>L<\/strong><\/span><strong>ernumgebung: digital, projektorientiert, praxisnah<\/strong>: Unsere Ausstattung schafft eine zukunftsorientierte, digitale Lernumgebung. Als zentrales digitales Werkzeug setzen wir das iPad ein. Weitere Arbeitsmittel sind digitale Sensoren, 3D-Drucker, VR-Brillen u. v. m. Wir f\u00f6rdern u. a. in der Junior Ingenieur Akademie und in unseren Projektkursen das projektartige Arbeiten und bieten den Sch\u00fclerinnen und Sch\u00fclern die M\u00f6glichkeit, eigene spannende Projekte zu entwickeln. Durch unsere Partnerschaften mit regionalen Unternehmen und Einrichtungen erhalten unsere Sch\u00fclerinnen und Sch\u00fcler die M\u00f6glichkeit, ihr Wissen in realen Projekten anzuwenden und vielf\u00e4ltige Herausforderungen zu bew\u00e4ltigen.<\/p>\n<p style=\"text-align: justify;\"><span style=\"color: #33cccc;\"><strong>S<\/strong><\/span><strong>elbstbewusstsein:<\/strong> Wir legen gro\u00dfen Wert darauf, das Selbstbewusstsein und Selbstverst\u00e4ndnis unserer Sch\u00fclerinnen und Sch\u00fcler im Umgang mit den Naturwissenschaften zu st\u00e4rken. Uns liegt besonders am Herzen, M\u00e4dchen in den Naturwissenschaften zu ermutigen und zu unterst\u00fctzen sowie eine Umgebung zu schaffen, die ein nachhaltiges Interesse am MINT-Bereich erzeugt.<\/p>\n<h1><strong>Unser <span style=\"color: #33cccc;\">MINT<\/span>-Konzept<\/strong><\/h1>\n<p class=\"\" data-start=\"101\" data-end=\"279\">Zur Umsetzung der allgemeinen MINT-Goals basiert unser schulisches MINT-Konzept auf sechs zentralen Kernbausteinen, die unsere Ausrichtung pr\u00e4gen und uns besonders wichtig sind.<\/p>\n<p class=\"\" data-start=\"281\" data-end=\"294\">Diese sind:<\/p>\n<ol data-start=\"295\" data-end=\"686\">\n<li class=\"\" data-start=\"295\" data-end=\"321\">\n<p class=\"\" data-start=\"298\" data-end=\"321\"><strong>Digitale Bildung<\/strong>,<\/p>\n<\/li>\n<li class=\"\" data-start=\"322\" data-end=\"377\">\n<p class=\"\" data-start=\"325\" data-end=\"377\">ein breites Spektrum an <strong>Arbeitsgemeinschaften<\/strong>,<\/p>\n<\/li>\n<li class=\"\" data-start=\"378\" data-end=\"439\">\n<p class=\"\" data-start=\"381\" data-end=\"439\">die gezielte Teilnahme an ausgew\u00e4hlten <strong>Wettbewerben<\/strong>,<\/p>\n<\/li>\n<li class=\"\" data-start=\"440\" data-end=\"515\">\n<p class=\"\" data-start=\"443\" data-end=\"515\">ein durchg\u00e4ngiges und kontinuierliches Angebot im <strong>Bereich Technik<\/strong>,<\/p>\n<\/li>\n<li class=\"\" data-start=\"516\" data-end=\"594\">\n<p class=\"\" data-start=\"519\" data-end=\"594\">spezielle Angebote in <strong>Kooperation<\/strong> mit au\u00dferschulischen <strong>Partnern<\/strong> sowie<\/p>\n<\/li>\n<li class=\"\" data-start=\"595\" data-end=\"686\">\n<p class=\"\" data-start=\"598\" data-end=\"686\">vielf\u00e4ltige <strong>Wahlm\u00f6glichkeiten<\/strong> sowohl in der Mittel- als auch in der Oberstufe.<\/p>\n<\/li>\n<\/ol>\n<p class=\"\" style=\"text-align: justify;\" data-start=\"688\" data-end=\"909\">Diese sechs Bausteine bilden die Grundlage f\u00fcr ein umfassendes MINT-Profil, das unseren Sch\u00fclerinnen und Sch\u00fcler eine individuelle Schwerpunktsetzung erm\u00f6glicht und sie gezielt auf weiterf\u00fchrende Studien- und Berufswege vorbereitet.<\/p>\n<p class=\"\" style=\"text-align: justify;\" data-start=\"107\" data-end=\"239\">Eine Konkretisierung dieser sechs Bausteine sowie deren Umsetzung im Schulalltag ist in den folgenden beiden Grafiken dargestellt. Die erste Grafik (zum Vergr\u00f6\u00dfern bitte klicken!) veranschaulicht \u00fcbergeordnete, prozessbezogene Kompetenzen, die an unserer Schule in verschiedenen Etappen bzw. Meilensteinen gef\u00f6rdert werden. Diese Prozesse werden dabei gezielt durch die sechs Bausteine unseres MINT-Konzepts unterst\u00fctzt. Die zweite Grafik zeigt beispielhaft einige der vielf\u00e4ltigen Vorhaben, Angebote oder Aktivit\u00e4ten, die den einzelnen Bausteinen zugeordnet sind und somit deren praktische Relevanz im Schulalltag sichtbar machen. Ein zentrales Element ist dabei das Konzept der offenen MINT\u00fcr, das einen wesentlichen Beitrag zur erfolgreichen Umsetzung von MINT-Projekten an unserer Schule leistet. Es handelt sich um ein flexibles Unterst\u00fctzungsformat, das Sch\u00fclerinnen und Sch\u00fcler individuell bei der Arbeit an ihren MINT-Projekten begleitet. Weitere Informationen zur offenen MINT\u00fcr gibt es <a href=\"https:\/\/www.maria-koenigin.de\/?page_id=15836\" target=\"_blank\" rel=\"noopener\">hier<\/a>. Angebote, die im Rahmen der offenen MINT\u00fcr betreut werden, sind in der Grafik besonders gekennzeichnet.<\/p>\n<p data-start=\"107\" data-end=\"239\"><a href=\"http:\/\/www.maria-koenigin.de\/wordpress\/wp-content\/uploads\/2025\/04\/Prozesse.png\" target=\"_blank\" rel=\"noopener\"><img loading=\"lazy\" decoding=\"async\" class=\"alignnone wp-image-15978 size-full\" src=\"http:\/\/www.maria-koenigin.de\/wordpress\/wp-content\/uploads\/2025\/04\/Prozesse.png\" alt=\"\" width=\"1683\" height=\"1190\" srcset=\"http:\/\/www.maria-koenigin.de\/wordpress\/wp-content\/uploads\/2025\/04\/Prozesse.png 1683w, http:\/\/www.maria-koenigin.de\/wordpress\/wp-content\/uploads\/2025\/04\/Prozesse-300x212.png 300w, http:\/\/www.maria-koenigin.de\/wordpress\/wp-content\/uploads\/2025\/04\/Prozesse-1024x724.png 1024w, http:\/\/www.maria-koenigin.de\/wordpress\/wp-content\/uploads\/2025\/04\/Prozesse-768x543.png 768w, http:\/\/www.maria-koenigin.de\/wordpress\/wp-content\/uploads\/2025\/04\/Prozesse-1536x1086.png 1536w, http:\/\/www.maria-koenigin.de\/wordpress\/wp-content\/uploads\/2025\/04\/Prozesse-624x441.png 624w\" sizes=\"auto, (max-width: 1683px) 100vw, 1683px\" \/><\/a><\/p>\n<p><a href=\"http:\/\/www.maria-koenigin.de\/wordpress\/wp-content\/uploads\/2025\/04\/Screenshot-2025-04-08-130518.png\" target=\"_blank\" rel=\"noopener\"><img loading=\"lazy\" decoding=\"async\" class=\"alignnone wp-image-16023 size-full\" src=\"http:\/\/www.maria-koenigin.de\/wordpress\/wp-content\/uploads\/2025\/04\/Screenshot-2025-04-08-130518.png\" alt=\"\" width=\"807\" height=\"1162\" srcset=\"http:\/\/www.maria-koenigin.de\/wordpress\/wp-content\/uploads\/2025\/04\/Screenshot-2025-04-08-130518.png 807w, http:\/\/www.maria-koenigin.de\/wordpress\/wp-content\/uploads\/2025\/04\/Screenshot-2025-04-08-130518-208x300.png 208w, http:\/\/www.maria-koenigin.de\/wordpress\/wp-content\/uploads\/2025\/04\/Screenshot-2025-04-08-130518-711x1024.png 711w, http:\/\/www.maria-koenigin.de\/wordpress\/wp-content\/uploads\/2025\/04\/Screenshot-2025-04-08-130518-768x1106.png 768w, http:\/\/www.maria-koenigin.de\/wordpress\/wp-content\/uploads\/2025\/04\/Screenshot-2025-04-08-130518-624x898.png 624w\" sizes=\"auto, (max-width: 807px) 100vw, 807px\" \/><\/a><\/p>\n<h1><\/h1>\n<h1><strong>Entdecke dein <span style=\"color: #33cccc;\">MINT<\/span>-Profil<\/strong><\/h1>\n<p class=\"\" style=\"text-align: justify;\" data-start=\"80\" data-end=\"432\">In der Unter- und Mittelstufe werden an unserer Schule alle MINT-F\u00e4cher \u2013 mit Ausnahme des Faches Technik \u2013 im Regelunterricht angeboten. Besonders hervorzuheben ist das Fach Mathematik, das durchg\u00e4ngig unterrichtet wird, sowie die Naturwissenschaften Biologie, Chemie und Physik, die mit einem hohen Stundenanteil in der Stundentafel verankert sind. Angesichts der fortschreitenden Digitalisierung legen wir gro\u00dfen Wert auf eine fr\u00fchzeitige informatische Grundbildung. Bereits ab Klasse 5 vermitteln wir im Fach \u201eMedien\u201c grundlegende Kompetenzen im Umgang mit digitalen Informationen und Medien. Ab Klasse 6 folgt das Fach Informatik.<\/p>\n<p><img loading=\"lazy\" decoding=\"async\" class=\"alignnone wp-image-16042 size-full\" src=\"http:\/\/www.maria-koenigin.de\/wordpress\/wp-content\/uploads\/2025\/04\/plan.png\" alt=\"\" width=\"1611\" height=\"899\" srcset=\"http:\/\/www.maria-koenigin.de\/wordpress\/wp-content\/uploads\/2025\/04\/plan.png 1611w, http:\/\/www.maria-koenigin.de\/wordpress\/wp-content\/uploads\/2025\/04\/plan-300x167.png 300w, http:\/\/www.maria-koenigin.de\/wordpress\/wp-content\/uploads\/2025\/04\/plan-1024x571.png 1024w, http:\/\/www.maria-koenigin.de\/wordpress\/wp-content\/uploads\/2025\/04\/plan-768x429.png 768w, http:\/\/www.maria-koenigin.de\/wordpress\/wp-content\/uploads\/2025\/04\/plan-1536x857.png 1536w, http:\/\/www.maria-koenigin.de\/wordpress\/wp-content\/uploads\/2025\/04\/plan-624x348.png 624w\" sizes=\"auto, (max-width: 1611px) 100vw, 1611px\" \/><\/p>\n<p style=\"text-align: justify;\">In der Mittelstufe haben unsere Sch\u00fclerinnen und Sch\u00fcler zudem die M\u00f6glichkeit, sich in den F\u00e4chern <a href=\"http:\/\/www.maria-koenigin.de\/?page_id=13028\" target=\"_blank\" rel=\"noopener\">Biologie-Chemie<\/a>, <a href=\"http:\/\/www.maria-koenigin.de\/?page_id=13026\" target=\"_blank\" rel=\"noopener\">Informatik<\/a> und <a href=\"http:\/\/www.maria-koenigin.de\/?page_id=12738\" target=\"_blank\" rel=\"noopener\">Junior Ingenieur Akademie<\/a> (JIA) im Rahmen des Wahlfachbereichs II in der 9. Und 10. Klasse zu spezialisieren. Die JIA ist dabei dem Fachbereich Technik angegliedert.<\/p>\n<p style=\"text-align: justify;\">In der Oberstufe k\u00f6nnen alle MINT-F\u00e4cher als Grundkurs oder Leistungskurs gew\u00e4hlt werden. In den F\u00e4chern Mathematik, Biologie, Chemie und Physik ist in den letzten Jahren\u00a0 durchg\u00e4ngig ein Leistungskurs erm\u00f6glicht worden. Als einziges Gymnasium in der Region S\u00fcdwestfalen, bieten wir zudem das praxisorientierte Fach Technik auch in der Oberstufe an.<\/p>\n<p>Dar\u00fcber hinaus stehen in der Sekundarstufe I und II vielf\u00e4ltige MINT-Angebote (<a href=\"http:\/\/www.maria-koenigin.de\/?page_id=12732\" target=\"_blank\" rel=\"noopener\">Arbeitsgemeinschaften<\/a>, <a href=\"http:\/\/www.maria-koenigin.de\/?page_id=12734\" target=\"_blank\" rel=\"noopener\">Wettbewerbe<\/a>, <a href=\"http:\/\/www.maria-koenigin.de\/?page_id=12736\" target=\"_blank\" rel=\"noopener\">spezielle Angebote<\/a>) zur Verf\u00fcgung.<\/p>\n<p>Im Folgenden sind exemplarisch zwei M\u00f6glichkeiten zur Bildung und Sch\u00e4rfung eines MINT-Profils an unserer Schule aufgezeigt:<\/p>\n<p><a href=\"http:\/\/www.maria-koenigin.de\/wordpress\/wp-content\/uploads\/2025\/04\/infotech-3.png\" target=\"_blank\" rel=\"noopener\"><img loading=\"lazy\" decoding=\"async\" class=\"alignnone wp-image-16027 size-full\" src=\"http:\/\/www.maria-koenigin.de\/wordpress\/wp-content\/uploads\/2025\/04\/infotech-3.png\" alt=\"\" width=\"2000\" height=\"1125\" srcset=\"http:\/\/www.maria-koenigin.de\/wordpress\/wp-content\/uploads\/2025\/04\/infotech-3.png 2000w, http:\/\/www.maria-koenigin.de\/wordpress\/wp-content\/uploads\/2025\/04\/infotech-3-300x169.png 300w, http:\/\/www.maria-koenigin.de\/wordpress\/wp-content\/uploads\/2025\/04\/infotech-3-1024x576.png 1024w, http:\/\/www.maria-koenigin.de\/wordpress\/wp-content\/uploads\/2025\/04\/infotech-3-768x432.png 768w, http:\/\/www.maria-koenigin.de\/wordpress\/wp-content\/uploads\/2025\/04\/infotech-3-1536x864.png 1536w, http:\/\/www.maria-koenigin.de\/wordpress\/wp-content\/uploads\/2025\/04\/infotech-3-624x351.png 624w\" sizes=\"auto, (max-width: 2000px) 100vw, 2000px\" \/><\/a><\/p>\n<p><a href=\"http:\/\/www.maria-koenigin.de\/wordpress\/wp-content\/uploads\/2025\/04\/bio-chemie-3.png\"><img loading=\"lazy\" decoding=\"async\" class=\"alignnone wp-image-16000 size-full\" src=\"http:\/\/www.maria-koenigin.de\/wordpress\/wp-content\/uploads\/2025\/04\/bio-chemie-3.png\" alt=\"\" width=\"2000\" height=\"1125\" srcset=\"http:\/\/www.maria-koenigin.de\/wordpress\/wp-content\/uploads\/2025\/04\/bio-chemie-3.png 2000w, http:\/\/www.maria-koenigin.de\/wordpress\/wp-content\/uploads\/2025\/04\/bio-chemie-3-300x169.png 300w, http:\/\/www.maria-koenigin.de\/wordpress\/wp-content\/uploads\/2025\/04\/bio-chemie-3-1024x576.png 1024w, http:\/\/www.maria-koenigin.de\/wordpress\/wp-content\/uploads\/2025\/04\/bio-chemie-3-768x432.png 768w, http:\/\/www.maria-koenigin.de\/wordpress\/wp-content\/uploads\/2025\/04\/bio-chemie-3-1536x864.png 1536w, http:\/\/www.maria-koenigin.de\/wordpress\/wp-content\/uploads\/2025\/04\/bio-chemie-3-624x351.png 624w\" sizes=\"auto, (max-width: 2000px) 100vw, 2000px\" \/><\/a><\/p>\n<h1><strong>\u00a0<span style=\"color: #33cccc;\">MINT<\/span>-\u00dcbersicht der Jahrgangsstufen<\/strong><\/h1>\n<p>Mit einem Klick auf die einzelnen Jahrgangsstufen k\u00f6nnen weitere f\u00fcr die Jahrg\u00e4nge 6-Q2 aufgeklappt werden.<\/p>\n<p><strong>Klasse 5<\/strong><br \/>\n<a href=\"http:\/\/www.maria-koenigin.de\/wordpress\/wp-content\/uploads\/2025\/04\/5er.png\" target=\"_blank\" rel=\"noopener\"><img loading=\"lazy\" decoding=\"async\" class=\"aligncenter size-full wp-image-16198\" src=\"http:\/\/www.maria-koenigin.de\/wordpress\/wp-content\/uploads\/2025\/04\/5er.png\" alt=\"\" width=\"1672\" height=\"516\" srcset=\"http:\/\/www.maria-koenigin.de\/wordpress\/wp-content\/uploads\/2025\/04\/5er.png 1672w, http:\/\/www.maria-koenigin.de\/wordpress\/wp-content\/uploads\/2025\/04\/5er-300x93.png 300w, http:\/\/www.maria-koenigin.de\/wordpress\/wp-content\/uploads\/2025\/04\/5er-1024x316.png 1024w, http:\/\/www.maria-koenigin.de\/wordpress\/wp-content\/uploads\/2025\/04\/5er-768x237.png 768w, http:\/\/www.maria-koenigin.de\/wordpress\/wp-content\/uploads\/2025\/04\/5er-1536x474.png 1536w, http:\/\/www.maria-koenigin.de\/wordpress\/wp-content\/uploads\/2025\/04\/5er-624x193.png 624w\" sizes=\"auto, (max-width: 1672px) 100vw, 1672px\" \/><\/a><\/p>\n<details>\n<summary><strong>Klasse 6<\/strong><\/summary>\n<p><a href=\"http:\/\/www.maria-koenigin.de\/wordpress\/wp-content\/uploads\/2025\/04\/6er.png\" target=\"_blank\" rel=\"noopener\"><img loading=\"lazy\" decoding=\"async\" class=\"alignnone\" src=\"http:\/\/www.maria-koenigin.de\/wordpress\/wp-content\/uploads\/2025\/04\/6er.png\" alt=\"\" width=\"1638\" height=\"516\" \/><\/a><\/p>\n<\/details>\n<details>\n<summary><strong>Klasse 7<\/strong><\/summary>\n<p><a href=\"http:\/\/www.maria-koenigin.de\/wordpress\/wp-content\/uploads\/2025\/04\/7er.png\" target=\"_blank\" rel=\"noopener\"><img loading=\"lazy\" decoding=\"async\" class=\"alignnone\" src=\"http:\/\/www.maria-koenigin.de\/wordpress\/wp-content\/uploads\/2025\/04\/7er.png\" alt=\"\" width=\"1714\" height=\"552\" \/><\/a><\/p>\n<\/details>\n<details>\n<summary><strong>Klasse 8<\/strong><\/summary>\n<p><a href=\"http:\/\/www.maria-koenigin.de\/wordpress\/wp-content\/uploads\/2025\/04\/8er.png\" target=\"_blank\" rel=\"noopener\"><img loading=\"lazy\" decoding=\"async\" class=\"alignnone\" src=\"http:\/\/www.maria-koenigin.de\/wordpress\/wp-content\/uploads\/2025\/04\/8er.png\" alt=\"\" width=\"1746\" height=\"588\" \/><\/a><\/p>\n<\/details>\n<details id=\"link\">\n<summary><strong>Klasse 9<\/strong><\/summary>\n<p><a href=\"http:\/\/www.maria-koenigin.de\/wordpress\/wp-content\/uploads\/2025\/04\/9er.png\" target=\"_blank\" rel=\"noopener\"><img loading=\"lazy\" decoding=\"async\" class=\"alignnone\" src=\"http:\/\/www.maria-koenigin.de\/wordpress\/wp-content\/uploads\/2025\/04\/9er.png\" alt=\"\" width=\"1746\" height=\"552\" \/><\/a><\/p>\n<\/details>\n<details id=\"link\">\n<summary><strong>Klasse 10<\/strong><\/summary>\n<p><a href=\"http:\/\/www.maria-koenigin.de\/wordpress\/wp-content\/uploads\/2025\/04\/10er.png\" target=\"_blank\" rel=\"noopener\"><img loading=\"lazy\" decoding=\"async\" class=\"alignnone\" src=\"http:\/\/www.maria-koenigin.de\/wordpress\/wp-content\/uploads\/2025\/04\/10er.png\" alt=\"\" width=\"1644\" height=\"538\" \/><\/a><\/p>\n<\/details>\n<details id=\"link\">\n<summary><strong>Oberstufe<\/strong><\/summary>\n<p><a href=\"http:\/\/www.maria-koenigin.de\/wordpress\/wp-content\/uploads\/2025\/04\/Oberstufe.png\" target=\"_blank\" rel=\"noopener\"><img loading=\"lazy\" decoding=\"async\" class=\"alignnone\" src=\"http:\/\/www.maria-koenigin.de\/wordpress\/wp-content\/uploads\/2025\/04\/Oberstufe.png\" alt=\"\" width=\"1694\" height=\"744\" \/><\/a><\/p>\n<\/details>\n","protected":false},"excerpt":{"rendered":"<p>Willkommen im MINT-Bereich unserer Schule! Wir freuen uns, Sie auf unserer Homepage begr\u00fc\u00dfen zu d\u00fcrfen und Ihnen einen Einblick in unsere Angebote der faszinierenden Welt von Mathematik, Informatik, Naturwissenschaften und Technik zu geben. Der MINT-Bereich ist ein zentraler Bestandteil unseres schulischen Lebens, der von engagierten Lehrpersonen gestaltet wird, um die Neugier f\u00fcr die Wissenschaften zu [&hellip;]<\/p>\n","protected":false},"author":1,"featured_media":0,"parent":0,"menu_order":0,"comment_status":"closed","ping_status":"closed","template":"","meta":{"ngg_post_thumbnail":0,"_mc_calendar":[],"footnotes":""},"class_list":["post-12730","page","type-page","status-publish","hentry"],"_links":{"self":[{"href":"http:\/\/www.maria-koenigin.de\/index.php?rest_route=\/wp\/v2\/pages\/12730","targetHints":{"allow":["GET"]}}],"collection":[{"href":"http:\/\/www.maria-koenigin.de\/index.php?rest_route=\/wp\/v2\/pages"}],"about":[{"href":"http:\/\/www.maria-koenigin.de\/index.php?rest_route=\/wp\/v2\/types\/page"}],"author":[{"embeddable":true,"href":"http:\/\/www.maria-koenigin.de\/index.php?rest_route=\/wp\/v2\/users\/1"}],"replies":[{"embeddable":true,"href":"http:\/\/www.maria-koenigin.de\/index.php?rest_route=%2Fwp%2Fv2%2Fcomments&post=12730"}],"version-history":[{"count":81,"href":"http:\/\/www.maria-koenigin.de\/index.php?rest_route=\/wp\/v2\/pages\/12730\/revisions"}],"predecessor-version":[{"id":16471,"href":"http:\/\/www.maria-koenigin.de\/index.php?rest_route=\/wp\/v2\/pages\/12730\/revisions\/16471"}],"wp:attachment":[{"href":"http:\/\/www.maria-koenigin.de\/index.php?rest_route=%2Fwp%2Fv2%2Fmedia&parent=12730"}],"curies":[{"name":"wp","href":"https:\/\/api.w.org\/{rel}","templated":true}]}}