{"id":168,"date":"2014-07-29T20:11:36","date_gmt":"2014-07-29T18:11:36","guid":{"rendered":"http:\/\/mkwordpress.bertels-online.com\/?page_id=168"},"modified":"2025-10-15T12:56:00","modified_gmt":"2025-10-15T10:56:00","slug":"sozialwissenschaften","status":"publish","type":"page","link":"http:\/\/www.maria-koenigin.de\/?page_id=168","title":{"rendered":"Sozialwissenschaften"},"content":{"rendered":"<table border=\"0\">\n<tbody>\n<tr>\n<td><img loading=\"lazy\" decoding=\"async\" class=\"alignnone wp-image-16711 size-full\" src=\"http:\/\/www.maria-koenigin.de\/wordpress\/wp-content\/uploads\/2025\/08\/R7TH0054-Sowie.jpg\" alt=\"\" width=\"1920\" height=\"1536\" srcset=\"http:\/\/www.maria-koenigin.de\/wordpress\/wp-content\/uploads\/2025\/08\/R7TH0054-Sowie.jpg 1920w, http:\/\/www.maria-koenigin.de\/wordpress\/wp-content\/uploads\/2025\/08\/R7TH0054-Sowie-300x240.jpg 300w, http:\/\/www.maria-koenigin.de\/wordpress\/wp-content\/uploads\/2025\/08\/R7TH0054-Sowie-1024x819.jpg 1024w, http:\/\/www.maria-koenigin.de\/wordpress\/wp-content\/uploads\/2025\/08\/R7TH0054-Sowie-768x614.jpg 768w, http:\/\/www.maria-koenigin.de\/wordpress\/wp-content\/uploads\/2025\/08\/R7TH0054-Sowie-1536x1229.jpg 1536w, http:\/\/www.maria-koenigin.de\/wordpress\/wp-content\/uploads\/2025\/08\/R7TH0054-Sowie-624x499.jpg 624w\" sizes=\"auto, (max-width: 1920px) 100vw, 1920px\" \/><\/td>\n<\/tr>\n<tr>\n<td><strong>Mitglieder der Fachschaft<\/strong><\/td>\n<\/tr>\n<tr>\n<td>Hanna Reuber, Simone Reuter (fehlt), Nadine Schriek, Annabell Herling, Manuel Vormweg, Stefan Vo\u00df, Mara Br\u00fcggemann (Referendarin), Silas Klein (Referendar)<\/td>\n<\/tr>\n<\/tbody>\n<\/table>\n<p><strong>Downloads<\/strong><\/p>\n<p><a title=\"KLP S1 (G9)\" href=\"http:\/\/www.maria-koenigin.de\/wordpress\/wp-content\/uploads\/2023\/09\/Curriculum_Wirtschaft_Politik_G9_5-10.pdf\" target=\"_blank\" rel=\"noopener noreferrer\">Kernlehrplan S1 (G9)<\/a><\/p>\n<p><a title=\"KLP Einf\u00fchrungsphase SekII\" href=\"http:\/\/www.maria-koenigin.de\/wordpress\/wp-content\/inhalte\/lehrplaene\/sowi\/klp_sowi_ef.pdf\" target=\"_blank\" rel=\"noopener noreferrer\">Kernlehrplan Einf\u00fchrungsphase<\/a><\/p>\n<p><a title=\"KLP Q-Phase\" href=\"http:\/\/www.maria-koenigin.de\/wordpress\/wp-content\/inhalte\/lehrplaene\/sowi\/klp_sowi_q.pdf\" target=\"_blank\" rel=\"noopener noreferrer\">Kernlehrplan Q-Phase<\/a><\/p>\n","protected":false},"excerpt":{"rendered":"<p>Mitglieder der Fachschaft Hanna Reuber, Simone Reuter (fehlt), Nadine Schriek, Annabell Herling, Manuel Vormweg, Stefan Vo\u00df, Mara Br\u00fcggemann (Referendarin), Silas Klein (Referendar) Downloads Kernlehrplan S1 (G9) Kernlehrplan Einf\u00fchrungsphase Kernlehrplan Q-Phase<\/p>\n","protected":false},"author":1,"featured_media":0,"parent":140,"menu_order":0,"comment_status":"closed","ping_status":"closed","template":"","meta":{"ngg_post_thumbnail":0,"_mc_calendar":[],"footnotes":""},"class_list":["post-168","page","type-page","status-publish","hentry"],"_links":{"self":[{"href":"http:\/\/www.maria-koenigin.de\/index.php?rest_route=\/wp\/v2\/pages\/168","targetHints":{"allow":["GET"]}}],"collection":[{"href":"http:\/\/www.maria-koenigin.de\/index.php?rest_route=\/wp\/v2\/pages"}],"about":[{"href":"http:\/\/www.maria-koenigin.de\/index.php?rest_route=\/wp\/v2\/types\/page"}],"author":[{"embeddable":true,"href":"http:\/\/www.maria-koenigin.de\/index.php?rest_route=\/wp\/v2\/users\/1"}],"replies":[{"embeddable":true,"href":"http:\/\/www.maria-koenigin.de\/index.php?rest_route=%2Fwp%2Fv2%2Fcomments&post=168"}],"version-history":[{"count":36,"href":"http:\/\/www.maria-koenigin.de\/index.php?rest_route=\/wp\/v2\/pages\/168\/revisions"}],"predecessor-version":[{"id":17076,"href":"http:\/\/www.maria-koenigin.de\/index.php?rest_route=\/wp\/v2\/pages\/168\/revisions\/17076"}],"up":[{"embeddable":true,"href":"http:\/\/www.maria-koenigin.de\/index.php?rest_route=\/wp\/v2\/pages\/140"}],"wp:attachment":[{"href":"http:\/\/www.maria-koenigin.de\/index.php?rest_route=%2Fwp%2Fv2%2Fmedia&parent=168"}],"curies":[{"name":"wp","href":"https:\/\/api.w.org\/{rel}","templated":true}]}}