{"id":28,"date":"2014-07-29T18:44:21","date_gmt":"2014-07-29T16:44:21","guid":{"rendered":"http:\/\/mkwordpress.bertels-online.com\/?page_id=28"},"modified":"2025-08-20T21:22:27","modified_gmt":"2025-08-20T19:22:27","slug":"traegerverein","status":"publish","type":"page","link":"http:\/\/www.maria-koenigin.de\/?page_id=28","title":{"rendered":"Tr\u00e4gerverein"},"content":{"rendered":"<div id=\"attachment_11250\" style=\"width: 660px\" class=\"wp-caption alignnone\"><img loading=\"lazy\" decoding=\"async\" aria-describedby=\"caption-attachment-11250\" class=\"wp-image-11250 size-full\" src=\"http:\/\/www.maria-koenigin.de\/wordpress\/wp-content\/uploads\/2022\/11\/traegerverein_vorstand_22.jpg\" alt=\"\" width=\"650\" height=\"360\" srcset=\"http:\/\/www.maria-koenigin.de\/wordpress\/wp-content\/uploads\/2022\/11\/traegerverein_vorstand_22.jpg 650w, http:\/\/www.maria-koenigin.de\/wordpress\/wp-content\/uploads\/2022\/11\/traegerverein_vorstand_22-300x166.jpg 300w, http:\/\/www.maria-koenigin.de\/wordpress\/wp-content\/uploads\/2022\/11\/traegerverein_vorstand_22-624x346.jpg 624w\" sizes=\"auto, (max-width: 650px) 100vw, 650px\" \/><p id=\"caption-attachment-11250\" class=\"wp-caption-text\">Der Vorstand des Tr\u00e4gervereins Gymnasium Maria K\u00f6nigin e.V. nach der Mitgliederversammlung am 25.10.2022. V.l. nach r.: Christoph Henrichs (2. Vorsitzender), J\u00fcrgen Lambrecht (Beisitzer), Christoph Tebr\u00fcgge (stellv. Schulleiter, beratendes Mitglied), Hans-Gerd Mummel (1. Vorsitzender), Dr. Christina Behle-Cordes (Beisitzerin), Vera Kurzeja (Beisitzerin), Fabian Borys (Schulleiter, beratendes Mitglied)<\/p><\/div>\n<p style=\"text-align: justify;\">Am 03. Mai 2000 wurde der gemeinn\u00fctzige Tr\u00e4gerverein \u201eGymnasium Maria K\u00f6nigin e.V.\u201c gegr\u00fcndet.<br \/>\nMit Bescheid der Bezirksregierung Arnsberg vom 14.12.2001 wurde dem Gymnasium Maria K\u00f6nigin e.V. die Genehmigung erteilt, \u201edas bisher vom \u201eMissionare von der heiligen Familie e.V.\u201c betriebene Priv. Gymnasium Maria K\u00f6nigin in Lennestadt-Altenhundem mit Wirkung vom 01. Januar 2002 weiterzuf\u00fchren\u201c.<br \/>\nMit Dekret des Erzbischofs von Paderborn vom 13. Juni 2008 wurde dem Verein \u201eGymnasium Maria K\u00f6nigin e.V.\u201c die \u201ekirchliche Rechtspers\u00f6nlichkeit\u201c gew\u00e4hrt. Damit erwarb der Verein kirchenrechtlich den Status eines privaten kanonischen rechtsf\u00e4higen Vereins.<br \/>\nDer Zweck des Vereins ist die Tr\u00e4gerschaft des Gymnasiums Maria K\u00f6nigin, das mit Dekret des Erzbischofs von Paderborn vom 3. Juni 2008 als katholische Schule in freier Tr\u00e4gerschaft gem\u00e4\u00df den canones 803 und 806 des Codex Juris Canonici (Gesetzbuch der katholischen Kirche) anerkannt wurde.<br \/>\nDer Tr\u00e4gerverein Gymnasium Maria K\u00f6nigin e.V. stellt die Finanzierung der Schule sicher und will die Bildungs- und Erziehungsarbeit der Missionare von der Heiligen Familie weiterf\u00fchren.<br \/>\nIn der Pr\u00e4ambel zur Satzung hei\u00dft es: \u201eDie wichtigste Aufgabe des Tr\u00e4gervereins wird es sein, darauf zu achten, dass das Bem\u00fchen um die Sch\u00fclerinnen und Sch\u00fcler von einer Grundhaltung gepr\u00e4gt ist, die allen am Schulleben Beteiligten, insbesondere aber den jungen Menschen mit Wohlwollen, Verst\u00e4ndnis und Liebe begegnet, so dass sich jeder Sch\u00fcler in seiner W\u00fcrde ernst genommen wei\u00df, eine individuelle F\u00f6rderung erf\u00e4hrt, sich wohl f\u00fchlt und so zur F\u00fclle des Lebens wachsen kann.\u201c<\/p>\n<p style=\"text-align: justify;\">Mitglieder des gemeinn\u00fctzigen Vereins k\u00f6nnen vollj\u00e4hrige Personen werden, die durch ihre christliche Grundeinstellung die Gew\u00e4hr daf\u00fcr bieten, dass sie den Zweck des Vereins bejahen und f\u00f6rdern. Die Zahl der Mitglieder soll h\u00f6chstens 15 betragen. Die Mitglieder entrichten keine Beitr\u00e4ge. Sie sind ehrenamtlich t\u00e4tig und erhalten keine Zuwendungen aus den Mitteln des Vereins.<\/p>\n<p style=\"text-align: justify;\">Mitglieder:<br \/>\n\u201eMissionare von der Heiligen Familie e.V.\u201c, vertreten durch Pater Michael Baumbach,<br \/>\n\u201eFreundeskreis ehemaliger Sch\u00fcler und Sch\u00fclerinnen des Privaten Gymnasiums Maria K\u00f6nigin e.V.\u201c, vertreten durch dessen 1. Vorsitzenden Bastian Ruhrmann.<br \/>\nWeitere Mitglieder sind:<br \/>\nChristina Behle-Cordes, Andreas B\u00f6lker, Michael Br\u00fcseken, Martin Dornseifer, Andreas Eickelmann, Michael F\u00e4rber, Thomas Grothoff, Christoph Henrichs, Vera Kurzeja, J\u00fcrgen Lambrecht, Hans-Gerd Mummel, Thomas Schneider, Thomas Schauerte, Martin Vollmert.<\/p>\n<p style=\"text-align: justify;\">Der Schulleiter und sein Stellvertreter nehmen gew\u00f6hnlich als nicht stimmberechtigte Berater an den Versammlungen des Vorstandes und der Mitglieder teil.<\/p>\n<p style=\"text-align: justify;\">Dem Vorstand \u2013 der die Gesch\u00e4fte des Vereins f\u00fchrt &#8211; geh\u00f6ren an:<\/p>\n<p style=\"text-align: justify; padding-left: 30px;\">Vorsitzender: Hans-Gerd Mummel<br \/>\nStellvertreter: Christoph Henrichs<br \/>\nBeisitzerin: Dr. Christina Behle-Cordes<br \/>\nBeisitzerin: Vera Kurzeja<br \/>\nBeisitzer: J\u00fcrgen Lambrecht<br \/>\nBerater: Jan Fabian Borys, Schulleiter<br \/>\nBerater: Christoph Tebr\u00fcgge, stellv. Schulleiter<\/p>\n<p style=\"text-align: left;\">Das Schulb\u00fcro des Tr\u00e4gervereins leitet seit dem 1. Oktober 2018 Berthold Schleime. Das B\u00fcro ist in der Regel dienstags und donnerstags von 8.30 Uhr bis 13.00 Uhr besetzt:\u00a0 \u00a0 \u00a0 \u00a0 \u00a0 \u00a0 \u00a0 \u00a0 \u00a0 \u00a0 \u00a0 \u00a0 \u00a0 \u00a0 \u00a0 \u00a0 Telefon: <span style=\"font-size: 1rem;\">02723\/687825 oder 02723\/687828;\u00a0 \u00a0Mail: traegerverein@maria-koenigin.de<\/span><\/p>\n<p>Bankverbindung:<\/p>\n<p>Gymnasium Maria K\u00f6nigin e.V.<\/p>\n<table border=\"0\">\n<tbody>\n<tr>\n<td>Bank f\u00fcr Kirche und Caritas Paderborn<\/td>\n<td>IBAN DE62 3706 0193 1053 3770 05<\/td>\n<\/tr>\n<tr>\n<td>Volksbank Bigge-Lenne<\/td>\n<td>IBAN DE77 4606 2817 0066 7382 01<\/td>\n<\/tr>\n<tr>\n<td>Sparkasse Attendorn-Lennestadt-Kirchhundem<\/td>\n<td>IBAN DE86 4625 1630 0040 0012 73<\/td>\n<\/tr>\n<\/tbody>\n<\/table>\n","protected":false},"excerpt":{"rendered":"<p>Am 03. Mai 2000 wurde der gemeinn\u00fctzige Tr\u00e4gerverein \u201eGymnasium Maria K\u00f6nigin e.V.\u201c gegr\u00fcndet. Mit Bescheid der Bezirksregierung Arnsberg vom 14.12.2001 wurde dem Gymnasium Maria K\u00f6nigin e.V. die Genehmigung erteilt, \u201edas bisher vom \u201eMissionare von der heiligen Familie e.V.\u201c betriebene Priv. Gymnasium Maria K\u00f6nigin in Lennestadt-Altenhundem mit Wirkung vom 01. Januar 2002 weiterzuf\u00fchren\u201c. Mit Dekret des [&hellip;]<\/p>\n","protected":false},"author":1,"featured_media":0,"parent":26,"menu_order":0,"comment_status":"closed","ping_status":"closed","template":"","meta":{"ngg_post_thumbnail":0,"_mc_calendar":[],"footnotes":""},"class_list":["post-28","page","type-page","status-publish","hentry"],"_links":{"self":[{"href":"http:\/\/www.maria-koenigin.de\/index.php?rest_route=\/wp\/v2\/pages\/28","targetHints":{"allow":["GET"]}}],"collection":[{"href":"http:\/\/www.maria-koenigin.de\/index.php?rest_route=\/wp\/v2\/pages"}],"about":[{"href":"http:\/\/www.maria-koenigin.de\/index.php?rest_route=\/wp\/v2\/types\/page"}],"author":[{"embeddable":true,"href":"http:\/\/www.maria-koenigin.de\/index.php?rest_route=\/wp\/v2\/users\/1"}],"replies":[{"embeddable":true,"href":"http:\/\/www.maria-koenigin.de\/index.php?rest_route=%2Fwp%2Fv2%2Fcomments&post=28"}],"version-history":[{"count":25,"href":"http:\/\/www.maria-koenigin.de\/index.php?rest_route=\/wp\/v2\/pages\/28\/revisions"}],"predecessor-version":[{"id":16661,"href":"http:\/\/www.maria-koenigin.de\/index.php?rest_route=\/wp\/v2\/pages\/28\/revisions\/16661"}],"up":[{"embeddable":true,"href":"http:\/\/www.maria-koenigin.de\/index.php?rest_route=\/wp\/v2\/pages\/26"}],"wp:attachment":[{"href":"http:\/\/www.maria-koenigin.de\/index.php?rest_route=%2Fwp%2Fv2%2Fmedia&parent=28"}],"curies":[{"name":"wp","href":"https:\/\/api.w.org\/{rel}","templated":true}]}}

Trägerverein

<div id="attachment_11250" style="width: 660px" class="wp-caption alignnone"><img loading="lazy" decoding="async" aria-describedby="caption-attachment-11250" class="wp-image-11250 size-full" src="http://www.maria-koenigin.de/wordpress/wp-content/uploads/2022/11/traegerverein_vorstand_22.jpg" alt="" width="650" height="360" srcset="http://www.maria-koenigin.de/wordpress/wp-content/uploads/2022/11/traegerverein_vorstand_22.jpg 650w, http://www.maria-koenigin.de/wordpress/wp-content/uploads/2022/11/traegerverein_vorstand_22-300x166.jpg 300w, http://www.maria-koenigin.de/wordpress/wp-content/uploads/2022/11/traegerverein_vorstand_22-624x346.jpg 624w" sizes="auto, (max-width: 650px) 100vw, 650px" /><p id="caption-attachment-11250" class="wp-caption-text">Der Vorstand des Trägervereins Gymnasium Maria Königin e.V. nach der Mitgliederversammlung am 25.10.2022. V.l. nach r.: Christoph Henrichs (2. Vorsitzender), Jürgen Lambrecht (Beisitzer), Christoph Tebrügge (stellv. Schulleiter, beratendes Mitglied), Hans-Gerd Mummel (1. Vorsitzender), Dr. Christina Behle-Cordes (Beisitzerin), Vera Kurzeja (Beisitzerin), Fabian Borys (Schulleiter, beratendes Mitglied)</p></div>
<p style="text-align: justify;">Am 03. Mai 2000 wurde der gemeinnützige Trägerverein „Gymnasium Maria Königin e.V.“ gegründet.<br />
Mit Bescheid der Bezirksregierung Arnsberg vom 14.12.2001 wurde dem Gymnasium Maria Königin e.V. die Genehmigung erteilt, „das bisher vom „Missionare von der heiligen Familie e.V.“ betriebene Priv. Gymnasium Maria Königin in Lennestadt-Altenhundem mit Wirkung vom 01. Januar 2002 weiterzuführen“.<br />
Mit Dekret des Erzbischofs von Paderborn vom 13. Juni 2008 wurde dem Verein „Gymnasium Maria Königin e.V.“ die „kirchliche Rechtspersönlichkeit“ gewährt. Damit erwarb der Verein kirchenrechtlich den Status eines privaten kanonischen rechtsfähigen Vereins.<br />
Der Zweck des Vereins ist die Trägerschaft des Gymnasiums Maria Königin, das mit Dekret des Erzbischofs von Paderborn vom 3. Juni 2008 als katholische Schule in freier Trägerschaft gemäß den canones 803 und 806 des Codex Juris Canonici (Gesetzbuch der katholischen Kirche) anerkannt wurde.<br />
Der Trägerverein Gymnasium Maria Königin e.V. stellt die Finanzierung der Schule sicher und will die Bildungs- und Erziehungsarbeit der Missionare von der Heiligen Familie weiterführen.<br />
In der Präambel zur Satzung heißt es: „Die wichtigste Aufgabe des Trägervereins wird es sein, darauf zu achten, dass das Bemühen um die Schülerinnen und Schüler von einer Grundhaltung geprägt ist, die allen am Schulleben Beteiligten, insbesondere aber den jungen Menschen mit Wohlwollen, Verständnis und Liebe begegnet, so dass sich jeder Schüler in seiner Würde ernst genommen weiß, eine individuelle Förderung erfährt, sich wohl fühlt und so zur Fülle des Lebens wachsen kann.“</p>
<p style="text-align: justify;">Mitglieder des gemeinnützigen Vereins können volljährige Personen werden, die durch ihre christliche Grundeinstellung die Gewähr dafür bieten, dass sie den Zweck des Vereins bejahen und fördern. Die Zahl der Mitglieder soll höchstens 15 betragen. Die Mitglieder entrichten keine Beiträge. Sie sind ehrenamtlich tätig und erhalten keine Zuwendungen aus den Mitteln des Vereins.</p>
<p style="text-align: justify;">Mitglieder:<br />
„Missionare von der Heiligen Familie e.V.“, vertreten durch Pater Michael Baumbach,<br />
„Freundeskreis ehemaliger Schüler und Schülerinnen des Privaten Gymnasiums Maria Königin e.V.“, vertreten durch dessen 1. Vorsitzenden Bastian Ruhrmann.<br />
Weitere Mitglieder sind:<br />
Christina Behle-Cordes, Andreas Bölker, Michael Brüseken, Martin Dornseifer, Andreas Eickelmann, Michael Färber, Thomas Grothoff, Christoph Henrichs, Vera Kurzeja, Jürgen Lambrecht, Hans-Gerd Mummel, Thomas Schneider, Thomas Schauerte, Martin Vollmert.</p>
<p style="text-align: justify;">Der Schulleiter und sein Stellvertreter nehmen gewöhnlich als nicht stimmberechtigte Berater an den Versammlungen des Vorstandes und der Mitglieder teil.</p>
<p style="text-align: justify;">Dem Vorstand – der die Geschäfte des Vereins führt &#8211; gehören an:</p>
<p style="text-align: justify; padding-left: 30px;">Vorsitzender: Hans-Gerd Mummel<br />
Stellvertreter: Christoph Henrichs<br />
Beisitzerin: Dr. Christina Behle-Cordes<br />
Beisitzerin: Vera Kurzeja<br />
Beisitzer: Jürgen Lambrecht<br />
Berater: Jan Fabian Borys, Schulleiter<br />
Berater: Christoph Tebrügge, stellv. Schulleiter</p>
<p style="text-align: left;">Das Schulbüro des Trägervereins leitet seit dem 1. Oktober 2018 Berthold Schleime. Das Büro ist in der Regel dienstags und donnerstags von 8.30 Uhr bis 13.00 Uhr besetzt:                                Telefon: <span style="font-size: 1rem;">02723/687825 oder 02723/687828;   Mail: traegerverein@maria-koenigin.de</span></p>
<p>Bankverbindung:</p>
<p>Gymnasium Maria Königin e.V.</p>
<table border="0">
<tbody>
<tr>
<td>Bank für Kirche und Caritas Paderborn</td>
<td>IBAN DE62 3706 0193 1053 3770 05</td>
</tr>
<tr>
<td>Volksbank Bigge-Lenne</td>
<td>IBAN DE77 4606 2817 0066 7382 01</td>
</tr>
<tr>
<td>Sparkasse Attendorn-Lennestadt-Kirchhundem</td>
<td>IBAN DE86 4625 1630 0040 0012 73</td>
</tr>
</tbody>
</table>

<p>Am 03. Mai 2000 wurde der gemeinnützige Trägerverein „Gymnasium Maria Königin e.V.“ gegründet. Mit Bescheid der Bezirksregierung Arnsberg vom 14.12.2001 wurde dem Gymnasium Maria Königin e.V. die Genehmigung erteilt, „das bisher vom „Missionare von der heiligen Familie e.V.“ betriebene Priv. Gymnasium Maria Königin in Lennestadt-Altenhundem mit Wirkung vom 01. Januar 2002 weiterzuführen“. Mit Dekret des [&hellip;]</p>
