{"id":5470,"date":"2016-12-24T09:27:45","date_gmt":"2016-12-24T08:27:45","guid":{"rendered":"http:\/\/www.maria-koenigin.de\/?page_id=5470"},"modified":"2017-03-05T11:09:10","modified_gmt":"2017-03-05T10:09:10","slug":"projektkurs-erdkundedeutsch","status":"publish","type":"page","link":"http:\/\/www.maria-koenigin.de\/?page_id=5470","title":{"rendered":"Projektkurs Erdkunde\/Deutsch"},"content":{"rendered":"<p style=\"text-align: justify;\">&#8222;Der Projektkurs Erdkunde\/Deutsch befasst sich mit dem Erstellen von Szenarien. Unter Einbezug geographischer Thematiken und Arbeitsweisen werden fiktive, auf gegenw\u00e4rtigen Entwicklungen beruhende Varianten einer m\u00f6glichen Zukunft entwickelt.<\/p>\n<p style=\"text-align: justify;\">Die Pr\u00e4sentation der Szenarien erfolgt in &#8211; teilweise aus dem Deutschunterricht bekannten &#8211; literarischen oder filmischen Darstellungen.&#8220;<\/p>\n<p>Die folgenden Szenarien sind noch unkorrigiert und wurden zur Einsicht zur Verf\u00fcgung gestellt:<\/p>\n<ul>\n<li><a href=\"http:\/\/www.maria-koenigin.de\/wordpress\/wp-content\/uploads\/2016\/12\/Beispieldrehbuch1_erkunde_deutsch.pdf\" target=\"_blank\">Beispiel 1<\/a><\/li>\n<li><a href=\"http:\/\/www.maria-koenigin.de\/wordpress\/wp-content\/uploads\/2016\/12\/beispiel_2.pdf\" target=\"_blank\">Beispiel 2<\/a><\/li>\n<\/ul>\n<p style=\"text-align: right;\">Patrick Salentin<\/p>\n","protected":false},"excerpt":{"rendered":"<p>&#8222;Der Projektkurs Erdkunde\/Deutsch befasst sich mit dem Erstellen von Szenarien. Unter Einbezug geographischer Thematiken und Arbeitsweisen werden fiktive, auf gegenw\u00e4rtigen Entwicklungen beruhende Varianten einer m\u00f6glichen Zukunft entwickelt. Die Pr\u00e4sentation der Szenarien erfolgt in &#8211; teilweise aus dem Deutschunterricht bekannten &#8211; literarischen oder filmischen Darstellungen.&#8220; Die folgenden Szenarien sind noch unkorrigiert und wurden zur Einsicht zur [&hellip;]<\/p>\n","protected":false},"author":1,"featured_media":0,"parent":0,"menu_order":0,"comment_status":"closed","ping_status":"closed","template":"","meta":{"ngg_post_thumbnail":0,"_mc_calendar":[],"footnotes":""},"class_list":["post-5470","page","type-page","status-publish","hentry"],"_links":{"self":[{"href":"http:\/\/www.maria-koenigin.de\/index.php?rest_route=\/wp\/v2\/pages\/5470","targetHints":{"allow":["GET"]}}],"collection":[{"href":"http:\/\/www.maria-koenigin.de\/index.php?rest_route=\/wp\/v2\/pages"}],"about":[{"href":"http:\/\/www.maria-koenigin.de\/index.php?rest_route=\/wp\/v2\/types\/page"}],"author":[{"embeddable":true,"href":"http:\/\/www.maria-koenigin.de\/index.php?rest_route=\/wp\/v2\/users\/1"}],"replies":[{"embeddable":true,"href":"http:\/\/www.maria-koenigin.de\/index.php?rest_route=%2Fwp%2Fv2%2Fcomments&post=5470"}],"version-history":[{"count":3,"href":"http:\/\/www.maria-koenigin.de\/index.php?rest_route=\/wp\/v2\/pages\/5470\/revisions"}],"predecessor-version":[{"id":5732,"href":"http:\/\/www.maria-koenigin.de\/index.php?rest_route=\/wp\/v2\/pages\/5470\/revisions\/5732"}],"wp:attachment":[{"href":"http:\/\/www.maria-koenigin.de\/index.php?rest_route=%2Fwp%2Fv2%2Fmedia&parent=5470"}],"curies":[{"name":"wp","href":"https:\/\/api.w.org\/{rel}","templated":true}]}}