{"id":85,"date":"2014-07-29T19:29:19","date_gmt":"2014-07-29T17:29:19","guid":{"rendered":"http:\/\/mkwordpress.bertels-online.com\/?page_id=85"},"modified":"2023-08-06T18:53:42","modified_gmt":"2023-08-06T16:53:42","slug":"schulpastoral","status":"publish","type":"page","link":"http:\/\/www.maria-koenigin.de\/?page_id=85","title":{"rendered":"Schulpastoral"},"content":{"rendered":"<p style=\"text-align: justify;\"><img loading=\"lazy\" decoding=\"async\" class=\"alignright wp-image-12452 size-full\" src=\"http:\/\/www.maria-koenigin.de\/wordpress\/wp-content\/uploads\/2023\/08\/AK-Schulpastoral-23.jpg\" alt=\"\" width=\"736\" height=\"491\" srcset=\"http:\/\/www.maria-koenigin.de\/wordpress\/wp-content\/uploads\/2023\/08\/AK-Schulpastoral-23.jpg 736w, http:\/\/www.maria-koenigin.de\/wordpress\/wp-content\/uploads\/2023\/08\/AK-Schulpastoral-23-300x200.jpg 300w, http:\/\/www.maria-koenigin.de\/wordpress\/wp-content\/uploads\/2023\/08\/AK-Schulpastoral-23-624x416.jpg 624w\" sizes=\"auto, (max-width: 736px) 100vw, 736px\" \/>Der Arbeitskreis Schulpastoral wurde am 05. Februar 1998 gegr\u00fcndet. Er leistet eine wichtige Arbeit f\u00fcr das Profil des Gymnasiums Maria K\u00f6nigin als moderne katholische Schule. Er ist zust\u00e4ndig f\u00fcr die Koordinierung, Planung und Durchf\u00fchrung der Schulpastoral an Maria K\u00f6nigin in der Nachfolge der Patres der Missionare von der Heiligen Familie seit deren Ausscheiden aus dem Schuldienst. F\u00fcr die Schulpastoral am Gymnasium Maria K\u00f6nigin steht der Mensch im Mittelpunkt.<\/p>\n<p style=\"text-align: justify;\"><strong>10 Leitbilder der Schulpastoral am Gymnasium Maria K\u00f6nigin, Lennestadt<\/strong><\/p>\n<p style=\"text-align: justify;\">Christen in der Schule&#8230;<\/p>\n<p style=\"text-align: justify;\">&#8230; tragen dazu bei, dass Lebensfragen nach dem Woher, Wohin und Wozu des Menschen zu Wort kommen;<\/p>\n<p style=\"text-align: justify;\">&#8230; verteidigen die unantastbare W\u00fcrde des Menschen, unabh\u00e4ngig von Alter, Geschlecht, von Hautfarbe, sozialer Herkunft und Religion;<\/p>\n<p style=\"text-align: justify;\">&#8230; achten jeden Menschen als Gesch\u00f6pf Gottes, unabh\u00e4ngig von seinem Leistungsverm\u00f6gen;<\/p>\n<p style=\"text-align: justify;\">&#8230; sehen die Menschen im Mittelpunkt ihrer Arbeit und nicht Computer, Programme, Modelle oder Interessen au\u00dferschulischer Institutionen;<\/p>\n<p style=\"text-align: justify;\">&#8230; erm\u00f6glichen Kindern und Jugendlichen, gelebter Religion zu begegnen;<\/p>\n<p style=\"text-align: justify;\">&#8230; sind \u00fcberzeugt, dass es in der Schule auch eine an christlichen Werten orientierte Erziehung geben muss;<\/p>\n<p style=\"text-align: justify;\">&#8230; f\u00f6rdern das Zusammenleben von Menschen unterschiedlicher kultureller und reilgi\u00f6ser Herkunft;<\/p>\n<p style=\"text-align: justify;\">&#8230; werben f\u00fcr ein Leistungsverst\u00e4ndnis, das dem Anspruch vom perfekten Menschen widerspricht;<\/p>\n<p style=\"text-align: justify;\">&#8230; stiften zu einer Hoffnung an, die die Erfahrung vom Leid und Tod aush\u00e4lt und zur Mitleidenschaft mit den Schwachen ermutigt;<\/p>\n<p style=\"text-align: justify;\">&#8230; laden dazu ein, das Leben zu feiern und die Gaben der Sch\u00f6pfung zu genie\u00dfen.<\/p>\n<p style=\"text-align: justify;\">(Quelle: Positionspapier zum \u00d6kumenischen Kirchentag in Berlin 2003 von der Arbeitsgemeinschaft Evangelischer Erzieher in Deutschland e.V., der Bundeskonferenz kath. Religionslehrer und dem Deutschen Katecheten-Verein)<\/p>\n<p style=\"text-align: justify;\"><strong>Die Ziele des Arbeitskreises Schulpastoral lauten:<\/strong><\/p>\n<p style=\"text-align: justify;\">\u2022 Mitgestaltung des Schullebens und der Schulkultur am Gymnasium Maria K\u00f6nigin<br \/>\n\u2022 Gestaltung eines menschliches Schulklimas durch gegenseitige Hilfe, Offenheit und R\u00fccksichtnahme aller Personen des Schullebens<br \/>\n\u2022 Hilfe zur ganzheitlichen Pers\u00f6nlichkeitsentwicklung der Sch\u00fclerinnen und Sch\u00fcler durch Begegnung mit gelebter Religion (Pr\u00e4ambel des Schulprogramms, S. 2)<br \/>\n\u2022 Fortentwicklung der Liturgie und Spiritualit\u00e4t an Maria K\u00f6nigin<\/p>\n<p style=\"text-align: justify;\"><strong>Ausz\u00fcge aus dem Konsenspapier des Arbeitskreises Schulpastoral von 2004:<\/strong><\/p>\n<p style=\"text-align: justify;\">\u2026 \u201eDas Gesamtziel ist es, Maria K\u00f6nigin als eine Schule mit einem lebendigen religi\u00f6sen und spirituellen Leben zu gestalten. \u2026 W\u00e4hrend der Religionsunterricht wie jeder andere Unterricht st\u00e4rker sachorientiert ist, k\u00f6nnen Gebet und Gottesdienst den Sch\u00fclerinnen und Sch\u00fclern das religi\u00f6se Leben n\u00e4her bringen. \u2026 Religi\u00f6ses Leben ist von Spiritualit\u00e4t getragen, Spiritualit\u00e4t aber ist schwer fassbar. Da Spiritualit\u00e4t aus der Begegnung mit Gott erw\u00e4chst, kann Schule sie nicht lehren. \u2026 Gelebte Spiritualit\u00e4t (Gebet und Gottesdienst) kann Sch\u00fclerinnen und Sch\u00fclern einen Zugang zu einem religi\u00f6sen Leben erm\u00f6glichen. &#8230;\u201c<\/p>\n<p style=\"text-align: justify;\">Schulpastoral ist die Aufgabe aller am Schulleben Beteiligten, nicht nur der Mitglieder des Arbeitskreises Schulpastoral und der Religionslehrer.<\/p>\n<p><strong>Arbeitsschwerpunkte der Schulpastoral am Gymnasium Maria K\u00f6nigin:<\/strong><\/p>\n<ul>\n<li>Morgengebete\/-impulse\u00a0 aller Klassen\/Stufen<\/li>\n<li>Schulgottesdienste (Klassen- und Jahrgangsstufengottesdienste)<\/li>\n<li>Projekt: Junge Kirche<\/li>\n<li>J\u00e4hrliche Wallfahrt zum Kohlhagen<\/li>\n<li>Haussegnung mit Sternsingern zu Beginn des Jahres<\/li>\n<li>Tage religi\u00f6ser Orientierung<\/li>\n<li>Gestaltung der besonderen Zeiten des Kirchenjahres (Advent, Fastenzeit)<\/li>\n<li>Fahrten zu Katholiken- und Kirchentagen<\/li>\n<li>Fastenaktionen (Misereor)<\/li>\n<li>Lehrerfortbildungen<\/li>\n<li>Gebete\/Andachten aus aktuellen Anl\u00e4ssen (Erdbeben, etc.)<\/li>\n<li>Gottesdienste f\u00fcr Verstorbene<\/li>\n<li>Konzerte<\/li>\n<li>Spendenaktionen<\/li>\n<\/ul>\n<p><strong>Mitglieder des Arbeitskreises Schulpastoral:<\/strong><\/p>\n<ul>\n<li>Ansgar Kaufmann<\/li>\n<li>Dr. Monika Lohmeyer<\/li>\n<li>Peter Peil<\/li>\n<li>Winfried Rettler<\/li>\n<li>Tobias Riesel<\/li>\n<li>Julian Scherer<\/li>\n<li>Regina Schmidt<\/li>\n<li>Alexander Sieler<\/li>\n<\/ul>\n<p style=\"text-align: justify;\">\n","protected":false},"excerpt":{"rendered":"<p>Der Arbeitskreis Schulpastoral wurde am 05. Februar 1998 gegr\u00fcndet. Er leistet eine wichtige Arbeit f\u00fcr das Profil des Gymnasiums Maria K\u00f6nigin als moderne katholische Schule. Er ist zust\u00e4ndig f\u00fcr die Koordinierung, Planung und Durchf\u00fchrung der Schulpastoral an Maria K\u00f6nigin in der Nachfolge der Patres der Missionare von der Heiligen Familie seit deren Ausscheiden aus dem [&hellip;]<\/p>\n","protected":false},"author":1,"featured_media":0,"parent":58,"menu_order":0,"comment_status":"closed","ping_status":"closed","template":"","meta":{"ngg_post_thumbnail":0,"_mc_calendar":[],"footnotes":""},"class_list":["post-85","page","type-page","status-publish","hentry"],"_links":{"self":[{"href":"http:\/\/www.maria-koenigin.de\/index.php?rest_route=\/wp\/v2\/pages\/85","targetHints":{"allow":["GET"]}}],"collection":[{"href":"http:\/\/www.maria-koenigin.de\/index.php?rest_route=\/wp\/v2\/pages"}],"about":[{"href":"http:\/\/www.maria-koenigin.de\/index.php?rest_route=\/wp\/v2\/types\/page"}],"author":[{"embeddable":true,"href":"http:\/\/www.maria-koenigin.de\/index.php?rest_route=\/wp\/v2\/users\/1"}],"replies":[{"embeddable":true,"href":"http:\/\/www.maria-koenigin.de\/index.php?rest_route=%2Fwp%2Fv2%2Fcomments&post=85"}],"version-history":[{"count":8,"href":"http:\/\/www.maria-koenigin.de\/index.php?rest_route=\/wp\/v2\/pages\/85\/revisions"}],"predecessor-version":[{"id":12453,"href":"http:\/\/www.maria-koenigin.de\/index.php?rest_route=\/wp\/v2\/pages\/85\/revisions\/12453"}],"up":[{"embeddable":true,"href":"http:\/\/www.maria-koenigin.de\/index.php?rest_route=\/wp\/v2\/pages\/58"}],"wp:attachment":[{"href":"http:\/\/www.maria-koenigin.de\/index.php?rest_route=%2Fwp%2Fv2%2Fmedia&parent=85"}],"curies":[{"name":"wp","href":"https:\/\/api.w.org\/{rel}","templated":true}]}}