{"id":9156,"date":"2020-03-23T17:37:58","date_gmt":"2020-03-23T16:37:58","guid":{"rendered":"http:\/\/www.maria-koenigin.de\/?page_id=9156"},"modified":"2020-03-26T19:42:22","modified_gmt":"2020-03-26T18:42:22","slug":"beratung-und-berichte","status":"publish","type":"page","link":"http:\/\/www.maria-koenigin.de\/?page_id=9156","title":{"rendered":"Beratung und Berichte"},"content":{"rendered":"<p><strong>Das Beratungsangebot am MK geht weiter!<\/strong><\/p>\n<div class=\"kvgmc6g5 cxmmr5t8 oygrvhab hcukyx3x c1et5uql ii04i59q\">\n<p>Das Beratungsteam und besonders Frau Geuecke und Herr Ameling sind weiterhin und gerade jetzt erreichbar!\u00a0Frau Geuecke schreibt dazu:<\/p>\n<p>&#8222;Auch wenn wir uns derzeit nicht in gewohnter Weise auf dem Schulgel\u00e4nde treffen k\u00f6nnen, stehen wir euch nat\u00fcrlich weiterhin mit Rat und Tat zur Seite.\u00a0Vielleicht ben\u00f6tigt ihr \u2013 oder eure Eltern- gerade in diesen verr\u00fcckten Tagen eine (telefonische) Anlaufstelle, ein Zuh\u00f6rer, eine M\u00f6glichkeit des Austausches oder eine individuelle Beratung.\u00a0Dann freuen wir uns von euch zu h\u00f6ren!&#8220;<\/p>\n<\/div>\n<div>Frau Geuecke ist zu erreichen per Mail:\u00a0<a class=\"moz-txt-link-abbreviated\" href=\"mailto:schulsozialarbeit@maria-koenigin.de\" target=\"_blank\" rel=\"noopener noreferrer\">schulsozialarbeit@maria-koenigin.de<\/a> oder telefonisch (015237682321).<\/div>\n<div>Die E-Mail-Adresse von Herrn Ameling lautet:\u00a0<a class=\"moz-txt-link-abbreviated\" href=\"mailto:michael.ameling@maria-koenigin.de\" target=\"_blank\" rel=\"noopener noreferrer\">michael.ameling@maria-koenigin.de<\/a><\/div>\n<p><strong>Verschiedene Berichte aus dem Schulumfeld in Zeiten von Corona<\/strong><\/p>\n<p>Unsere ehemalige Sch\u00fclerin Aurelia Schmidt versucht von Sumba wieder in die Heimat zu kommen. \u00a0<a href=\"http:\/\/www.maria-koenigin.de\/wordpress\/wp-content\/uploads\/2020\/03\/Bericht-Aurelia-Scmidt-R\u00fcckkehr-aus-Sumba.pdf\" target=\"_blank\" rel=\"noopener noreferrer\">Ein gar nicht so leichtes Unterfangen<\/a><\/p>\n<p><a href=\"http:\/\/www.maria-koenigin.de\/wordpress\/wp-content\/uploads\/2020\/03\/Bericht-\u00fcber-Kevin-Spagnolo.pdf\" target=\"_blank\" rel=\"noopener noreferrer\">Bericht \u00fcber unseren Sch\u00fcler Kevin Spagnolo<\/a><\/p>\n<p><a href=\"http:\/\/www.maria-koenigin.de\/wordpress\/wp-content\/uploads\/2020\/03\/digitale-Schule-an-MK-und-GymSL-Kurier-.pdf\" target=\"_blank\" rel=\"noopener noreferrer\">Digitale Schule an MK und GymSL (Kurier)<\/a><\/p>\n","protected":false},"excerpt":{"rendered":"<p>Das Beratungsangebot am MK geht weiter! Das Beratungsteam und besonders Frau Geuecke und Herr Ameling sind weiterhin und gerade jetzt erreichbar!\u00a0Frau Geuecke schreibt dazu: &#8222;Auch wenn wir uns derzeit nicht in gewohnter Weise auf dem Schulgel\u00e4nde treffen k\u00f6nnen, stehen wir euch nat\u00fcrlich weiterhin mit Rat und Tat zur Seite.\u00a0Vielleicht ben\u00f6tigt ihr \u2013 oder eure Eltern- [&hellip;]<\/p>\n","protected":false},"author":1,"featured_media":0,"parent":9142,"menu_order":0,"comment_status":"closed","ping_status":"closed","template":"","meta":{"ngg_post_thumbnail":0,"_mc_calendar":[],"footnotes":""},"class_list":["post-9156","page","type-page","status-publish","hentry"],"_links":{"self":[{"href":"http:\/\/www.maria-koenigin.de\/index.php?rest_route=\/wp\/v2\/pages\/9156","targetHints":{"allow":["GET"]}}],"collection":[{"href":"http:\/\/www.maria-koenigin.de\/index.php?rest_route=\/wp\/v2\/pages"}],"about":[{"href":"http:\/\/www.maria-koenigin.de\/index.php?rest_route=\/wp\/v2\/types\/page"}],"author":[{"embeddable":true,"href":"http:\/\/www.maria-koenigin.de\/index.php?rest_route=\/wp\/v2\/users\/1"}],"replies":[{"embeddable":true,"href":"http:\/\/www.maria-koenigin.de\/index.php?rest_route=%2Fwp%2Fv2%2Fcomments&post=9156"}],"version-history":[{"count":6,"href":"http:\/\/www.maria-koenigin.de\/index.php?rest_route=\/wp\/v2\/pages\/9156\/revisions"}],"predecessor-version":[{"id":9222,"href":"http:\/\/www.maria-koenigin.de\/index.php?rest_route=\/wp\/v2\/pages\/9156\/revisions\/9222"}],"up":[{"embeddable":true,"href":"http:\/\/www.maria-koenigin.de\/index.php?rest_route=\/wp\/v2\/pages\/9142"}],"wp:attachment":[{"href":"http:\/\/www.maria-koenigin.de\/index.php?rest_route=%2Fwp%2Fv2%2Fmedia&parent=9156"}],"curies":[{"name":"wp","href":"https:\/\/api.w.org\/{rel}","templated":true}]}}