{"id":11874,"date":"2023-02-06T20:45:56","date_gmt":"2023-02-06T19:45:56","guid":{"rendered":"https:\/\/www.maria-koenigin.de\/?page_id=11874"},"modified":"2025-07-30T17:14:43","modified_gmt":"2025-07-30T15:14:43","slug":"tuerkei","status":"publish","type":"page","link":"https:\/\/www.maria-koenigin.de\/?page_id=11874","title":{"rendered":"T\u00fcrkei"},"content":{"rendered":"<h3><strong>Sch\u00fcleraustausch mit der T\u00fcrkei (Jahrgangsstufen 9 und 10)<\/strong><\/h3>\n<p>In den Jahrgangsstufen 9 \/ 10 f\u00fchren wir seit 2023 einen Sch\u00fcleraustausch mit unserer am Schwarzen Meer gelegenen t\u00fcrkischen Austauschschule TSO Fen Lisesi in \u00c7aycuma durch.&nbsp;&nbsp;&nbsp;&nbsp;&nbsp;&nbsp;&nbsp;&nbsp;&nbsp; Der Austausch wird sehr gro\u00dfz\u00fcgig von der deutsch-t\u00fcrkischen Jugendbr\u00fccke gef\u00f6rdert und zudem durch die Stadt Lennestadt finanziell unterst\u00fctzt.<\/p>\n<p>Aufgrund des naturwissenschaftlichen Schwerpunkts ist die Begegnung dem Bereich MINT zugeordnet. Es werden vorbereitete Projekte vorgestellt und weitere praktische Themen gemeinsam bearbeitet. Die Teilnehmerzahl bel\u00e4uft sich auf ca. 20 Sch\u00fcler:innen unserer Schule. \u00dcbersetzer stehen uns zur Seite, sodass die unterschiedlichen Sprachen kein Hindernis darstellen.<\/p>\n<p>Neben der fachlichen Arbeit lernen sich die Teilnehmenden u. a. bei einem Ausflugstag nach K\u00f6ln, einem Besuch in Siegen und einem Tag am Erlebnisberg Kappe in Winterberg mit Fly Line und Sommerrodelbahn n\u00e4her kennen, au\u00dferdem beim gemeinsamen Kochen von t\u00fcrkischen und deutschen Spezialit\u00e4ten. W\u00e4hrend des Gegenbesuchs in der T\u00fcrkei liegt der Fokus ebenfalls auf naturwissenschaftlich-fachlichen, kulturellen, sportlichen sowie kulinarischen Aspekten.<\/p>\n<p>Der etwa einw\u00f6chige Besuch in Lennestadt findet im Juni statt; die Unterbringung der t\u00fcrkischen G\u00e4ste ist im Jugendhof. Unsere Sch\u00fcler:innen reisen im darauf folgenden Schuljahr im Februar nach \u00c7aycuma. Die Unterkunft dort ist eine vergleichbare Einrichtung.<\/p>\n<p><strong style=\"font-size: 1rem;\"><img loading=\"lazy\" decoding=\"async\" class=\"alignright wp-image-11868 size-full\" src=\"http:\/\/www.maria-koenigin.de\/wordpress\/wp-content\/uploads\/2023\/02\/Begegnung-Tuerkei-Plakat-klein.jpg\" alt=\"\" width=\"640\" height=\"400\" srcset=\"https:\/\/www.maria-koenigin.de\/wordpress\/wp-content\/uploads\/2023\/02\/Begegnung-Tuerkei-Plakat-klein.jpg 640w, https:\/\/www.maria-koenigin.de\/wordpress\/wp-content\/uploads\/2023\/02\/Begegnung-Tuerkei-Plakat-klein-300x188.jpg 300w, https:\/\/www.maria-koenigin.de\/wordpress\/wp-content\/uploads\/2023\/02\/Begegnung-Tuerkei-Plakat-klein-624x390.jpg 624w\" sizes=\"auto, (max-width: 640px) 100vw, 640px\" \/><\/strong><\/p>\n<p><img loading=\"lazy\" decoding=\"async\" class=\"alignright wp-image-11869 size-full\" src=\"http:\/\/www.maria-koenigin.de\/wordpress\/wp-content\/uploads\/2023\/02\/Tuerkei-Austausch-Baum-klein.jpg\" alt=\"\" width=\"640\" height=\"853\" srcset=\"https:\/\/www.maria-koenigin.de\/wordpress\/wp-content\/uploads\/2023\/02\/Tuerkei-Austausch-Baum-klein.jpg 640w, https:\/\/www.maria-koenigin.de\/wordpress\/wp-content\/uploads\/2023\/02\/Tuerkei-Austausch-Baum-klein-225x300.jpg 225w, https:\/\/www.maria-koenigin.de\/wordpress\/wp-content\/uploads\/2023\/02\/Tuerkei-Austausch-Baum-klein-624x832.jpg 624w\" sizes=\"auto, (max-width: 640px) 100vw, 640px\" \/><\/p>\n","protected":false},"excerpt":{"rendered":"<p>Sch\u00fcleraustausch mit der T\u00fcrkei (Jahrgangsstufen 9 und 10) In den Jahrgangsstufen 9 \/ 10 f\u00fchren wir seit 2023 einen Sch\u00fcleraustausch mit unserer am Schwarzen Meer gelegenen t\u00fcrkischen Austauschschule TSO Fen Lisesi in \u00c7aycuma durch.&nbsp;&nbsp;&nbsp;&nbsp;&nbsp;&nbsp;&nbsp;&nbsp;&nbsp; Der Austausch wird sehr gro\u00dfz\u00fcgig von der deutsch-t\u00fcrkischen Jugendbr\u00fccke gef\u00f6rdert und zudem durch die Stadt Lennestadt finanziell unterst\u00fctzt. Aufgrund des naturwissenschaftlichen [&hellip;]<\/p>\n","protected":false},"author":7,"featured_media":0,"parent":98,"menu_order":0,"comment_status":"closed","ping_status":"closed","template":"","meta":{"ngg_post_thumbnail":0,"_mc_calendar":[],"footnotes":""},"class_list":["post-11874","page","type-page","status-publish","hentry"],"_links":{"self":[{"href":"https:\/\/www.maria-koenigin.de\/index.php?rest_route=\/wp\/v2\/pages\/11874","targetHints":{"allow":["GET"]}}],"collection":[{"href":"https:\/\/www.maria-koenigin.de\/index.php?rest_route=\/wp\/v2\/pages"}],"about":[{"href":"https:\/\/www.maria-koenigin.de\/index.php?rest_route=\/wp\/v2\/types\/page"}],"author":[{"embeddable":true,"href":"https:\/\/www.maria-koenigin.de\/index.php?rest_route=\/wp\/v2\/users\/7"}],"replies":[{"embeddable":true,"href":"https:\/\/www.maria-koenigin.de\/index.php?rest_route=%2Fwp%2Fv2%2Fcomments&post=11874"}],"version-history":[{"count":5,"href":"https:\/\/www.maria-koenigin.de\/index.php?rest_route=\/wp\/v2\/pages\/11874\/revisions"}],"predecessor-version":[{"id":16603,"href":"https:\/\/www.maria-koenigin.de\/index.php?rest_route=\/wp\/v2\/pages\/11874\/revisions\/16603"}],"up":[{"embeddable":true,"href":"https:\/\/www.maria-koenigin.de\/index.php?rest_route=\/wp\/v2\/pages\/98"}],"wp:attachment":[{"href":"https:\/\/www.maria-koenigin.de\/index.php?rest_route=%2Fwp%2Fv2%2Fmedia&parent=11874"}],"curies":[{"name":"wp","href":"https:\/\/api.w.org\/{rel}","templated":true}]}}