{"id":1210,"date":"2014-11-02T15:17:54","date_gmt":"2014-11-02T13:17:54","guid":{"rendered":"http:\/\/mkwordpress.bertels-online.com\/?page_id=1210"},"modified":"2025-10-15T01:32:50","modified_gmt":"2025-10-14T23:32:50","slug":"frankreich","status":"publish","type":"page","link":"https:\/\/www.maria-koenigin.de\/?page_id=1210","title":{"rendered":"Frankreich"},"content":{"rendered":"<h3><strong>Austauschbegegnung mit Frankreich (Jahrgangsstufe 8)<\/strong><\/h3>\n<h3><img loading=\"lazy\" decoding=\"async\" class=\"alignleft wp-image-13702 size-medium\" src=\"http:\/\/www.maria-koenigin.de\/wordpress\/wp-content\/uploads\/2024\/02\/Logo-Frankreich-300x71.jpg\" alt=\"\" width=\"300\" height=\"71\" srcset=\"https:\/\/www.maria-koenigin.de\/wordpress\/wp-content\/uploads\/2024\/02\/Logo-Frankreich-300x71.jpg 300w, https:\/\/www.maria-koenigin.de\/wordpress\/wp-content\/uploads\/2024\/02\/Logo-Frankreich.jpg 477w\" sizes=\"auto, (max-width: 300px) 100vw, 300px\" \/><\/h3>\n<p>&nbsp;<\/p>\n<p>&nbsp;<\/p>\n<p>Mit unserer Partnerschule in Frankreich, dem Coll\u00e8ge Ren\u00e9 Bernier in St.-S\u00e9bastien-sur-Loire (bei Nantes), findet seit 2022 allj\u00e4hrlich im 2. Schulhalbjahr der Jahrgangsstufe 8 eine f\u00fcnft\u00e4gige Drittortbegegnung statt. Gef\u00f6rdert wird das Projekt vom Deutsch-Franz\u00f6sischen Jugendwerk. Das gemeinsame Kennenlernen erfolgt in verschiedenen Workshops zum Thema Europa sowie bei Spiel und Sport. Highlights der Woche sind Tagesausfl\u00fcge zur Entdeckung der europ\u00e4ischen Stadt Stra\u00dfburg mit Besuch im Europaparlament, einer Altstadtrallye und einer Bootsfahrt auf der Ill. Eine weitere Tour f\u00fchrt nach Freiburg zur Erkundung des Vauban-Viertels, der Green City der Stadt, und des Stadtkerns. Das gemeinsame Treffen ist f\u00fcr die Jugendlichen eine ereignisreiche Zeit, die sie als Bereicherung erleben, und tr\u00e4gt im Hinblick auf die Entwicklung in Europa als kleiner, aber wichtiger Baustein zum friedlichen Miteinander bei.<\/p>\n<p>Anstatt einer Drittortbegegnung kann \u2013 je nach Interessen und M\u00f6glichkeiten beider Schulen in einem bestimmten Jahrgang &#8211; ein klassischer Sch\u00fcleraustausch mit einem Aufenthalt in Familien am Ort der Partner oder eine Studienfahrt ins Partnerland angeboten werden.<\/p>\n<p><img loading=\"lazy\" decoding=\"async\" class=\"alignnone wp-image-13704 size-large\" src=\"http:\/\/www.maria-koenigin.de\/wordpress\/wp-content\/uploads\/2024\/02\/IMG_7339-1024x768.jpg\" alt=\"\" width=\"625\" height=\"469\" srcset=\"https:\/\/www.maria-koenigin.de\/wordpress\/wp-content\/uploads\/2024\/02\/IMG_7339-1024x768.jpg 1024w, https:\/\/www.maria-koenigin.de\/wordpress\/wp-content\/uploads\/2024\/02\/IMG_7339-300x225.jpg 300w, https:\/\/www.maria-koenigin.de\/wordpress\/wp-content\/uploads\/2024\/02\/IMG_7339-768x576.jpg 768w, https:\/\/www.maria-koenigin.de\/wordpress\/wp-content\/uploads\/2024\/02\/IMG_7339-1536x1152.jpg 1536w, https:\/\/www.maria-koenigin.de\/wordpress\/wp-content\/uploads\/2024\/02\/IMG_7339-2048x1536.jpg 2048w, https:\/\/www.maria-koenigin.de\/wordpress\/wp-content\/uploads\/2024\/02\/IMG_7339-624x468.jpg 624w\" sizes=\"auto, (max-width: 625px) 100vw, 625px\" \/> Die Sch\u00fclergruppe vor dem Parlamentsgeb\u00e4ude in Stra\u00dfburg<\/p>\n<p>&nbsp;<\/p>\n<h3 style=\"text-align: justify;\">&nbsp;<\/h3>\n","protected":false},"excerpt":{"rendered":"<p>Austauschbegegnung mit Frankreich (Jahrgangsstufe 8) &nbsp; &nbsp; Mit unserer Partnerschule in Frankreich, dem Coll\u00e8ge Ren\u00e9 Bernier in St.-S\u00e9bastien-sur-Loire (bei Nantes), findet seit 2022 allj\u00e4hrlich im 2. Schulhalbjahr der Jahrgangsstufe 8 eine f\u00fcnft\u00e4gige Drittortbegegnung statt. Gef\u00f6rdert wird das Projekt vom Deutsch-Franz\u00f6sischen Jugendwerk. Das gemeinsame Kennenlernen erfolgt in verschiedenen Workshops zum Thema Europa sowie bei Spiel und [&hellip;]<\/p>\n","protected":false},"author":1,"featured_media":0,"parent":98,"menu_order":0,"comment_status":"closed","ping_status":"closed","template":"","meta":{"ngg_post_thumbnail":0,"_mc_calendar":[],"footnotes":""},"class_list":["post-1210","page","type-page","status-publish","hentry"],"_links":{"self":[{"href":"https:\/\/www.maria-koenigin.de\/index.php?rest_route=\/wp\/v2\/pages\/1210","targetHints":{"allow":["GET"]}}],"collection":[{"href":"https:\/\/www.maria-koenigin.de\/index.php?rest_route=\/wp\/v2\/pages"}],"about":[{"href":"https:\/\/www.maria-koenigin.de\/index.php?rest_route=\/wp\/v2\/types\/page"}],"author":[{"embeddable":true,"href":"https:\/\/www.maria-koenigin.de\/index.php?rest_route=\/wp\/v2\/users\/1"}],"replies":[{"embeddable":true,"href":"https:\/\/www.maria-koenigin.de\/index.php?rest_route=%2Fwp%2Fv2%2Fcomments&post=1210"}],"version-history":[{"count":16,"href":"https:\/\/www.maria-koenigin.de\/index.php?rest_route=\/wp\/v2\/pages\/1210\/revisions"}],"predecessor-version":[{"id":17053,"href":"https:\/\/www.maria-koenigin.de\/index.php?rest_route=\/wp\/v2\/pages\/1210\/revisions\/17053"}],"up":[{"embeddable":true,"href":"https:\/\/www.maria-koenigin.de\/index.php?rest_route=\/wp\/v2\/pages\/98"}],"wp:attachment":[{"href":"https:\/\/www.maria-koenigin.de\/index.php?rest_route=%2Fwp%2Fv2%2Fmedia&parent=1210"}],"curies":[{"name":"wp","href":"https:\/\/api.w.org\/{rel}","templated":true}]}}

<h3><strong>Austauschbegegnung mit Frankreich (Jahrgangsstufe 8)</strong></h3>
<h3><img loading="lazy" decoding="async" class="alignleft wp-image-13702 size-medium" src="http://www.maria-koenigin.de/wordpress/wp-content/uploads/2024/02/Logo-Frankreich-300x71.jpg" alt="" width="300" height="71" srcset="https://www.maria-koenigin.de/wordpress/wp-content/uploads/2024/02/Logo-Frankreich-300x71.jpg 300w, https://www.maria-koenigin.de/wordpress/wp-content/uploads/2024/02/Logo-Frankreich.jpg 477w" sizes="auto, (max-width: 300px) 100vw, 300px" /></h3>
<p>&nbsp;</p>
<p>&nbsp;</p>
<p>Mit unserer Partnerschule in Frankreich, dem Collège René Bernier in St.-Sébastien-sur-Loire (bei Nantes), findet seit 2022 alljährlich im 2. Schulhalbjahr der Jahrgangsstufe 8 eine fünftägige Drittortbegegnung statt. Gefördert wird das Projekt vom Deutsch-Französischen Jugendwerk. Das gemeinsame Kennenlernen erfolgt in verschiedenen Workshops zum Thema Europa sowie bei Spiel und Sport. Highlights der Woche sind Tagesausflüge zur Entdeckung der europäischen Stadt Straßburg mit Besuch im Europaparlament, einer Altstadtrallye und einer Bootsfahrt auf der Ill. Eine weitere Tour führt nach Freiburg zur Erkundung des Vauban-Viertels, der Green City der Stadt, und des Stadtkerns. Das gemeinsame Treffen ist für die Jugendlichen eine ereignisreiche Zeit, die sie als Bereicherung erleben, und trägt im Hinblick auf die Entwicklung in Europa als kleiner, aber wichtiger Baustein zum friedlichen Miteinander bei.</p>
<p>Anstatt einer Drittortbegegnung kann – je nach Interessen und Möglichkeiten beider Schulen in einem bestimmten Jahrgang &#8211; ein klassischer Schüleraustausch mit einem Aufenthalt in Familien am Ort der Partner oder eine Studienfahrt ins Partnerland angeboten werden.</p>
<p><img loading="lazy" decoding="async" class="alignnone wp-image-13704 size-large" src="http://www.maria-koenigin.de/wordpress/wp-content/uploads/2024/02/IMG_7339-1024x768.jpg" alt="" width="625" height="469" srcset="https://www.maria-koenigin.de/wordpress/wp-content/uploads/2024/02/IMG_7339-1024x768.jpg 1024w, https://www.maria-koenigin.de/wordpress/wp-content/uploads/2024/02/IMG_7339-300x225.jpg 300w, https://www.maria-koenigin.de/wordpress/wp-content/uploads/2024/02/IMG_7339-768x576.jpg 768w, https://www.maria-koenigin.de/wordpress/wp-content/uploads/2024/02/IMG_7339-1536x1152.jpg 1536w, https://www.maria-koenigin.de/wordpress/wp-content/uploads/2024/02/IMG_7339-2048x1536.jpg 2048w, https://www.maria-koenigin.de/wordpress/wp-content/uploads/2024/02/IMG_7339-624x468.jpg 624w" sizes="auto, (max-width: 625px) 100vw, 625px" /> Die Schülergruppe vor dem Parlamentsgebäude in Straßburg</p>
<p>&nbsp;</p>
<h3 style="text-align: justify;">&nbsp;</h3>

<p>Austauschbegegnung mit Frankreich (Jahrgangsstufe 8) &nbsp; &nbsp; Mit unserer Partnerschule in Frankreich, dem Collège René Bernier in St.-Sébastien-sur-Loire (bei Nantes), findet seit 2022 alljährlich im 2. Schulhalbjahr der Jahrgangsstufe 8 eine fünftägige Drittortbegegnung statt. Gefördert wird das Projekt vom Deutsch-Französischen Jugendwerk. Das gemeinsame Kennenlernen erfolgt in verschiedenen Workshops zum Thema Europa sowie bei Spiel und [&hellip;]</p>
