{"id":13845,"date":"2024-02-20T19:28:28","date_gmt":"2024-02-20T18:28:28","guid":{"rendered":"http:\/\/www.maria-koenigin.de\/?page_id=13845"},"modified":"2025-04-23T11:55:31","modified_gmt":"2025-04-23T09:55:31","slug":"grossprojekt-2021-corona-massnahmen","status":"publish","type":"page","link":"https:\/\/www.maria-koenigin.de\/?page_id=13845","title":{"rendered":"Abschlussprojekt 2021: Corona Ma\u00dfnahmen"},"content":{"rendered":"<p style=\"text-align: justify;\">Im Jahr 2021 bestand die Aufgabe der Ingenieure darin, L\u00f6sungen f\u00fcr t\u00e4gliche Problemstellungen im Rahmen von Schule zu finden, die durch die Corona-Pandemie verursacht wurden. Hierzu wurden mithilfe des LEGO-Mindstorm-Robotersystems zwei Konzepte im Bereich der Robotik\/Automatisierungstechnik entwickelt und umgesetzt. Innerhalb der Gruppen wurde eine Struktur aus Bauingenieuren, Softwareingenieuren, Verantwortlichen f\u00fcr die Dokumentation und Projektleitern eingerichtet. Im Rahmen des ersten Konzepts wurde ein Desinfektionsroboter so konzipiert, dass er automatisch einzelne Tischreihen abf\u00e4hrt, um Desinfektionsspray auf die H\u00e4nde zu spr\u00fchen. Das zweite Konzept bestand aus einem L\u00fcftungsroboter, der Fenster in einem vorgegebenen Zeitintervall automatisch \u00f6ffnen und schlie\u00dfen kann. Impressionen des Projekts sind im Folgenden dargestellt:<\/p>\n<p><img loading=\"lazy\" decoding=\"async\" class=\"alignnone wp-image-13852 size-large\" src=\"http:\/\/www.maria-koenigin.de\/wordpress\/wp-content\/uploads\/2024\/02\/Team-Desinfektionsroboter-1024x768.jpg\" alt=\"\" width=\"625\" height=\"469\" srcset=\"https:\/\/www.maria-koenigin.de\/wordpress\/wp-content\/uploads\/2024\/02\/Team-Desinfektionsroboter-1024x768.jpg 1024w, https:\/\/www.maria-koenigin.de\/wordpress\/wp-content\/uploads\/2024\/02\/Team-Desinfektionsroboter-300x225.jpg 300w, https:\/\/www.maria-koenigin.de\/wordpress\/wp-content\/uploads\/2024\/02\/Team-Desinfektionsroboter-768x576.jpg 768w, https:\/\/www.maria-koenigin.de\/wordpress\/wp-content\/uploads\/2024\/02\/Team-Desinfektionsroboter-1536x1152.jpg 1536w, https:\/\/www.maria-koenigin.de\/wordpress\/wp-content\/uploads\/2024\/02\/Team-Desinfektionsroboter-2048x1536.jpg 2048w, https:\/\/www.maria-koenigin.de\/wordpress\/wp-content\/uploads\/2024\/02\/Team-Desinfektionsroboter-624x468.jpg 624w\" sizes=\"auto, (max-width: 625px) 100vw, 625px\" \/><img loading=\"lazy\" decoding=\"async\" class=\"alignnone wp-image-13853 size-large\" src=\"http:\/\/www.maria-koenigin.de\/wordpress\/wp-content\/uploads\/2024\/02\/Team-Lueftungsroboter-1024x768.jpg\" alt=\"\" width=\"625\" height=\"469\" srcset=\"https:\/\/www.maria-koenigin.de\/wordpress\/wp-content\/uploads\/2024\/02\/Team-Lueftungsroboter-1024x768.jpg 1024w, https:\/\/www.maria-koenigin.de\/wordpress\/wp-content\/uploads\/2024\/02\/Team-Lueftungsroboter-300x225.jpg 300w, https:\/\/www.maria-koenigin.de\/wordpress\/wp-content\/uploads\/2024\/02\/Team-Lueftungsroboter-768x576.jpg 768w, https:\/\/www.maria-koenigin.de\/wordpress\/wp-content\/uploads\/2024\/02\/Team-Lueftungsroboter-1536x1152.jpg 1536w, https:\/\/www.maria-koenigin.de\/wordpress\/wp-content\/uploads\/2024\/02\/Team-Lueftungsroboter-2048x1536.jpg 2048w, https:\/\/www.maria-koenigin.de\/wordpress\/wp-content\/uploads\/2024\/02\/Team-Lueftungsroboter-624x468.jpg 624w\" sizes=\"auto, (max-width: 625px) 100vw, 625px\" \/><img loading=\"lazy\" decoding=\"async\" class=\"alignnone wp-image-13847 size-large\" src=\"http:\/\/www.maria-koenigin.de\/wordpress\/wp-content\/uploads\/2024\/02\/Teambesprechung-1024x768.jpg\" alt=\"\" width=\"625\" height=\"469\" srcset=\"https:\/\/www.maria-koenigin.de\/wordpress\/wp-content\/uploads\/2024\/02\/Teambesprechung-1024x768.jpg 1024w, https:\/\/www.maria-koenigin.de\/wordpress\/wp-content\/uploads\/2024\/02\/Teambesprechung-300x225.jpg 300w, https:\/\/www.maria-koenigin.de\/wordpress\/wp-content\/uploads\/2024\/02\/Teambesprechung-768x576.jpg 768w, https:\/\/www.maria-koenigin.de\/wordpress\/wp-content\/uploads\/2024\/02\/Teambesprechung-1536x1152.jpg 1536w, https:\/\/www.maria-koenigin.de\/wordpress\/wp-content\/uploads\/2024\/02\/Teambesprechung-2048x1536.jpg 2048w, https:\/\/www.maria-koenigin.de\/wordpress\/wp-content\/uploads\/2024\/02\/Teambesprechung-624x468.jpg 624w\" sizes=\"auto, (max-width: 625px) 100vw, 625px\" \/> <img loading=\"lazy\" decoding=\"async\" class=\"alignnone wp-image-13848 size-large\" src=\"http:\/\/www.maria-koenigin.de\/wordpress\/wp-content\/uploads\/2024\/02\/Inbetriebnahme-Lueftungsroboter-768x1024.jpg\" alt=\"\" width=\"625\" height=\"833\" srcset=\"https:\/\/www.maria-koenigin.de\/wordpress\/wp-content\/uploads\/2024\/02\/Inbetriebnahme-Lueftungsroboter-768x1024.jpg 768w, https:\/\/www.maria-koenigin.de\/wordpress\/wp-content\/uploads\/2024\/02\/Inbetriebnahme-Lueftungsroboter-225x300.jpg 225w, https:\/\/www.maria-koenigin.de\/wordpress\/wp-content\/uploads\/2024\/02\/Inbetriebnahme-Lueftungsroboter-1152x1536.jpg 1152w, https:\/\/www.maria-koenigin.de\/wordpress\/wp-content\/uploads\/2024\/02\/Inbetriebnahme-Lueftungsroboter-1536x2048.jpg 1536w, https:\/\/www.maria-koenigin.de\/wordpress\/wp-content\/uploads\/2024\/02\/Inbetriebnahme-Lueftungsroboter-624x832.jpg 624w, https:\/\/www.maria-koenigin.de\/wordpress\/wp-content\/uploads\/2024\/02\/Inbetriebnahme-Lueftungsroboter-scaled.jpg 1920w\" sizes=\"auto, (max-width: 625px) 100vw, 625px\" \/> <img loading=\"lazy\" decoding=\"async\" class=\"alignnone wp-image-13849 size-large\" src=\"http:\/\/www.maria-koenigin.de\/wordpress\/wp-content\/uploads\/2024\/02\/Konstruktion-der-Halterung-fuer-den-Desinfektionsspender-768x1024.jpg\" alt=\"\" width=\"625\" height=\"833\" srcset=\"https:\/\/www.maria-koenigin.de\/wordpress\/wp-content\/uploads\/2024\/02\/Konstruktion-der-Halterung-fuer-den-Desinfektionsspender-768x1024.jpg 768w, https:\/\/www.maria-koenigin.de\/wordpress\/wp-content\/uploads\/2024\/02\/Konstruktion-der-Halterung-fuer-den-Desinfektionsspender-225x300.jpg 225w, https:\/\/www.maria-koenigin.de\/wordpress\/wp-content\/uploads\/2024\/02\/Konstruktion-der-Halterung-fuer-den-Desinfektionsspender-1152x1536.jpg 1152w, https:\/\/www.maria-koenigin.de\/wordpress\/wp-content\/uploads\/2024\/02\/Konstruktion-der-Halterung-fuer-den-Desinfektionsspender-1536x2048.jpg 1536w, https:\/\/www.maria-koenigin.de\/wordpress\/wp-content\/uploads\/2024\/02\/Konstruktion-der-Halterung-fuer-den-Desinfektionsspender-624x832.jpg 624w, https:\/\/www.maria-koenigin.de\/wordpress\/wp-content\/uploads\/2024\/02\/Konstruktion-der-Halterung-fuer-den-Desinfektionsspender-scaled.jpg 1920w\" sizes=\"auto, (max-width: 625px) 100vw, 625px\" \/> <img loading=\"lazy\" decoding=\"async\" class=\"alignnone wp-image-13850 size-large\" src=\"http:\/\/www.maria-koenigin.de\/wordpress\/wp-content\/uploads\/2024\/02\/Konstruktion-des-Gestells-fuer-den-Desinfektionsroboter-768x1024.jpg\" alt=\"\" width=\"625\" height=\"833\" srcset=\"https:\/\/www.maria-koenigin.de\/wordpress\/wp-content\/uploads\/2024\/02\/Konstruktion-des-Gestells-fuer-den-Desinfektionsroboter-768x1024.jpg 768w, https:\/\/www.maria-koenigin.de\/wordpress\/wp-content\/uploads\/2024\/02\/Konstruktion-des-Gestells-fuer-den-Desinfektionsroboter-225x300.jpg 225w, https:\/\/www.maria-koenigin.de\/wordpress\/wp-content\/uploads\/2024\/02\/Konstruktion-des-Gestells-fuer-den-Desinfektionsroboter-1152x1536.jpg 1152w, https:\/\/www.maria-koenigin.de\/wordpress\/wp-content\/uploads\/2024\/02\/Konstruktion-des-Gestells-fuer-den-Desinfektionsroboter-1536x2048.jpg 1536w, https:\/\/www.maria-koenigin.de\/wordpress\/wp-content\/uploads\/2024\/02\/Konstruktion-des-Gestells-fuer-den-Desinfektionsroboter-624x832.jpg 624w, https:\/\/www.maria-koenigin.de\/wordpress\/wp-content\/uploads\/2024\/02\/Konstruktion-des-Gestells-fuer-den-Desinfektionsroboter-scaled.jpg 1920w\" sizes=\"auto, (max-width: 625px) 100vw, 625px\" \/> <img loading=\"lazy\" decoding=\"async\" class=\"alignnone wp-image-13851 size-large\" src=\"http:\/\/www.maria-koenigin.de\/wordpress\/wp-content\/uploads\/2024\/02\/Programmierung-des-Desinfektionsroboters-1024x768.jpg\" alt=\"\" width=\"625\" height=\"469\" srcset=\"https:\/\/www.maria-koenigin.de\/wordpress\/wp-content\/uploads\/2024\/02\/Programmierung-des-Desinfektionsroboters-1024x768.jpg 1024w, https:\/\/www.maria-koenigin.de\/wordpress\/wp-content\/uploads\/2024\/02\/Programmierung-des-Desinfektionsroboters-300x225.jpg 300w, https:\/\/www.maria-koenigin.de\/wordpress\/wp-content\/uploads\/2024\/02\/Programmierung-des-Desinfektionsroboters-768x576.jpg 768w, https:\/\/www.maria-koenigin.de\/wordpress\/wp-content\/uploads\/2024\/02\/Programmierung-des-Desinfektionsroboters-1536x1152.jpg 1536w, https:\/\/www.maria-koenigin.de\/wordpress\/wp-content\/uploads\/2024\/02\/Programmierung-des-Desinfektionsroboters-2048x1536.jpg 2048w, https:\/\/www.maria-koenigin.de\/wordpress\/wp-content\/uploads\/2024\/02\/Programmierung-des-Desinfektionsroboters-624x468.jpg 624w\" sizes=\"auto, (max-width: 625px) 100vw, 625px\" \/><\/p>\n<p><a href=\"https:\/\/www.maria-koenigin.de\/?page_id=12746\">zur\u00fcck zur Projekt\u00fcbersicht<\/a><\/p>\n","protected":false},"excerpt":{"rendered":"<p>Im Jahr 2021 bestand die Aufgabe der Ingenieure darin, L\u00f6sungen f\u00fcr t\u00e4gliche Problemstellungen im Rahmen von Schule zu finden, die durch die Corona-Pandemie verursacht wurden. Hierzu wurden mithilfe des LEGO-Mindstorm-Robotersystems zwei Konzepte im Bereich der Robotik\/Automatisierungstechnik entwickelt und umgesetzt. Innerhalb der Gruppen wurde eine Struktur aus Bauingenieuren, Softwareingenieuren, Verantwortlichen f\u00fcr die Dokumentation und Projektleitern eingerichtet. [&hellip;]<\/p>\n","protected":false},"author":14,"featured_media":0,"parent":0,"menu_order":0,"comment_status":"closed","ping_status":"closed","template":"","meta":{"ngg_post_thumbnail":0,"_mc_calendar":[],"footnotes":""},"class_list":["post-13845","page","type-page","status-publish","hentry"],"_links":{"self":[{"href":"https:\/\/www.maria-koenigin.de\/index.php?rest_route=\/wp\/v2\/pages\/13845","targetHints":{"allow":["GET"]}}],"collection":[{"href":"https:\/\/www.maria-koenigin.de\/index.php?rest_route=\/wp\/v2\/pages"}],"about":[{"href":"https:\/\/www.maria-koenigin.de\/index.php?rest_route=\/wp\/v2\/types\/page"}],"author":[{"embeddable":true,"href":"https:\/\/www.maria-koenigin.de\/index.php?rest_route=\/wp\/v2\/users\/14"}],"replies":[{"embeddable":true,"href":"https:\/\/www.maria-koenigin.de\/index.php?rest_route=%2Fwp%2Fv2%2Fcomments&post=13845"}],"version-history":[{"count":4,"href":"https:\/\/www.maria-koenigin.de\/index.php?rest_route=\/wp\/v2\/pages\/13845\/revisions"}],"predecessor-version":[{"id":16120,"href":"https:\/\/www.maria-koenigin.de\/index.php?rest_route=\/wp\/v2\/pages\/13845\/revisions\/16120"}],"wp:attachment":[{"href":"https:\/\/www.maria-koenigin.de\/index.php?rest_route=%2Fwp%2Fv2%2Fmedia&parent=13845"}],"curies":[{"name":"wp","href":"https:\/\/api.w.org\/{rel}","templated":true}]}}