{"id":15907,"date":"2025-03-31T17:56:02","date_gmt":"2025-03-31T15:56:02","guid":{"rendered":"https:\/\/www.maria-koenigin.de\/?page_id=15907"},"modified":"2025-07-10T07:11:33","modified_gmt":"2025-07-10T05:11:33","slug":"inkscape-workshop","status":"publish","type":"page","link":"https:\/\/www.maria-koenigin.de\/?page_id=15907","title":{"rendered":"Inkscape Workshop"},"content":{"rendered":"<p>&nbsp;<\/p>\n<p style=\"text-align: justify;\"><img loading=\"lazy\" decoding=\"async\" class=\"alignnone wp-image-16512 size-large\" src=\"http:\/\/www.maria-koenigin.de\/wordpress\/wp-content\/uploads\/2025\/07\/20250702_102618-1024x768.jpg\" alt=\"\" width=\"625\" height=\"469\" srcset=\"https:\/\/www.maria-koenigin.de\/wordpress\/wp-content\/uploads\/2025\/07\/20250702_102618-1024x768.jpg 1024w, https:\/\/www.maria-koenigin.de\/wordpress\/wp-content\/uploads\/2025\/07\/20250702_102618-300x225.jpg 300w, https:\/\/www.maria-koenigin.de\/wordpress\/wp-content\/uploads\/2025\/07\/20250702_102618-768x576.jpg 768w, https:\/\/www.maria-koenigin.de\/wordpress\/wp-content\/uploads\/2025\/07\/20250702_102618-1536x1152.jpg 1536w, https:\/\/www.maria-koenigin.de\/wordpress\/wp-content\/uploads\/2025\/07\/20250702_102618-2048x1536.jpg 2048w, https:\/\/www.maria-koenigin.de\/wordpress\/wp-content\/uploads\/2025\/07\/20250702_102618-624x468.jpg 624w\" sizes=\"auto, (max-width: 625px) 100vw, 625px\" \/><\/p>\n<p style=\"text-align: justify;\">Inkscape ist eine freie, plattformunabh\u00e4ngige Software zur Bearbeitung und Erstellung zweidimensionaler Vektorgrafiken. Das Programm bietet vielf\u00e4ltige Gestaltungsm\u00f6glichkeiten und eignet sich exzellent zum Erstellen eigener Logos, technischer Diagramme und Skizzen, Poster, Comics, Landkarten, usw. Im Rahmen des Workshops sollen die Teilnehmer*innen grundlegende Fertigkeiten zum Erstellen eigener Vektorgrafiken, Logos sowie Konstruktionsskizzen erlernen und vor allem erproben. Hierzu werden die Teilnehmer*innen durch die Benutzeroberfl\u00e4che von Inkscape gef\u00fchrt und anhand von Beispielen die Funktionsweise der wichtigsten Zeichentools vermittelt. Die erlernten Kompetenzen k\u00f6nnen nachhaltig genutzt werden, da die Software auf dem eigenen Laptop bzw. Notebook installiert und auch \u00fcber den Workshop hinaus genutzt werden kann.<br \/>\nDer Kurs beinhaltet dar\u00fcber hinaus eine fundierte Berufs- und Studienorientierung, die sowohl<br \/>\nakademische als auch berufliche Bildungs- und Karrierewege thematisiert. Der Workshop wird von Herrn Prof. Dr. Anders (Anders Innovative Solutions) von der TH K\u00f6ln durchgef\u00fchrt!<\/p>\n<p><img loading=\"lazy\" decoding=\"async\" class=\"alignnone wp-image-16511 size-large\" src=\"http:\/\/www.maria-koenigin.de\/wordpress\/wp-content\/uploads\/2025\/07\/20250702_1026230-1024x768.jpg\" alt=\"\" width=\"625\" height=\"469\" srcset=\"https:\/\/www.maria-koenigin.de\/wordpress\/wp-content\/uploads\/2025\/07\/20250702_1026230-1024x768.jpg 1024w, https:\/\/www.maria-koenigin.de\/wordpress\/wp-content\/uploads\/2025\/07\/20250702_1026230-300x225.jpg 300w, https:\/\/www.maria-koenigin.de\/wordpress\/wp-content\/uploads\/2025\/07\/20250702_1026230-768x576.jpg 768w, https:\/\/www.maria-koenigin.de\/wordpress\/wp-content\/uploads\/2025\/07\/20250702_1026230-1536x1152.jpg 1536w, https:\/\/www.maria-koenigin.de\/wordpress\/wp-content\/uploads\/2025\/07\/20250702_1026230-2048x1536.jpg 2048w, https:\/\/www.maria-koenigin.de\/wordpress\/wp-content\/uploads\/2025\/07\/20250702_1026230-624x468.jpg 624w\" sizes=\"auto, (max-width: 625px) 100vw, 625px\" \/><\/p>\n<p>&nbsp;<\/p>\n<p>&nbsp;<\/p>\n<p>&nbsp;<\/p>\n<p>&nbsp;<\/p>\n<p>&nbsp;<\/p>\n<p>&nbsp;<\/p>\n<p>&nbsp;<\/p>\n<p><a href=\"http:\/\/www.maria-koenigin.de\/?page_id=12736\">zur\u00fcck<\/a> zur \u00dcbersicht der Angebote<\/p>\n<p>&nbsp;<\/p>\n<p>&nbsp;<\/p>\n<p>&nbsp;<\/p>\n","protected":false},"excerpt":{"rendered":"<p>&nbsp; Inkscape ist eine freie, plattformunabh\u00e4ngige Software zur Bearbeitung und Erstellung zweidimensionaler Vektorgrafiken. Das Programm bietet vielf\u00e4ltige Gestaltungsm\u00f6glichkeiten und eignet sich exzellent zum Erstellen eigener Logos, technischer Diagramme und Skizzen, Poster, Comics, Landkarten, usw. Im Rahmen des Workshops sollen die Teilnehmer*innen grundlegende Fertigkeiten zum Erstellen eigener Vektorgrafiken, Logos sowie Konstruktionsskizzen erlernen und vor allem erproben. [&hellip;]<\/p>\n","protected":false},"author":14,"featured_media":0,"parent":0,"menu_order":0,"comment_status":"closed","ping_status":"closed","template":"","meta":{"ngg_post_thumbnail":0,"_mc_calendar":[],"footnotes":""},"class_list":["post-15907","page","type-page","status-publish","hentry"],"_links":{"self":[{"href":"https:\/\/www.maria-koenigin.de\/index.php?rest_route=\/wp\/v2\/pages\/15907","targetHints":{"allow":["GET"]}}],"collection":[{"href":"https:\/\/www.maria-koenigin.de\/index.php?rest_route=\/wp\/v2\/pages"}],"about":[{"href":"https:\/\/www.maria-koenigin.de\/index.php?rest_route=\/wp\/v2\/types\/page"}],"author":[{"embeddable":true,"href":"https:\/\/www.maria-koenigin.de\/index.php?rest_route=\/wp\/v2\/users\/14"}],"replies":[{"embeddable":true,"href":"https:\/\/www.maria-koenigin.de\/index.php?rest_route=%2Fwp%2Fv2%2Fcomments&post=15907"}],"version-history":[{"count":8,"href":"https:\/\/www.maria-koenigin.de\/index.php?rest_route=\/wp\/v2\/pages\/15907\/revisions"}],"predecessor-version":[{"id":16514,"href":"https:\/\/www.maria-koenigin.de\/index.php?rest_route=\/wp\/v2\/pages\/15907\/revisions\/16514"}],"wp:attachment":[{"href":"https:\/\/www.maria-koenigin.de\/index.php?rest_route=%2Fwp%2Fv2%2Fmedia&parent=15907"}],"curies":[{"name":"wp","href":"https:\/\/api.w.org\/{rel}","templated":true}]}}