{"id":4987,"date":"2016-06-01T10:14:51","date_gmt":"2016-06-01T09:14:51","guid":{"rendered":"http:\/\/www.maria-koenigin.de\/?page_id=4987"},"modified":"2024-08-28T19:03:04","modified_gmt":"2024-08-28T17:03:04","slug":"pausensport","status":"publish","type":"page","link":"https:\/\/www.maria-koenigin.de\/?page_id=4987","title":{"rendered":"Pausensport"},"content":{"rendered":"<p style=\"text-align: justify;\"><img loading=\"lazy\" decoding=\"async\" class=\"alignnone size-full wp-image-4990\" src=\"http:\/\/www.maria-koenigin.de\/wordpress\/wp-content\/uploads\/2016\/06\/pausensport_3.jpg\" alt=\"pausensport_3\" width=\"650\" height=\"433\" srcset=\"https:\/\/www.maria-koenigin.de\/wordpress\/wp-content\/uploads\/2016\/06\/pausensport_3.jpg 650w, https:\/\/www.maria-koenigin.de\/wordpress\/wp-content\/uploads\/2016\/06\/pausensport_3-300x200.jpg 300w, https:\/\/www.maria-koenigin.de\/wordpress\/wp-content\/uploads\/2016\/06\/pausensport_3-624x416.jpg 624w\" sizes=\"auto, (max-width: 650px) 100vw, 650px\" \/><\/p>\n<p style=\"text-align: justify;\">Wir bieten an unserer Schule den Pausensport an, um Bewegung, Spiel und Sport auch w\u00e4hrend der Freizeit (Pausen) innerhalb des Schulalltags zu f\u00f6rdern.<\/p>\n<p style=\"text-align: justify;\"><img loading=\"lazy\" decoding=\"async\" class=\"alignright size-medium wp-image-4989\" src=\"http:\/\/www.maria-koenigin.de\/wordpress\/wp-content\/uploads\/2016\/06\/pausensport_2-200x300.jpg\" alt=\"pausensport_2\" width=\"200\" height=\"300\" srcset=\"https:\/\/www.maria-koenigin.de\/wordpress\/wp-content\/uploads\/2016\/06\/pausensport_2-200x300.jpg 200w, https:\/\/www.maria-koenigin.de\/wordpress\/wp-content\/uploads\/2016\/06\/pausensport_2-624x936.jpg 624w, https:\/\/www.maria-koenigin.de\/wordpress\/wp-content\/uploads\/2016\/06\/pausensport_2.jpg 650w\" sizes=\"auto, (max-width: 200px) 100vw, 200px\" \/>Bewegung, Spiel und Sport w\u00e4hrend den Pausen rhythmisieren den Schulalltag der Sch\u00fclerinnen und Sch\u00fcler, indem sie einen Wechsel zwischen Anspannung und Entspannung, zwischen Lernen und aktiver Erholung sichern. Die sportliche Bewegung leistet einen Beitrag zur Gesundheit und die Kinder k\u00f6nnen ihre sportlichen Handlungsf\u00e4higkeiten erweitern. Die positive Auswirkung von Sport auf die Lernf\u00e4higkeit &amp; Konzentrationsf\u00e4higkeit der Sch\u00fclerinnen und Sch\u00fcler wird in vielen Studien belegt, die Bewegungsgelegenheiten f\u00f6rdern die Kommunikation und das soziale klassen- und jahrgangs\u00fcbergreifende Handeln, da sie von Sch\u00fclerinnen und Sch\u00fclern selbst organisiert werden. Die Schule wird damit zum gestaltbaren Lebensraum, Langeweile und Leerlauf kommen da nicht auf.<\/p>\n<p style=\"text-align: justify;\"><img loading=\"lazy\" decoding=\"async\" class=\"size-medium wp-image-4993 alignleft\" src=\"http:\/\/www.maria-koenigin.de\/wordpress\/wp-content\/uploads\/2016\/06\/pausensport_6-200x300.jpg\" alt=\"pausensport_6\" width=\"200\" height=\"300\" srcset=\"https:\/\/www.maria-koenigin.de\/wordpress\/wp-content\/uploads\/2016\/06\/pausensport_6-200x300.jpg 200w, https:\/\/www.maria-koenigin.de\/wordpress\/wp-content\/uploads\/2016\/06\/pausensport_6-624x936.jpg 624w, https:\/\/www.maria-koenigin.de\/wordpress\/wp-content\/uploads\/2016\/06\/pausensport_6.jpg 650w\" sizes=\"auto, (max-width: 200px) 100vw, 200px\" \/><\/p>\n<p style=\"text-align: justify;\">Seit dem Schuljahr 2010 wird das Pausensportkonzept an unserer Schule durchgef\u00fchrt. Zurzeit bieten qualifizierte Sporthelferinnen und Sporthelfer f\u00fcr Sch\u00fclerinnen und Sch\u00fcler der Unter- und Mittelstufe ein Pausensport-programm an, dessen zentrales Element die Organisation einer Pausenliga ist, die dienstags und donnerstags stattfindet. In den Wintermonaten verlagern wir den Pausensport in unsere Sporthalle und die SporthelferInnen organisieren eine bewegte Pause mit \u201ekleinen Spielen\u201c.&nbsp;<\/p>\n<p>&nbsp; &nbsp; &nbsp; &nbsp; &nbsp; &nbsp; &nbsp; &nbsp; &nbsp; &nbsp; &nbsp; &nbsp; &nbsp; &nbsp; &nbsp; &nbsp; &nbsp; &nbsp; &nbsp; &nbsp; &nbsp; &nbsp; &nbsp; &nbsp; &nbsp; &nbsp; &nbsp; &nbsp; &nbsp; &nbsp; &nbsp; &nbsp; &nbsp; &nbsp; &nbsp; &nbsp; &nbsp; &nbsp; &nbsp;Simon Lauterbach<\/p>\n<p>&nbsp;<\/p>\n<p>&nbsp;<\/p>\n<p>&nbsp;<\/p>\n<p><strong>\u00dcbersicht der Pausensportangebote am Gymnasium Maria K\u00f6nigin<\/strong><\/p>\n<ul>\n<li>f\u00fcnf Tischtennisplatten auf verschiedenen Pausenh\u00f6fen<\/li>\n<li>Kicker<\/li>\n<li>vielf\u00e4ltig gestaltete Pausenh\u00f6fe f\u00fcr Fangspiele und mit zahlreichen Versteckm\u00f6glichkeiten<\/li>\n<li>10m lange Boulderwand zum Klettern<\/li>\n<li>Fu\u00dfwege um das Schulgel\u00e4nde f\u00fcr gemeinsame Sparzierg\u00e4nge in der Natur<\/li>\n<li>Kleinspielfeld mit Basketballk\u00f6rben und drei Fu\u00dfballtoren<\/li>\n<li>Slackline zum Balancieren<\/li>\n<li><a href=\"http:\/\/www.maria-koenigin.de\/?page_id=3882\">Fu\u00dfball-Pausenliga<\/a> f\u00fcr die Klassen 5 &amp; 6 und 7-9 auf dem Kleinspielfeld<\/li>\n<li>Fitness-Raum (f\u00fcr Oberstufe)<\/li>\n<li>Basketballstreetball-Feld<\/li>\n<li>Verleih von Pausensportmaterial (B\u00e4llen) im Sekretariat<\/li>\n<\/ul>\n<p><img loading=\"lazy\" decoding=\"async\" class=\"alignleft wp-image-4994 size-full\" src=\"http:\/\/www.maria-koenigin.de\/wordpress\/wp-content\/uploads\/2016\/06\/pausensport_7.jpg\" alt=\"pausensport_7\" width=\"650\" height=\"975\" srcset=\"https:\/\/www.maria-koenigin.de\/wordpress\/wp-content\/uploads\/2016\/06\/pausensport_7.jpg 650w, https:\/\/www.maria-koenigin.de\/wordpress\/wp-content\/uploads\/2016\/06\/pausensport_7-200x300.jpg 200w, https:\/\/www.maria-koenigin.de\/wordpress\/wp-content\/uploads\/2016\/06\/pausensport_7-624x936.jpg 624w\" sizes=\"auto, (max-width: 650px) 100vw, 650px\" \/> <img loading=\"lazy\" decoding=\"async\" class=\"alignnone size-full wp-image-4992\" src=\"http:\/\/www.maria-koenigin.de\/wordpress\/wp-content\/uploads\/2016\/06\/pausensport_5.jpg\" alt=\"pausensport_5\" width=\"650\" height=\"433\" srcset=\"https:\/\/www.maria-koenigin.de\/wordpress\/wp-content\/uploads\/2016\/06\/pausensport_5.jpg 650w, https:\/\/www.maria-koenigin.de\/wordpress\/wp-content\/uploads\/2016\/06\/pausensport_5-300x200.jpg 300w, https:\/\/www.maria-koenigin.de\/wordpress\/wp-content\/uploads\/2016\/06\/pausensport_5-624x416.jpg 624w\" sizes=\"auto, (max-width: 650px) 100vw, 650px\" \/><\/p>\n","protected":false},"excerpt":{"rendered":"<p>Wir bieten an unserer Schule den Pausensport an, um Bewegung, Spiel und Sport auch w\u00e4hrend der Freizeit (Pausen) innerhalb des Schulalltags zu f\u00f6rdern. Bewegung, Spiel und Sport w\u00e4hrend den Pausen rhythmisieren den Schulalltag der Sch\u00fclerinnen und Sch\u00fcler, indem sie einen Wechsel zwischen Anspannung und Entspannung, zwischen Lernen und aktiver Erholung sichern. Die sportliche Bewegung leistet [&hellip;]<\/p>\n","protected":false},"author":1,"featured_media":0,"parent":0,"menu_order":0,"comment_status":"closed","ping_status":"closed","template":"","meta":{"ngg_post_thumbnail":0,"_mc_calendar":[],"footnotes":""},"class_list":["post-4987","page","type-page","status-publish","hentry"],"_links":{"self":[{"href":"https:\/\/www.maria-koenigin.de\/index.php?rest_route=\/wp\/v2\/pages\/4987","targetHints":{"allow":["GET"]}}],"collection":[{"href":"https:\/\/www.maria-koenigin.de\/index.php?rest_route=\/wp\/v2\/pages"}],"about":[{"href":"https:\/\/www.maria-koenigin.de\/index.php?rest_route=\/wp\/v2\/types\/page"}],"author":[{"embeddable":true,"href":"https:\/\/www.maria-koenigin.de\/index.php?rest_route=\/wp\/v2\/users\/1"}],"replies":[{"embeddable":true,"href":"https:\/\/www.maria-koenigin.de\/index.php?rest_route=%2Fwp%2Fv2%2Fcomments&post=4987"}],"version-history":[{"count":14,"href":"https:\/\/www.maria-koenigin.de\/index.php?rest_route=\/wp\/v2\/pages\/4987\/revisions"}],"predecessor-version":[{"id":14703,"href":"https:\/\/www.maria-koenigin.de\/index.php?rest_route=\/wp\/v2\/pages\/4987\/revisions\/14703"}],"wp:attachment":[{"href":"https:\/\/www.maria-koenigin.de\/index.php?rest_route=%2Fwp%2Fv2%2Fmedia&parent=4987"}],"curies":[{"name":"wp","href":"https:\/\/api.w.org\/{rel}","templated":true}]}}