{"id":7681,"date":"2018-11-22T12:51:56","date_gmt":"2018-11-22T11:51:56","guid":{"rendered":"http:\/\/www.maria-koenigin.de\/?page_id=7681"},"modified":"2024-08-17T18:05:08","modified_gmt":"2024-08-17T16:05:08","slug":"erprobungsstufe","status":"publish","type":"page","link":"https:\/\/www.maria-koenigin.de\/?page_id=7681","title":{"rendered":"Erprobungsstufe"},"content":{"rendered":"<p><img loading=\"lazy\" decoding=\"async\" class=\"alignnone size-full wp-image-12959\" src=\"http:\/\/www.maria-koenigin.de\/wordpress\/wp-content\/uploads\/2023\/10\/20220603_161916.jpg\" alt=\"\" width=\"640\" height=\"360\" srcset=\"https:\/\/www.maria-koenigin.de\/wordpress\/wp-content\/uploads\/2023\/10\/20220603_161916.jpg 640w, https:\/\/www.maria-koenigin.de\/wordpress\/wp-content\/uploads\/2023\/10\/20220603_161916-300x169.jpg 300w, https:\/\/www.maria-koenigin.de\/wordpress\/wp-content\/uploads\/2023\/10\/20220603_161916-624x351.jpg 624w\" sizes=\"auto, (max-width: 640px) 100vw, 640px\" \/><\/p>\n<p style=\"text-align: justify;\">Egal ob die Sch\u00fclerinnen und Sch\u00fcler in der Mittel-, Ober- oder in der Erprobungsstufe sind, das gesamten Kollegium von Maria K\u00f6nigin verfolgt das gemeinsame Ziel, sich bestm\u00f6glich um jeden einzelnen Sch\u00fcler zu k\u00fcmmern! Dazu geh\u00f6rt die Kinder und Jugendlichen facettenreich zu f\u00f6rdern, ihre Talente und St\u00e4rken zu entdecken und weiter auszubauen sowie ihre Pers\u00f6nlichkeitsentwicklung zu unterst\u00fctzen. In der Erprobungsstufe gibt es daher einige (au\u00dfer-)unterrichtliche Angebote f\u00fcr unsere Sch\u00fclerinnen und Sch\u00fcler, um einerseits den \u00dcbergang von der Grundschule zu erleichtern und andererseits den Start am Gymnasium m\u00f6glichst erfolgreich zu beginnen. Welche Angebote dies sind und wie sie im Unterrichtsalltag verwurzelt sind, soll nachfolgend kurz dargestellt werden.<\/p>\n<p><img loading=\"lazy\" decoding=\"async\" class=\"alignnone size-full wp-image-8621\" src=\"http:\/\/www.maria-koenigin.de\/wordpress\/wp-content\/uploads\/2019\/08\/5b_hp.jpg\" alt=\"\" width=\"650\" height=\"433\" srcset=\"https:\/\/www.maria-koenigin.de\/wordpress\/wp-content\/uploads\/2019\/08\/5b_hp.jpg 650w, https:\/\/www.maria-koenigin.de\/wordpress\/wp-content\/uploads\/2019\/08\/5b_hp-300x200.jpg 300w, https:\/\/www.maria-koenigin.de\/wordpress\/wp-content\/uploads\/2019\/08\/5b_hp-624x416.jpg 624w\" sizes=\"auto, (max-width: 650px) 100vw, 650px\" \/><\/p>\n<p style=\"text-align: justify;\"><strong>Der \u00dcbergang von der Grundschule zum Gymnasium Maria K\u00f6nigin<\/strong><\/p>\n<p style=\"text-align: justify;\">Sicherlich bereitet die Frage, welche Schule die richtige ist, nicht nur den Eltern, sondern auch den Sch\u00fclerinnen und Sch\u00fcler schlaflose N\u00e4chte. Um Ihnen, liebe Eltern und Euch, liebe Sch\u00fclerinnen und Sch\u00fcler bei dieser wichtigen Entscheidung zu helfen, bieten wir im Downloadbereich dieser Homepage nicht nur einen Flyer mit den wichtigsten Informationen zu unserem Gymnasium an, sondern f\u00fchren jedes Jahr zwei tage der Schulvorstellung durch.<\/p>\n<p style=\"text-align: justify;\">Den Beginn macht der Elterninformationsabend, an dem die Schulleitung die wichtigsten Infos \u00fcber und zentrale Angebote an MK b\u00fcndig vorstellt. Die Viertkl\u00e4ssler laden wir an diesem Abend gemeinsam mit ihren Geschwistern zu einer spannenden Wichtelolympiade ein, um unsere Schule auf einer spielerischen Weise kennenzulernen. Anfang Januar stellen dann \u00fcber 200 Sch\u00fcler, Eltern und Lehrer den Besuchern am Tag der offenen T\u00fcr unser MK vor. Die Viertkl\u00e4ssler werden von Sch\u00fclern der aktuellen f\u00fcnften Klasse sowie erfahrenen Lehrerinnen und Lehrern durch die Schule gef\u00fchrt und k\u00f6nnen dabei alle ihre Fragen zur Schule loswerden. Ihre Eltern besuchen zun\u00e4chst eine kurze Begr\u00fc\u00dfung im Konferenzraum und werden anschlie\u00dfend von Lehrern und Elternvertretern durch das Schulgeb\u00e4ude gef\u00fchrt, in dem sich die unterschiedlichen Fachschaften, Arbeitsgemeinschaften und schulinternen Organisationen wie der F\u00f6rderverein pr\u00e4sentieren.<\/p>\n<p style=\"text-align: justify;\"><strong>Die ersten Tage auf der neuen Schule<\/strong><\/p>\n<p style=\"text-align: justify;\">Ist die Entscheidung zugunsten unserer Schule gefallen, m\u00fcssen die zuk\u00fcnftigen F\u00fcnftkl\u00e4ssler nicht bis zum Ende der Sommerferien warten, bis sie ihre neuen Klassenkameraden und ihre Klassenleitung zum ersten Mal treffen, denn ein paar Wochen vor den Sommerferien finden Kennenlerntage zusammen mit den Familien statt. Dort treffen die zuk\u00fcnftigen Sextaner zudem noch auf ihre Klassenpaten aus der Jahrgangstufe EF, die ihre Klasse die ersten Jahre begleiten werden und w\u00e4hrend des normalen Schulalltags immer f\u00fcr R\u00fcckfragen zur Verf\u00fcgung stehen oder kleine Probleme l\u00f6sen k\u00f6nnen.<\/p>\n<p style=\"text-align: justify;\">Schlie\u00dflich sind auch die Sommerferien vorbei: das Abenteuer Maria K\u00f6nigin beginnt! Nach einem gemeinsamen Gottesdienst mit den Familien gehen die Sextaner zum ersten Mal mit ihrer Klasse und dem Klassenlehrer in ihren neuen Klassenraum. In den n\u00e4chsten Schultagen werden die Sch\u00fclerinnen und Sch\u00fcler vor allem bei ihrem Klassenlehrer Unterricht haben, damit all ihre Fragen in Ruhe beantwortet und alle wichtigen Infos zum bevorstehenden Schuljahr gegeben werden k\u00f6nnen. Sicherlich wird im Rahmen dessen auch \u00fcber die bald zu Beginn des Schuljahres stattfindende \u00dcbernachtung in dem Jugendhof Pallotti gesprochen. In diesen beiden Tagen hat die Klasse viel Zeit sich kennenzulernen und mit ihren Klassenpaten sowie dem Klassenlehrer einen ersten gro\u00dfen Schritt in Richtung einer starken Klassengemeinschaft zu machen.<\/p>\n<p style=\"text-align: justify;\"><strong>Was erwartet die Sch\u00fcler in der Klasse 5 und 6?<\/strong><\/p>\n<p style=\"text-align: justify;\">Neben dem normalen Unterricht finden in der f\u00fcnften Klasse einige besondere Aktionen und Angebote statt. So besuchen die Sch\u00fclerinnen und Sch\u00fcler unter anderem die Zooschule im Allwetterzoo in M\u00fcnster, f\u00fchren gemeinsam mit vielen Sch\u00fclern aus ihrer Stufe ein Unterstufenmusical auf oder erproben sich auf Skiern beim Skiwandertag mit der gesamten Schule. Zudem bekommen die Sch\u00fclerinnen und Sch\u00fcler im Fach &#8222;Medien&#8220;, das einst\u00fcndig pro Woche unterrichtet wird, eine Einf\u00fchrung in das Online-Schulportal LOGINEO, welches eine Kommunikation und einen Datenaustausch auch \u00fcber den Unterricht hinaus erm\u00f6glicht.<\/p>\n<p><img loading=\"lazy\" decoding=\"async\" class=\"alignnone size-full wp-image-12960\" src=\"http:\/\/www.maria-koenigin.de\/wordpress\/wp-content\/uploads\/2023\/10\/IMG_9943.jpg\" alt=\"\" width=\"640\" height=\"480\" srcset=\"https:\/\/www.maria-koenigin.de\/wordpress\/wp-content\/uploads\/2023\/10\/IMG_9943.jpg 640w, https:\/\/www.maria-koenigin.de\/wordpress\/wp-content\/uploads\/2023\/10\/IMG_9943-300x225.jpg 300w, https:\/\/www.maria-koenigin.de\/wordpress\/wp-content\/uploads\/2023\/10\/IMG_9943-624x468.jpg 624w\" sizes=\"auto, (max-width: 640px) 100vw, 640px\" \/><\/p>\n<p style=\"text-align: justify;\">Zus\u00e4tzlich zum Fachunterricht haben die Sch\u00fclerinnen und Sch\u00fcler eine Orientierungsstunde pro Woche, in der das \u201eLernen lernen\u201c im Vordergrund steht. Die Sch\u00fcler lernen dort wichtige Grundlagen f\u00fcr die Organisation des eigenen Lernens und Strategien f\u00fcr eine erfolgreiche Vorbereitung auf eine Klassenarbeit kennen. Dieses Wissen und die gelernten Methoden helfen nicht nur in der Erprobungsstufe, sondern unterst\u00fctzen das Lernen w\u00e4hrend der gesamten Schulzeit.<\/p>\n<p><img loading=\"lazy\" decoding=\"async\" class=\"alignnone size-full wp-image-12961\" src=\"http:\/\/www.maria-koenigin.de\/wordpress\/wp-content\/uploads\/2023\/10\/IMG_3442.jpg\" alt=\"\" width=\"640\" height=\"427\" srcset=\"https:\/\/www.maria-koenigin.de\/wordpress\/wp-content\/uploads\/2023\/10\/IMG_3442.jpg 640w, https:\/\/www.maria-koenigin.de\/wordpress\/wp-content\/uploads\/2023\/10\/IMG_3442-300x200.jpg 300w, https:\/\/www.maria-koenigin.de\/wordpress\/wp-content\/uploads\/2023\/10\/IMG_3442-624x416.jpg 624w\" sizes=\"auto, (max-width: 640px) 100vw, 640px\" \/><\/p>\n<p style=\"text-align: justify;\">In Erg\u00e4nzung zum normalen Unterricht k\u00f6nnen die Sch\u00fclerinnen und Sch\u00fcler unterschiedliche AGs besuchen, die ganz auf ihre W\u00fcnsche, Interessen und vor allem Begabungen zugeschnitten sind. Dazu z\u00e4hlen u.a. der Unterstufenchor, Instrumentalunterricht, die Roboter-AG, die Strategie-AG, die DFB-Fu\u00dfballschule oder die Theater-AG.<\/p>\n<p style=\"text-align: justify;\">Zum Abschluss der Erprobungsstufe findet noch die Wahl der in der siebten Klasse neu einsetzenden zweiten Fremdsprache statt, der zwei ausf\u00fchrliche Informationsveranstaltungen als Entscheidungshilfe f\u00fcr die Sch\u00fclerinnen und Sch\u00fcler, als auch f\u00fcr ihre Eltern vorausgehen.<\/p>\n<p style=\"text-align: justify;\"><strong>Welche F\u00f6rderangebote gibt es in der Erprobungsstufe?<\/strong><\/p>\n<p style=\"text-align: justify;\">F\u00fcr Sch\u00fclerinnen und Sch\u00fcler, die noch Schwierigkeiten in einem Hauptfach haben, bietet unsere Schule Erg\u00e4nzungsstunden und Lernstudios an, die von den Fachlehrern der Jahrgangsstufe durchgef\u00fchrt werden. Durch dieses F\u00f6rderangebot k\u00f6nnen die Sch\u00fcler in<\/p>\n<p style=\"text-align: justify;\">Ruhe Probleme ansprechen, Defizite abbauen und Selbstvertrauen f\u00fcr den normalen Fachunterricht sammeln. Zudem gibt es f\u00fcr alle Sch\u00fcler unserer Schule die Hausaufgabenbetreuung, bei der unter fachkundiger Aufsicht von Erwachsenen und Sch\u00fclern der Oberstufe die Hausaufgaben in Kombination mit gemeinsamen Spielen in einer lernf\u00f6rderlichen Atmosph\u00e4re erledigt werden k\u00f6nnen.<\/p>\n<p><img loading=\"lazy\" decoding=\"async\" class=\"alignnone size-full wp-image-7691\" src=\"http:\/\/www.maria-koenigin.de\/wordpress\/wp-content\/uploads\/2018\/11\/img_2473.jpg\" alt=\"\" width=\"640\" height=\"427\" srcset=\"https:\/\/www.maria-koenigin.de\/wordpress\/wp-content\/uploads\/2018\/11\/img_2473.jpg 640w, https:\/\/www.maria-koenigin.de\/wordpress\/wp-content\/uploads\/2018\/11\/img_2473-300x200.jpg 300w, https:\/\/www.maria-koenigin.de\/wordpress\/wp-content\/uploads\/2018\/11\/img_2473-624x416.jpg 624w\" sizes=\"auto, (max-width: 640px) 100vw, 640px\" \/><\/p>\n<p style=\"text-align: justify;\">Dass sich an dieser Stelle Sch\u00fcler f\u00fcr ihre Mitsch\u00fcler einsetzen ist kein Einzelfall, sondern stellt eine wichtige soziale S\u00e4ule in der p\u00e4dagogischen Ausrichtung unserer Schule dar. Diese Leitidee findet sich unter anderem auch bei den Klassenpaten, den Medienscouts, die den Sch\u00fclern bei Fragen rund um die digitalen Medien zur Seite stehen, der Mini-SV, die die Anliegen der jungen Sch\u00fclerinnen und Sch\u00fcler mit der SV diskutieren kann oder den Streitschlichtern wieder. Nicht nur an dieser, sondern an ganz vielen anderen Stellen des Schulalltags sp\u00fcrt man, dass das Motto des Schuljubil\u00e4ums von 2017 auch weiterhin f\u00fcr jeden einzelnen Schultag am Gymnasium Maria K\u00f6nigin gilt: \u201elernen \u2013 leben \u2013 glauben \u2013 helfen\u201c.<\/p>\n<p style=\"text-align: justify;\">Bei R\u00fcckfragen steht Ihnen unser Koordinator f\u00fcr die Erprobungsstufe Herr Dr. Frederik Linn zur Verf\u00fcgung.<\/p>\n<p>E-Mail: erprobungsstufe<a href=\"mailto:tdot@maria-koenigin.de\">[at]<\/a>maria-koenigin.de<\/p>\n","protected":false},"excerpt":{"rendered":"<p>Egal ob die Sch\u00fclerinnen und Sch\u00fcler in der Mittel-, Ober- oder in der Erprobungsstufe sind, das gesamten Kollegium von Maria K\u00f6nigin verfolgt das gemeinsame Ziel, sich bestm\u00f6glich um jeden einzelnen Sch\u00fcler zu k\u00fcmmern! Dazu geh\u00f6rt die Kinder und Jugendlichen facettenreich zu f\u00f6rdern, ihre Talente und St\u00e4rken zu entdecken und weiter auszubauen sowie ihre Pers\u00f6nlichkeitsentwicklung zu [&hellip;]<\/p>\n","protected":false},"author":1,"featured_media":0,"parent":0,"menu_order":0,"comment_status":"closed","ping_status":"closed","template":"","meta":{"ngg_post_thumbnail":0,"_mc_calendar":[],"footnotes":""},"class_list":["post-7681","page","type-page","status-publish","hentry"],"_links":{"self":[{"href":"https:\/\/www.maria-koenigin.de\/index.php?rest_route=\/wp\/v2\/pages\/7681","targetHints":{"allow":["GET"]}}],"collection":[{"href":"https:\/\/www.maria-koenigin.de\/index.php?rest_route=\/wp\/v2\/pages"}],"about":[{"href":"https:\/\/www.maria-koenigin.de\/index.php?rest_route=\/wp\/v2\/types\/page"}],"author":[{"embeddable":true,"href":"https:\/\/www.maria-koenigin.de\/index.php?rest_route=\/wp\/v2\/users\/1"}],"replies":[{"embeddable":true,"href":"https:\/\/www.maria-koenigin.de\/index.php?rest_route=%2Fwp%2Fv2%2Fcomments&post=7681"}],"version-history":[{"count":14,"href":"https:\/\/www.maria-koenigin.de\/index.php?rest_route=\/wp\/v2\/pages\/7681\/revisions"}],"predecessor-version":[{"id":14624,"href":"https:\/\/www.maria-koenigin.de\/index.php?rest_route=\/wp\/v2\/pages\/7681\/revisions\/14624"}],"wp:attachment":[{"href":"https:\/\/www.maria-koenigin.de\/index.php?rest_route=%2Fwp%2Fv2%2Fmedia&parent=7681"}],"curies":[{"name":"wp","href":"https:\/\/api.w.org\/{rel}","templated":true}]}}