{"id":9158,"date":"2020-03-23T17:38:12","date_gmt":"2020-03-23T16:38:12","guid":{"rendered":"http:\/\/www.maria-koenigin.de\/?page_id=9158"},"modified":"2020-04-15T09:05:57","modified_gmt":"2020-04-15T07:05:57","slug":"gebete-und-impulse","status":"publish","type":"page","link":"https:\/\/www.maria-koenigin.de\/?page_id=9158","title":{"rendered":"Gebete und Impulse"},"content":{"rendered":"<p><strong>&#8222;Leid und Liebe&#8220; \u2013\u00a0 Kreuzweg in der Klosterkirche<\/strong><\/p>\n<p><img loading=\"lazy\" decoding=\"async\" class=\"wp-image-9272 aligncenter\" src=\"http:\/\/www.maria-koenigin.de\/wordpress\/wp-content\/uploads\/2020\/04\/Leid-und-Liebe-Bild-Kreuzweg.jpg\" alt=\"\" width=\"381\" height=\"508\" srcset=\"https:\/\/www.maria-koenigin.de\/wordpress\/wp-content\/uploads\/2020\/04\/Leid-und-Liebe-Bild-Kreuzweg.jpg 640w, https:\/\/www.maria-koenigin.de\/wordpress\/wp-content\/uploads\/2020\/04\/Leid-und-Liebe-Bild-Kreuzweg-225x300.jpg 225w, https:\/\/www.maria-koenigin.de\/wordpress\/wp-content\/uploads\/2020\/04\/Leid-und-Liebe-Bild-Kreuzweg-624x832.jpg 624w\" sizes=\"auto, (max-width: 381px) 100vw, 381px\" \/><\/p>\n<p>Der Kreuzweg in unserer Klosterkirche zeigt in eindrucksvollen Bildern<br \/>\ndie Stationen des Leids.<br \/>\nF\u00fcr die 4. Station findet sich ein Bild, in dem Maria ihren Sohn Jesus k\u00fcsst.<br \/>\n\u00dcberschrieben ist die Station mit Leid und Liebe.<\/p>\n<p>Gerade in diesem Jahr erleben auch wir in unterschiedlicher Form Leid. Wir d\u00fcrfen keinen Kontakt haben, f\u00fchlen uns einsam. Viele haben gro\u00dfe finanzielle und wirtschaftliche Sorgen und nicht zuletzt sind manche krank und vom Virus in ihrem Leben bedroht.<\/p>\n<p>Aber auch die Liebe zeigt sich in vielen Aktionen zur Hilfe und zur Unterst\u00fctzung gerade der sogenannten Risikogruppen.<br \/>\nEine fr\u00fchere Klasse 9 hat den Kreuzweg in der Klosterkirche mit Texten versehen.<br \/>\nZu dieser Station schreiben sie:<\/p>\n<p>&#8222;Tagt\u00e4glich gibt es Situationen,<br \/>\nin denen unsere Freunde und Bekannten<br \/>\nHilfe, Rat oder einfach ein offenes Ohr brauchen.<br \/>\nLeider sind wir oftmals zu sehr mit uns selbst besch\u00e4ftigt,<br \/>\num das zu bemerken. &#8230;<\/p>\n<p>Gro\u00dfer Gott, gib uns die Kraft,<br \/>\nunseren Mitmenschen zu helfen<br \/>\nund sie zu tr\u00f6sten,<br \/>\nwenn es ihnen schlecht geht.<br \/>\nSchenke auch uns Menschen,<br \/>\ndie uns zur Seite stehen,<br \/>\nimmer dann, wenn wir Unterst\u00fctzung brauchen.<\/p>\n<p>&nbsp;<\/p>\n<p><strong>Nun folgen zwei Texte, die Pfarrer aus unserer Region geschrieben haben:<\/strong><\/p>\n<p><em>\u201eHands up and hope!\u201c \u2013 Gedanken zum Osterfest von Pfarrer Stepahn Schr\u00f6der <\/em><\/p>\n<p><a href=\"http:\/\/www.maria-koenigin.de\/wordpress\/wp-content\/uploads\/2020\/04\/Hands-up-and-hope.pdf\" target=\"_blank\" rel=\"noopener noreferrer\">Hands up and hope<\/a><\/p>\n<p>&nbsp;<\/p>\n<p><em>\u201eWo sind die J\u00fcnger?\u201cGedanken von Ludger Wollweber, 26.03.20<\/em><\/p>\n<p><a href=\"http:\/\/www.maria-koenigin.de\/wordpress\/wp-content\/uploads\/2020\/04\/Wo-sind-die-J\u00fcnger.pdf\" target=\"_blank\" rel=\"noopener noreferrer\">Wo sind die J\u00fcnger<\/a><\/p>\n<p>&nbsp;<\/p>\n<p><strong>Ostern unter den Vorzeichen von Corona<\/strong><\/p>\n<p><strong>(Gebetstext unseres ehemaligen Referendars Christoph Scheppe)<\/strong><\/p>\n<p>Das, was normal war, gibt es nicht mehr.<br \/>\nDer Alltag vorbei,<br \/>\neine neue Situation,<br \/>\nungewohnt, anders,<br \/>\nbe\u00e4ngstigend und unsicher.<br \/>\nDie Konsequenz:<br \/>\nR\u00fcckzug ins Private,<br \/>\nVersammlung im kleinsten Kreis,<br \/>\nnur die engsten Freunde zusammen.<br \/>\nAllein.<br \/>\nAbgeschottet.<\/p>\n<p>So ging es den J\u00fcngern nach Jesu Tod.<br \/>\nSo geht es uns heute.<\/p>\n<p>In diese Situation hinein bricht Ostern,<br \/>\ndie Botschaft der Auferstehung Jesu:<br \/>\nIch bin bei euch!<br \/>\nDu bist nicht allein!<br \/>\nAlles wird gut!<br \/>\nKrankheit und Tod haben nicht das letzte Wort!<\/p>\n<p>F\u00fcr die J\u00fcnger wird dadurch<br \/>\nVer\u00e4nderung m\u00f6glich,<br \/>\nGemeinschaft sp\u00fcrbar,<br \/>\nZukunft greifbar.<\/p>\n<p>Heute,\u00a0 Ostern 2020,<br \/>\nist die Botschaft Jesu aktueller denn je.<br \/>\nDer Blick auf ihn und seine J\u00fcnger<br \/>\nkann uns Mut machen.<\/p>\n<p>Ostern 2020,<br \/>\nganz anders,<br \/>\nganz neu<br \/>\nbekommt die Botschaft der Auferstehung<br \/>\nf\u00fcr mich neue Bedeutung.<\/p>\n<p><em>(Christoph Scheppe)<\/em><\/p>\n<p>&nbsp;<\/p>\n<p><strong>Solidarisches Gebet in Zeiten von Corona <\/strong><\/p>\n<p><strong>\u00a0<\/strong>M\u00f6gen die, deren Alltag nun Einschr\u00e4nkungen unterliegt,<br \/>\nsich an die erinnern, deren Leben bedroht ist.<\/p>\n<p>M\u00f6gen die, die zu keiner Risikogruppe geh\u00f6ren,<br \/>\nsich an die erinnern, die am st\u00e4rksten verwundbar sind.<\/p>\n<p>M\u00f6gen die, die den Vorteil von Heimarbeit haben,<br \/>\nsich an die erinnern, die sich Kranksein nicht leisten k\u00f6nnen und zur Arbeit m\u00fcssen, um ihre Miete zu bezahlen.<\/p>\n<p>M\u00f6gen die, die eine flexible Kinderbetreuung haben, wenn Schulen und Kitas geschlossen sind,<br \/>\nsich an die erinnern, die diese M\u00f6glichkeit nicht haben.<\/p>\n<p>M\u00f6gen die, die Reisen absagen m\u00fcssen,<br \/>\nsich an die erinnern, die keinen sicheren Zufluchtsort haben,<\/p>\n<p>M\u00f6gen die, die etwas zur\u00fcckgelegtes Geld in den Turbulenzen des B\u00f6rsenmarktes verlieren,<br \/>\nsich an die erinneren, die gar keine R\u00fccklagen haben.<\/p>\n<p>M\u00f6gen die, die zu Hause in Quarant\u00e4ne bleiben m\u00fcssen,<br \/>\nsich an die erinnern, die kein Zuhause haben.<\/p>\n<p>W\u00e4hrend Furcht sich unseres Landes bem\u00e4chtigt,<br \/>\nlass uns auf Liebe setzen.<\/p>\n<p>Wenn wir uns k\u00f6rperlich nicht in den Arm nehmen k\u00f6nnen,<br \/>\nlass uns andere Wege finden, wie wir an unsere N\u00e4chsten weitergeben, dass Gott uns umarmt.<br \/>\nAmen.<\/p>\n<p><em>(Cameron Wiggins Bellm)<\/em><\/p>\n<p>&nbsp;<\/p>\n<p><strong>Untergangsstimmung<\/strong><\/p>\n<p>eine unsichtbare sintflut<br \/>\nbricht \u00fcber uns herein<\/p>\n<p>rei\u00dft sichtbar<br \/>\nunseren alltag mit sich<\/p>\n<p>und das rettungsboot<br \/>\nso archeuntypisch<\/p>\n<p>hei\u00dft zuhause<br \/>\nhei\u00dft mitgef\u00fchl<\/p>\n<p>hei\u00dft alleinsein<br \/>\nund zusammenhalt<\/p>\n<p>doch v\u00f6llig egal<br \/>\nwas noch kommt<\/p>\n<p>die olivenzweigtaube<br \/>\nist schon unterwegs<\/p>\n<p>&nbsp;<\/p>\n<p><strong>Gebete f\u00fcr die pers\u00f6nliche Andacht<\/strong><\/p>\n<p><a href=\"http:\/\/www.maria-koenigin.de\/wordpress\/wp-content\/uploads\/2020\/03\/Gebete-in-Zeiten-von-Corona-PR-Kirchhundem.pdf\" target=\"_blank\" rel=\"noopener noreferrer\">Gebete in Zeiten von Corona PR Kirchhundem<\/a><\/p>\n","protected":false},"excerpt":{"rendered":"<p>&#8222;Leid und Liebe&#8220; \u2013\u00a0 Kreuzweg in der Klosterkirche Der Kreuzweg in unserer Klosterkirche zeigt in eindrucksvollen Bildern die Stationen des Leids. F\u00fcr die 4. Station findet sich ein Bild, in dem Maria ihren Sohn Jesus k\u00fcsst. \u00dcberschrieben ist die Station mit Leid und Liebe. Gerade in diesem Jahr erleben auch wir in unterschiedlicher Form Leid. [&hellip;]<\/p>\n","protected":false},"author":1,"featured_media":0,"parent":9142,"menu_order":0,"comment_status":"closed","ping_status":"closed","template":"","meta":{"ngg_post_thumbnail":0,"_mc_calendar":[],"footnotes":""},"class_list":["post-9158","page","type-page","status-publish","hentry"],"_links":{"self":[{"href":"https:\/\/www.maria-koenigin.de\/index.php?rest_route=\/wp\/v2\/pages\/9158","targetHints":{"allow":["GET"]}}],"collection":[{"href":"https:\/\/www.maria-koenigin.de\/index.php?rest_route=\/wp\/v2\/pages"}],"about":[{"href":"https:\/\/www.maria-koenigin.de\/index.php?rest_route=\/wp\/v2\/types\/page"}],"author":[{"embeddable":true,"href":"https:\/\/www.maria-koenigin.de\/index.php?rest_route=\/wp\/v2\/users\/1"}],"replies":[{"embeddable":true,"href":"https:\/\/www.maria-koenigin.de\/index.php?rest_route=%2Fwp%2Fv2%2Fcomments&post=9158"}],"version-history":[{"count":6,"href":"https:\/\/www.maria-koenigin.de\/index.php?rest_route=\/wp\/v2\/pages\/9158\/revisions"}],"predecessor-version":[{"id":9275,"href":"https:\/\/www.maria-koenigin.de\/index.php?rest_route=\/wp\/v2\/pages\/9158\/revisions\/9275"}],"up":[{"embeddable":true,"href":"https:\/\/www.maria-koenigin.de\/index.php?rest_route=\/wp\/v2\/pages\/9142"}],"wp:attachment":[{"href":"https:\/\/www.maria-koenigin.de\/index.php?rest_route=%2Fwp%2Fv2%2Fmedia&parent=9158"}],"curies":[{"name":"wp","href":"https:\/\/api.w.org\/{rel}","templated":true}]}}